CRAN Package Check Results for Package nsRFA

Last updated on 2014-07-24 16:48:02.

Flavor Version Tinstall Tcheck Ttotal Status Flags
r-devel-linux-x86_64-debian-clang 0.7-11 5.62 110.28 115.89 NOTE
r-devel-linux-x86_64-debian-gcc 0.7-11 5.78 107.05 112.82 NOTE
r-devel-linux-x86_64-fedora-clang 0.7-11 251.27 NOTE
r-devel-linux-x86_64-fedora-gcc 0.7-11 241.31 NOTE
r-devel-osx-x86_64-clang 0.7-11 192.31 NOTE
r-devel-windows-ix86+x86_64 0.7-11 52.00 183.00 235.00 NOTE
r-patched-linux-x86_64 0.7-11 5.60 108.04 113.63 NOTE
r-patched-solaris-sparc 0.7-11 506.80 NOTE --no-vignettes
r-patched-solaris-x86 0.7-11 302.70 NOTE
r-release-linux-ix86 0.7-11 8.54 129.51 138.05 NOTE
r-release-linux-x86_64 0.7-11 5.86 108.00 113.86 NOTE
r-release-osx-x86_64-mavericks 0.7-11 NOTE
r-release-osx-x86_64-snowleopard 0.7-11 OK
r-release-windows-ix86+x86_64 0.7-11 70.00 185.00 255.00 NOTE
r-oldrel-windows-ix86+x86_64 0.7-11 52.00 213.00 265.00 OK

Check Details

Version: 0.7-11
Check: foreign function calls
Result: NOTE
    Call with DUP = FALSE:
     .Fortran("makeqr", np = as.integer(np), nn = as.integer(nn),
     wt = as.double(wt), tx = t(xx), y = as.double(y), d = numeric(np),
     rbar = numeric(nrbar), thetab = numeric(np), sserr = numeric(1),
     ier = as.integer(0), PACKAGE = "nsRFA", DUP = FALSE)
    DUP = FALSE is deprecated and may be disabled in future versions of R.
Flavors: r-devel-linux-x86_64-debian-clang, r-devel-linux-x86_64-debian-gcc, r-devel-linux-x86_64-fedora-clang, r-devel-linux-x86_64-fedora-gcc, r-devel-osx-x86_64-clang, r-devel-windows-ix86+x86_64, r-patched-linux-x86_64, r-patched-solaris-x86, r-release-linux-ix86, r-release-linux-x86_64, r-release-osx-x86_64-mavericks, r-release-windows-ix86+x86_64

Version: 0.7-11
Flags: --no-vignettes
Check: foreign function calls
Result: NOTE
    Call with DUP = FALSE:
     .Fortran("makeqr", np = as.integer(np), nn = as.integer(nn),
     wt = as.double(wt), tx = t(xx), y = as.double(y), d = numeric(np),
     rbar = numeric(nrbar), thetab = numeric(np), sserr = numeric(1),
     ier = as.integer(0), PACKAGE = "nsRFA", DUP = FALSE)
    See the chapter ‘System and foreign language interfaces’ of the
    ‘Writing R Extensions’ manual.
Flavor: r-patched-solaris-sparc