CRAN Package Check Results for Package nsRFA

Last updated on 2015-03-04 12:47:25.

Flavor Version Tinstall Tcheck Ttotal Status Flags
r-devel-linux-x86_64-debian-clang 0.7-12 5.64 130.34 135.97 NOTE
r-devel-linux-x86_64-debian-gcc 0.7-12 5.60 130.30 135.90 NOTE
r-devel-linux-x86_64-fedora-clang 0.7-12 266.19 NOTE
r-devel-linux-x86_64-fedora-gcc 0.7-12 254.03 NOTE
r-devel-osx-x86_64-clang 0.7-12 231.09 NOTE
r-devel-windows-ix86+x86_64 0.7-12 56.00 217.00 273.00 OK
r-patched-linux-x86_64 0.7-12 5.92 139.92 145.84 OK
r-patched-solaris-sparc 0.7-12 611.40 OK --no-vignettes
r-patched-solaris-x86 0.7-12 351.80 OK
r-release-linux-ix86 0.7-12 8.38 176.98 185.35 OK
r-release-linux-x86_64 0.7-12 6.10 141.48 147.57 OK
r-release-osx-x86_64-mavericks 0.7-12 OK
r-release-osx-x86_64-snowleopard 0.7-12 OK
r-release-windows-ix86+x86_64 0.7-12 54.00 219.00 273.00 OK
r-oldrel-windows-ix86+x86_64 0.7-12 46.00 199.00 245.00 OK

Check Details

Version: 0.7-12
Check: S3 generic/method consistency
Result: NOTE
    Found the following apparent S3 methods exported but not registered:
     plot.BayesianMCMC plot.BayesianMCMCreg plot.HWorig plot.MSClaio2008
     print.BayesianMCMC print.BayesianMCMCreg print.HWorig
     print.MSClaio2008 print.bestlm summary.MSClaio2008 summary.bestlm
    See section ‘Registering S3 methods’ in the ‘Writing R Extensions’
    manual.
Flavors: r-devel-linux-x86_64-debian-clang, r-devel-linux-x86_64-debian-gcc, r-devel-linux-x86_64-fedora-clang, r-devel-linux-x86_64-fedora-gcc, r-devel-osx-x86_64-clang