CRAN Package Check Results for Package nsRFA

Last updated on 2015-01-31 16:46:59.

Flavor Version Tinstall Tcheck Ttotal Status Flags
r-devel-linux-x86_64-debian-clang 0.7-12 5.71 128.47 134.18 NOTE
r-devel-linux-x86_64-debian-gcc 0.7-12 5.71 128.33 134.04 NOTE
r-devel-linux-x86_64-fedora-clang 0.7-12 283.62 NOTE
r-devel-linux-x86_64-fedora-gcc 0.7-12 269.27 NOTE
r-devel-osx-x86_64-clang 0.7-12 235.71 NOTE
r-devel-windows-ix86+x86_64 0.7-12 57.00 206.00 263.00 OK
r-patched-linux-x86_64 0.7-12 5.85 140.26 146.11 OK
r-patched-solaris-sparc 0.7-12 581.40 OK --no-vignettes
r-patched-solaris-x86 0.7-12 348.10 OK
r-release-linux-ix86 0.7-12 8.35 159.45 167.80 OK
r-release-linux-x86_64 0.7-12 5.74 142.75 148.49 OK
r-release-osx-x86_64-mavericks 0.7-12 OK
r-release-osx-x86_64-snowleopard 0.7-12 OK
r-release-windows-ix86+x86_64 0.7-12 54.00 219.00 273.00 OK
r-oldrel-windows-ix86+x86_64 0.7-12 46.00 199.00 245.00 OK

Check Details

Version: 0.7-12
Check: S3 generic/method consistency
Result: NOTE
    Found the following apparent S3 methods exported but not registered:
     print.BayesianMCMC print.BayesianMCMCreg print.HWorig
     print.MSClaio2008 print.bestlm summary.MSClaio2008 summary.bestlm
     plot.BayesianMCMC plot.BayesianMCMCreg plot.HWorig plot.MSClaio2008
    See section ‘Registering S3 methods’ in the ‘Writing R Extensions’
    manual.
Flavors: r-devel-linux-x86_64-debian-clang, r-devel-linux-x86_64-debian-gcc, r-devel-linux-x86_64-fedora-clang, r-devel-linux-x86_64-fedora-gcc, r-devel-osx-x86_64-clang