CRAN Package Check Results for Package nsRFA

Last updated on 2015-04-28 19:49:12.

Flavor Version Tinstall Tcheck Ttotal Status Flags
r-devel-linux-x86_64-debian-clang 0.7-12 5.62 132.16 137.78 NOTE
r-devel-linux-x86_64-debian-gcc 0.7-12 5.55 128.90 134.45 NOTE
r-devel-linux-x86_64-fedora-clang 0.7-12 272.37 NOTE
r-devel-linux-x86_64-fedora-gcc 0.7-12 254.33 NOTE
r-devel-osx-x86_64-clang 0.7-12 221.76 NOTE
r-devel-windows-ix86+x86_64 0.7-12 56.00 223.00 279.00 OK
r-patched-linux-x86_64 0.7-12 5.76 130.11 135.87 NOTE
r-patched-solaris-sparc 0.7-12 594.10 OK --no-vignettes
r-patched-solaris-x86 0.7-12 317.00 NOTE
r-release-linux-x86_64 0.7-12 5.75 126.76 132.52 NOTE
r-release-osx-x86_64-mavericks 0.7-12 OK
r-release-osx-x86_64-snowleopard 0.7-12 OK
r-release-windows-ix86+x86_64 0.7-12 46.00 271.00 317.00 OK
r-oldrel-windows-ix86+x86_64 0.7-12 72.00 228.00 300.00 OK

Check Details

Version: 0.7-12
Check: S3 generic/method consistency
Result: NOTE
    Found the following apparent S3 methods exported but not registered:
     plot.BayesianMCMC plot.BayesianMCMCreg plot.HWorig plot.MSClaio2008
     print.BayesianMCMC print.BayesianMCMCreg print.HWorig
     print.MSClaio2008 print.bestlm summary.MSClaio2008 summary.bestlm
    See section ‘Registering S3 methods’ in the ‘Writing R Extensions’
    manual.
Flavors: r-devel-linux-x86_64-debian-clang, r-devel-linux-x86_64-debian-gcc, r-devel-linux-x86_64-fedora-clang, r-devel-linux-x86_64-fedora-gcc, r-devel-osx-x86_64-clang, r-patched-linux-x86_64, r-patched-solaris-x86, r-release-linux-x86_64