CRAN Package Check Results for Package nsRFA

Last updated on 2014-08-01 13:47:02.

Flavor Version Tinstall Tcheck Ttotal Status Flags
r-devel-linux-x86_64-debian-clang 0.7-11 5.67 108.75 114.42 NOTE
r-devel-linux-x86_64-debian-gcc 0.7-11 5.54 106.63 112.17 NOTE
r-devel-linux-x86_64-fedora-clang 0.7-11 270.95 NOTE
r-devel-linux-x86_64-fedora-gcc 0.7-11 240.47 NOTE
r-devel-osx-x86_64-clang 0.7-11 191.34 NOTE
r-devel-windows-ix86+x86_64 0.7-11 53.00 184.00 237.00 NOTE
r-patched-linux-x86_64 0.7-11 5.80 107.64 113.44 NOTE
r-patched-solaris-sparc 0.7-11 524.40 NOTE --no-vignettes
r-patched-solaris-x86 0.7-11 301.80 NOTE
r-release-linux-ix86 0.7-11 8.50 128.86 137.36 NOTE
r-release-linux-x86_64 0.7-11 6.04 106.67 112.72 NOTE
r-release-osx-x86_64-mavericks 0.7-11 NOTE
r-release-osx-x86_64-snowleopard 0.7-11 OK
r-release-windows-ix86+x86_64 0.7-11 70.00 185.00 255.00 NOTE
r-oldrel-windows-ix86+x86_64 0.7-11 52.00 213.00 265.00 OK

Check Details

Version: 0.7-11
Check: foreign function calls
Result: NOTE
    Call with DUP = FALSE:
     .Fortran("makeqr", np = as.integer(np), nn = as.integer(nn),
     wt = as.double(wt), tx = t(xx), y = as.double(y), d = numeric(np),
     rbar = numeric(nrbar), thetab = numeric(np), sserr = numeric(1),
     ier = as.integer(0), PACKAGE = "nsRFA", DUP = FALSE)
    DUP = FALSE is deprecated and may be disabled in future versions of R.
Flavors: r-devel-linux-x86_64-debian-clang, r-devel-linux-x86_64-debian-gcc, r-devel-linux-x86_64-fedora-clang, r-devel-linux-x86_64-fedora-gcc, r-devel-osx-x86_64-clang, r-devel-windows-ix86+x86_64, r-patched-linux-x86_64, r-patched-solaris-x86, r-release-linux-ix86, r-release-linux-x86_64, r-release-osx-x86_64-mavericks, r-release-windows-ix86+x86_64

Version: 0.7-11
Flags: --no-vignettes
Check: foreign function calls
Result: NOTE
    Call with DUP = FALSE:
     .Fortran("makeqr", np = as.integer(np), nn = as.integer(nn),
     wt = as.double(wt), tx = t(xx), y = as.double(y), d = numeric(np),
     rbar = numeric(nrbar), thetab = numeric(np), sserr = numeric(1),
     ier = as.integer(0), PACKAGE = "nsRFA", DUP = FALSE)
    DUP = FALSE is deprecated and may be disabled in future versions of R.
Flavor: r-patched-solaris-sparc