CRAN Package Check Results for Package nsRFA

Last updated on 2015-07-03 03:47:01.

Flavor Version Tinstall Tcheck Ttotal Status Flags
r-devel-linux-x86_64-debian-clang 0.7-12 5.60 131.20 136.79 NOTE
r-devel-linux-x86_64-debian-gcc 0.7-12 5.46 128.61 134.07 NOTE
r-devel-linux-x86_64-fedora-clang 0.7-12 264.37 NOTE
r-devel-linux-x86_64-fedora-gcc 0.7-12 252.07 NOTE
r-devel-osx-x86_64-clang 0.7-12 233.59 NOTE
r-devel-windows-ix86+x86_64 0.7-12 60.00 292.00 352.00 OK
r-patched-linux-x86_64 0.7-12 5.43 126.17 131.60 NOTE
r-patched-solaris-sparc 0.7-12 587.90 NOTE --no-vignettes
r-patched-solaris-x86 0.7-12 336.70 NOTE
r-release-linux-x86_64 0.7-12 5.77 127.59 133.36 NOTE
r-release-osx-x86_64-mavericks 0.7-12 OK
r-release-windows-ix86+x86_64 0.7-12 60.00 241.00 301.00 OK
r-oldrel-windows-ix86+x86_64 0.7-12 72.00 228.00 300.00 OK

Check Details

Version: 0.7-12
Check: S3 generic/method consistency
Result: NOTE
    Found the following apparent S3 methods exported but not registered:
     plot.BayesianMCMC plot.BayesianMCMCreg plot.HWorig plot.MSClaio2008
     print.BayesianMCMC print.BayesianMCMCreg print.HWorig
     print.MSClaio2008 print.bestlm summary.MSClaio2008 summary.bestlm
    See section ‘Registering S3 methods’ in the ‘Writing R Extensions’
    manual.
Flavors: r-devel-linux-x86_64-debian-clang, r-devel-linux-x86_64-debian-gcc, r-devel-linux-x86_64-fedora-clang, r-devel-linux-x86_64-fedora-gcc, r-devel-osx-x86_64-clang, r-patched-linux-x86_64, r-patched-solaris-x86, r-release-linux-x86_64

Version: 0.7-12
Check: R code for possible problems
Result: NOTE
    ML_estimation: Error while checking: invalid ‘envir’ argument
    moment_estimation: Error while checking: invalid ‘envir’ argument
Flavors: r-devel-linux-x86_64-debian-clang, r-devel-linux-x86_64-debian-gcc, r-devel-linux-x86_64-fedora-clang, r-devel-linux-x86_64-fedora-gcc

Version: 0.7-12
Flags: --no-vignettes
Check: S3 generic/method consistency
Result: NOTE
    Found the following apparent S3 methods exported but not registered:
     plot.BayesianMCMC plot.BayesianMCMCreg plot.HWorig plot.MSClaio2008
     print.BayesianMCMC print.BayesianMCMCreg print.HWorig
     print.MSClaio2008 print.bestlm summary.MSClaio2008 summary.bestlm
    See section ‘Registering S3 methods’ in the ‘Writing R Extensions’
    manual.
Flavor: r-patched-solaris-sparc