CRAN Package Check Results for Package nsRFA

Last updated on 2016-09-26 10:48:23.

Flavor Version Tinstall Tcheck Ttotal Status Flags
r-devel-linux-x86_64-debian-clang 0.7-12 6.11 92.17 98.29 NOTE
r-devel-linux-x86_64-debian-gcc 0.7-12 6.38 94.99 101.37 NOTE
r-devel-linux-x86_64-fedora-clang 0.7-12 181.65 NOTE
r-devel-linux-x86_64-fedora-gcc 0.7-12 173.67 NOTE
r-devel-macos-x86_64-clang 0.7-12 139.35 NOTE
r-devel-windows-ix86+x86_64 0.7-12 52.00 222.00 274.00 NOTE
r-patched-linux-x86_64 0.7-12 5.72 87.41 93.13 NOTE
r-patched-solaris-sparc 0.7-12 561.40 NOTE --no-vignettes
r-patched-solaris-x86 0.7-12 192.50 NOTE
r-release-linux-x86_64 0.7-12 5.86 84.77 90.63 NOTE
r-release-osx-x86_64-mavericks 0.7-12 NOTE
r-release-windows-ix86+x86_64 0.7-12 30.00 159.00 189.00 NOTE
r-oldrel-windows-ix86+x86_64 0.7-12 56.00 230.00 286.00 OK

Check Details

Version: 0.7-12
Check: S3 generic/method consistency
Result: NOTE
    Found the following apparent S3 methods exported but not registered:
     plot.BayesianMCMC plot.BayesianMCMCreg plot.HWorig plot.MSClaio2008
     print.BayesianMCMC print.BayesianMCMCreg print.HWorig
     print.MSClaio2008 print.bestlm summary.MSClaio2008 summary.bestlm
    See section ‘Registering S3 methods’ in the ‘Writing R Extensions’
    manual.
Flavors: r-devel-linux-x86_64-debian-clang, r-devel-linux-x86_64-debian-gcc, r-devel-linux-x86_64-fedora-clang, r-devel-linux-x86_64-fedora-gcc, r-devel-macos-x86_64-clang, r-patched-linux-x86_64, r-patched-solaris-x86, r-release-linux-x86_64

Version: 0.7-12
Check: R code for possible problems
Result: NOTE
    ML_estimation: no visible global function definition for ‘data’
    ML_estimation: no visible binding for global variable ‘functionsLaio’
    moment_estimation: no visible global function definition for ‘data’
    moment_estimation: no visible binding for global variable
     ‘functionsLaio’
    Undefined global functions or variables:
     data functionsLaio
    Consider adding
     importFrom("utils", "data")
    to your NAMESPACE file.
Flavors: r-devel-linux-x86_64-debian-clang, r-devel-linux-x86_64-debian-gcc, r-devel-linux-x86_64-fedora-clang, r-devel-linux-x86_64-fedora-gcc, r-devel-macos-x86_64-clang, r-devel-windows-ix86+x86_64, r-patched-linux-x86_64, r-patched-solaris-x86, r-release-linux-x86_64, r-release-osx-x86_64-mavericks, r-release-windows-ix86+x86_64

Version: 0.7-12
Flags: --no-vignettes
Check: S3 generic/method consistency
Result: NOTE
    Found the following apparent S3 methods exported but not registered:
     plot.BayesianMCMC plot.BayesianMCMCreg plot.HWorig plot.MSClaio2008
     print.BayesianMCMC print.BayesianMCMCreg print.HWorig
     print.MSClaio2008 print.bestlm summary.MSClaio2008 summary.bestlm
    See section ‘Registering S3 methods’ in the ‘Writing R Extensions’
    manual.
Flavor: r-patched-solaris-sparc

Version: 0.7-12
Flags: --no-vignettes
Check: R code for possible problems
Result: NOTE
    ML_estimation: no visible global function definition for ‘data’
    ML_estimation: no visible binding for global variable ‘functionsLaio’
    moment_estimation: no visible global function definition for ‘data’
    moment_estimation: no visible binding for global variable
     ‘functionsLaio’
    Undefined global functions or variables:
     data functionsLaio
    Consider adding
     importFrom("utils", "data")
    to your NAMESPACE file.
Flavor: r-patched-solaris-sparc