CRAN Package Check Results for Package nsRFA

Last updated on 2016-05-01 01:47:30.

Flavor Version Tinstall Tcheck Ttotal Status Flags
r-devel-linux-x86_64-debian-gcc 0.7-12 5.75 89.58 95.33 NOTE
r-devel-linux-x86_64-fedora-clang 0.7-12 165.12 NOTE
r-devel-linux-x86_64-fedora-gcc 0.7-12 156.84 NOTE
r-devel-osx-x86_64-clang 0.7-12 184.47 NOTE
r-devel-windows-ix86+x86_64 0.7-12 31.00 163.00 194.00 NOTE
r-patched-linux-x86_64 0.7-12 6.02 82.75 88.77 NOTE
r-patched-solaris-sparc 0.7-12 561.00 NOTE --no-vignettes
r-patched-solaris-x86 0.7-12 203.80 NOTE
r-release-linux-x86_64 0.7-12 6.00 129.59 135.59 NOTE
r-release-osx-x86_64-mavericks 0.7-12 OK
r-release-windows-ix86+x86_64 0.7-12 56.00 230.00 286.00 OK
r-oldrel-windows-ix86+x86_64 0.7-12 72.00 228.00 300.00 OK

Check Details

Version: 0.7-12
Check: S3 generic/method consistency
Result: NOTE
    Found the following apparent S3 methods exported but not registered:
     plot.BayesianMCMC plot.BayesianMCMCreg plot.HWorig plot.MSClaio2008
     print.BayesianMCMC print.BayesianMCMCreg print.HWorig
     print.MSClaio2008 print.bestlm summary.MSClaio2008 summary.bestlm
    See section ‘Registering S3 methods’ in the ‘Writing R Extensions’
    manual.
Flavors: r-devel-linux-x86_64-debian-gcc, r-devel-linux-x86_64-fedora-clang, r-devel-linux-x86_64-fedora-gcc, r-devel-osx-x86_64-clang, r-patched-linux-x86_64, r-patched-solaris-x86, r-release-linux-x86_64

Version: 0.7-12
Check: R code for possible problems
Result: NOTE
    ML_estimation: no visible global function definition for ‘data’
    ML_estimation: no visible binding for global variable ‘functionsLaio’
    moment_estimation: no visible global function definition for ‘data’
    moment_estimation: no visible binding for global variable
     ‘functionsLaio’
    Undefined global functions or variables:
     data functionsLaio
    Consider adding
     importFrom("utils", "data")
    to your NAMESPACE file.
Flavors: r-devel-linux-x86_64-debian-gcc, r-devel-linux-x86_64-fedora-clang, r-devel-linux-x86_64-fedora-gcc, r-devel-osx-x86_64-clang, r-devel-windows-ix86+x86_64, r-patched-linux-x86_64, r-patched-solaris-x86

Version: 0.7-12
Flags: --no-vignettes
Check: S3 generic/method consistency
Result: NOTE
    Found the following apparent S3 methods exported but not registered:
     plot.BayesianMCMC plot.BayesianMCMCreg plot.HWorig plot.MSClaio2008
     print.BayesianMCMC print.BayesianMCMCreg print.HWorig
     print.MSClaio2008 print.bestlm summary.MSClaio2008 summary.bestlm
    See section ‘Registering S3 methods’ in the ‘Writing R Extensions’
    manual.
Flavor: r-patched-solaris-sparc

Version: 0.7-12
Flags: --no-vignettes
Check: R code for possible problems
Result: NOTE
    ML_estimation: no visible global function definition for ‘data’
    ML_estimation: no visible binding for global variable ‘functionsLaio’
    moment_estimation: no visible global function definition for ‘data’
    moment_estimation: no visible binding for global variable
     ‘functionsLaio’
    Undefined global functions or variables:
     data functionsLaio
    Consider adding
     importFrom("utils", "data")
    to your NAMESPACE file.
Flavor: r-patched-solaris-sparc