CRAN Package Check Results for Package nsRFA

Last updated on 2017-02-22 06:48:27.

Flavor Version Tinstall Tcheck Ttotal Status Flags
r-devel-linux-x86_64-debian-clang 0.7-12 6.12 94.33 100.45 NOTE
r-devel-linux-x86_64-debian-gcc 0.7-12 6.20 92.73 98.93 NOTE
r-devel-linux-x86_64-fedora-clang 0.7-12 186.83 NOTE --no-stop-on-test-error
r-devel-linux-x86_64-fedora-gcc 0.7-12 181.40 NOTE --no-stop-on-test-error
r-devel-macos-x86_64-clang 0.7-12 144.59 NOTE --no-stop-on-test-error
r-devel-windows-ix86+x86_64 0.7-12 31.00 228.00 259.00 NOTE
r-patched-linux-x86_64 0.7-12 6.17 84.95 91.12 NOTE
r-patched-solaris-sparc 0.7-12 557.50 NOTE --no-vignettes
r-patched-solaris-x86 0.7-12 203.80 NOTE
r-release-linux-x86_64 0.7-12 5.94 84.40 90.34 NOTE
r-release-osx-x86_64-mavericks 0.7-12 NOTE
r-release-windows-ix86+x86_64 0.7-12 29.00 166.00 195.00 NOTE
r-oldrel-windows-ix86+x86_64 0.7-12 54.00 217.00 271.00 OK

Check Details

Version: 0.7-12
Check: S3 generic/method consistency
Result: NOTE
    Found the following apparent S3 methods exported but not registered:
     plot.BayesianMCMC plot.BayesianMCMCreg plot.HWorig plot.MSClaio2008
     print.BayesianMCMC print.BayesianMCMCreg print.HWorig
     print.MSClaio2008 print.bestlm summary.MSClaio2008 summary.bestlm
    See section ‘Registering S3 methods’ in the ‘Writing R Extensions’
    manual.
Flavors: r-devel-linux-x86_64-debian-clang, r-devel-linux-x86_64-debian-gcc, r-patched-linux-x86_64, r-patched-solaris-x86, r-release-linux-x86_64

Version: 0.7-12
Check: R code for possible problems
Result: NOTE
    ML_estimation: no visible global function definition for ‘data’
    ML_estimation: no visible binding for global variable ‘functionsLaio’
    moment_estimation: no visible global function definition for ‘data’
    moment_estimation: no visible binding for global variable
     ‘functionsLaio’
    Undefined global functions or variables:
     data functionsLaio
    Consider adding
     importFrom("utils", "data")
    to your NAMESPACE file.
Flavors: r-devel-linux-x86_64-debian-clang, r-devel-linux-x86_64-debian-gcc, r-devel-windows-ix86+x86_64, r-patched-linux-x86_64, r-patched-solaris-x86, r-release-linux-x86_64, r-release-osx-x86_64-mavericks, r-release-windows-ix86+x86_64

Version: 0.7-12
Check: compiled code
Result: NOTE
    File ‘nsRFA/libs/nsRFA.so’:
     Found no calls to: ‘R_registerRoutines’, ‘R_useDynamicSymbols’
    
    It is good practice to register native routines and to disable symbol
    search.
    
    See ‘Writing portable packages’ in the ‘Writing R Extensions’ manual.
Flavors: r-devel-linux-x86_64-debian-clang, r-devel-linux-x86_64-debian-gcc

Version: 0.7-12
Flags: --no-stop-on-test-error
Check: S3 generic/method consistency
Result: NOTE
    Found the following apparent S3 methods exported but not registered:
     plot.BayesianMCMC plot.BayesianMCMCreg plot.HWorig plot.MSClaio2008
     print.BayesianMCMC print.BayesianMCMCreg print.HWorig
     print.MSClaio2008 print.bestlm summary.MSClaio2008 summary.bestlm
    See section ‘Registering S3 methods’ in the ‘Writing R Extensions’
    manual.
Flavors: r-devel-linux-x86_64-fedora-clang, r-devel-linux-x86_64-fedora-gcc, r-devel-macos-x86_64-clang

Version: 0.7-12
Flags: --no-stop-on-test-error
Check: R code for possible problems
Result: NOTE
    ML_estimation: no visible global function definition for ‘data’
    ML_estimation: no visible binding for global variable ‘functionsLaio’
    moment_estimation: no visible global function definition for ‘data’
    moment_estimation: no visible binding for global variable
     ‘functionsLaio’
    Undefined global functions or variables:
     data functionsLaio
    Consider adding
     importFrom("utils", "data")
    to your NAMESPACE file.
Flavors: r-devel-linux-x86_64-fedora-clang, r-devel-linux-x86_64-fedora-gcc, r-devel-macos-x86_64-clang

Version: 0.7-12
Flags: --no-stop-on-test-error
Check: compiled code
Result: NOTE
    File ‘nsRFA/libs/nsRFA.so’:
     Found no calls to: ‘R_registerRoutines’, ‘R_useDynamicSymbols’
    
    It is good practice to register native routines and to disable symbol
    search.
    
    See ‘Writing portable packages’ in the ‘Writing R Extensions’ manual.
Flavors: r-devel-linux-x86_64-fedora-clang, r-devel-linux-x86_64-fedora-gcc, r-devel-macos-x86_64-clang

Version: 0.7-12
Flags: --no-vignettes
Check: S3 generic/method consistency
Result: NOTE
    Found the following apparent S3 methods exported but not registered:
     plot.BayesianMCMC plot.BayesianMCMCreg plot.HWorig plot.MSClaio2008
     print.BayesianMCMC print.BayesianMCMCreg print.HWorig
     print.MSClaio2008 print.bestlm summary.MSClaio2008 summary.bestlm
    See section ‘Registering S3 methods’ in the ‘Writing R Extensions’
    manual.
Flavor: r-patched-solaris-sparc

Version: 0.7-12
Flags: --no-vignettes
Check: R code for possible problems
Result: NOTE
    ML_estimation: no visible global function definition for ‘data’
    ML_estimation: no visible binding for global variable ‘functionsLaio’
    moment_estimation: no visible global function definition for ‘data’
    moment_estimation: no visible binding for global variable
     ‘functionsLaio’
    Undefined global functions or variables:
     data functionsLaio
    Consider adding
     importFrom("utils", "data")
    to your NAMESPACE file.
Flavor: r-patched-solaris-sparc