CRAN Package Check Results for Package nsRFA

Last updated on 2017-06-24 01:47:21.

Flavor Version Tinstall Tcheck Ttotal Status Flags
r-devel-linux-x86_64-debian-clang 0.7-12 6.01 93.48 99.49 NOTE
r-devel-linux-x86_64-debian-gcc 0.7-12 6.45 94.97 101.43 NOTE
r-devel-linux-x86_64-fedora-clang 0.7-12 188.54 NOTE
r-devel-linux-x86_64-fedora-gcc 0.7-12 182.51 NOTE
r-devel-windows-ix86+x86_64 0.7-12 58.00 238.00 296.00 NOTE
r-patched-linux-x86_64 0.7-12 6.03 95.32 101.35 NOTE
r-patched-solaris-sparc 0.7-12 598.80 NOTE --no-vignettes
r-patched-solaris-x86 0.7-12 214.10 NOTE
r-release-linux-x86_64 0.7-12 6.63 92.13 98.76 NOTE
r-release-windows-ix86+x86_64 0.7-12 57.00 165.00 222.00 NOTE
r-release-osx-x86_64 0.7-12 NOTE
r-oldrel-windows-ix86+x86_64 0.7-12 29.00 166.00 195.00 NOTE
r-oldrel-osx-x86_64 0.7-12 NOTE

Check Details

Version: 0.7-12
Check: S3 generic/method consistency
Result: NOTE
    Found the following apparent S3 methods exported but not registered:
     plot.BayesianMCMC plot.BayesianMCMCreg plot.HWorig plot.MSClaio2008
     print.BayesianMCMC print.BayesianMCMCreg print.HWorig
     print.MSClaio2008 print.bestlm summary.MSClaio2008 summary.bestlm
    See section ‘Registering S3 methods’ in the ‘Writing R Extensions’
    manual.
Flavors: r-devel-linux-x86_64-debian-clang, r-devel-linux-x86_64-debian-gcc, r-devel-linux-x86_64-fedora-clang, r-devel-linux-x86_64-fedora-gcc, r-patched-linux-x86_64, r-patched-solaris-x86, r-release-linux-x86_64

Version: 0.7-12
Check: R code for possible problems
Result: NOTE
    ML_estimation: no visible global function definition for ‘data’
    ML_estimation: no visible binding for global variable ‘functionsLaio’
    moment_estimation: no visible global function definition for ‘data’
    moment_estimation: no visible binding for global variable
     ‘functionsLaio’
    Undefined global functions or variables:
     data functionsLaio
    Consider adding
     importFrom("utils", "data")
    to your NAMESPACE file.
Flavors: r-devel-linux-x86_64-debian-clang, r-devel-linux-x86_64-debian-gcc, r-devel-linux-x86_64-fedora-clang, r-devel-linux-x86_64-fedora-gcc, r-devel-windows-ix86+x86_64, r-patched-linux-x86_64, r-patched-solaris-x86, r-release-linux-x86_64, r-release-windows-ix86+x86_64, r-release-osx-x86_64, r-oldrel-windows-ix86+x86_64, r-oldrel-osx-x86_64

Version: 0.7-12
Check: compiled code
Result: NOTE
    File ‘nsRFA/libs/nsRFA.so’:
     Found no calls to: ‘R_registerRoutines’, ‘R_useDynamicSymbols’
    
    It is good practice to register native routines and to disable symbol
    search.
    
    See ‘Writing portable packages’ in the ‘Writing R Extensions’ manual.
Flavors: r-devel-linux-x86_64-debian-clang, r-devel-linux-x86_64-debian-gcc, r-devel-linux-x86_64-fedora-clang, r-devel-linux-x86_64-fedora-gcc, r-patched-linux-x86_64, r-release-linux-x86_64

Version: 0.7-12
Flags: --no-vignettes
Check: S3 generic/method consistency
Result: NOTE
    Found the following apparent S3 methods exported but not registered:
     plot.BayesianMCMC plot.BayesianMCMCreg plot.HWorig plot.MSClaio2008
     print.BayesianMCMC print.BayesianMCMCreg print.HWorig
     print.MSClaio2008 print.bestlm summary.MSClaio2008 summary.bestlm
    See section ‘Registering S3 methods’ in the ‘Writing R Extensions’
    manual.
Flavor: r-patched-solaris-sparc

Version: 0.7-12
Flags: --no-vignettes
Check: R code for possible problems
Result: NOTE
    ML_estimation: no visible global function definition for ‘data’
    ML_estimation: no visible binding for global variable ‘functionsLaio’
    moment_estimation: no visible global function definition for ‘data’
    moment_estimation: no visible binding for global variable
     ‘functionsLaio’
    Undefined global functions or variables:
     data functionsLaio
    Consider adding
     importFrom("utils", "data")
    to your NAMESPACE file.
Flavor: r-patched-solaris-sparc