CRAN Package Check Results for Package nsga2R

Last updated on 2019-12-10 07:50:07 CET.

Flavor Version Tinstall Tcheck Ttotal Status Flags
r-devel-linux-x86_64-debian-clang 1.0 2.23 24.96 27.19 NOTE
r-devel-linux-x86_64-debian-gcc 1.0 1.72 18.87 20.59 NOTE
r-devel-linux-x86_64-fedora-clang 1.0 33.14 NOTE
r-devel-linux-x86_64-fedora-gcc 1.0 31.48 NOTE
r-devel-windows-ix86+x86_64 1.0 6.00 49.00 55.00 NOTE
r-devel-windows-ix86+x86_64-gcc8 1.0 6.00 50.00 56.00 NOTE
r-patched-linux-x86_64 1.0 1.59 22.85 24.44 NOTE
r-patched-solaris-x86 1.0 45.50 NOTE
r-release-linux-x86_64 1.0 1.47 22.89 24.36 NOTE
r-release-windows-ix86+x86_64 1.0 6.00 36.00 42.00 NOTE
r-release-osx-x86_64 1.0 NOTE
r-oldrel-windows-ix86+x86_64 1.0 3.00 72.00 75.00 NOTE
r-oldrel-osx-x86_64 1.0 NOTE

Check Details

Version: 1.0
Check: dependencies in R code
Result: NOTE
    Package in Depends field not imported from: 'mco'
     These packages need to be imported from (in the NAMESPACE file)
     for when this namespace is loaded but not attached.
Flavors: r-devel-linux-x86_64-debian-clang, r-devel-linux-x86_64-debian-gcc, r-devel-linux-x86_64-fedora-clang, r-devel-linux-x86_64-fedora-gcc, r-devel-windows-ix86+x86_64, r-devel-windows-ix86+x86_64-gcc8, r-patched-linux-x86_64, r-patched-solaris-x86, r-release-linux-x86_64, r-release-windows-ix86+x86_64, r-release-osx-x86_64, r-oldrel-windows-ix86+x86_64, r-oldrel-osx-x86_64

Version: 1.0
Check: R code for possible problems
Result: NOTE
    boundedPolyMutation: no visible global function definition for 'runif'
    boundedSBXover: no visible global function definition for 'runif'
    nsga2R : <anonymous>: no visible global function definition for 'runif'
    Undefined global functions or variables:
     runif
    Consider adding
     importFrom("stats", "runif")
    to your NAMESPACE file.
Flavors: r-devel-linux-x86_64-debian-clang, r-devel-linux-x86_64-debian-gcc, r-devel-linux-x86_64-fedora-clang, r-devel-linux-x86_64-fedora-gcc, r-devel-windows-ix86+x86_64, r-devel-windows-ix86+x86_64-gcc8, r-patched-linux-x86_64, r-patched-solaris-x86, r-release-linux-x86_64, r-release-windows-ix86+x86_64, r-release-osx-x86_64, r-oldrel-windows-ix86+x86_64, r-oldrel-osx-x86_64