CRAN Package Check Results for Package nsga2R

Last updated on 2019-08-19 03:46:55 CEST.

Flavor Version Tinstall Tcheck Ttotal Status Flags
r-devel-linux-x86_64-debian-clang 1.0 1.99 23.29 25.28 NOTE
r-devel-linux-x86_64-debian-gcc 1.0 1.68 18.07 19.75 NOTE
r-devel-linux-x86_64-fedora-clang 1.0 30.51 NOTE
r-devel-linux-x86_64-fedora-gcc 1.0 30.22 NOTE
r-devel-windows-ix86+x86_64 1.0 8.00 49.00 57.00 NOTE
r-patched-linux-x86_64 1.0 1.63 23.31 24.94 NOTE
r-patched-solaris-x86 1.0 47.20 NOTE
r-release-linux-x86_64 1.0 1.65 23.22 24.87 NOTE
r-release-windows-ix86+x86_64 1.0 4.00 36.00 40.00 NOTE
r-release-osx-x86_64 1.0 NOTE
r-oldrel-windows-ix86+x86_64 1.0 5.00 44.00 49.00 NOTE
r-oldrel-osx-x86_64 1.0 NOTE

Check Details

Version: 1.0
Check: dependencies in R code
Result: NOTE
    Package in Depends field not imported from: 'mco'
     These packages need to be imported from (in the NAMESPACE file)
     for when this namespace is loaded but not attached.
Flavors: r-devel-linux-x86_64-debian-clang, r-devel-linux-x86_64-debian-gcc, r-devel-linux-x86_64-fedora-clang, r-devel-linux-x86_64-fedora-gcc, r-devel-windows-ix86+x86_64, r-patched-linux-x86_64, r-patched-solaris-x86, r-release-linux-x86_64, r-release-windows-ix86+x86_64, r-release-osx-x86_64, r-oldrel-windows-ix86+x86_64, r-oldrel-osx-x86_64

Version: 1.0
Check: R code for possible problems
Result: NOTE
    boundedPolyMutation: no visible global function definition for 'runif'
    boundedSBXover: no visible global function definition for 'runif'
    nsga2R : <anonymous>: no visible global function definition for 'runif'
    Undefined global functions or variables:
     runif
    Consider adding
     importFrom("stats", "runif")
    to your NAMESPACE file.
Flavors: r-devel-linux-x86_64-debian-clang, r-devel-linux-x86_64-debian-gcc, r-devel-linux-x86_64-fedora-clang, r-devel-linux-x86_64-fedora-gcc, r-devel-windows-ix86+x86_64, r-patched-linux-x86_64, r-patched-solaris-x86, r-release-linux-x86_64, r-release-windows-ix86+x86_64, r-release-osx-x86_64, r-oldrel-windows-ix86+x86_64, r-oldrel-osx-x86_64