CRAN Package Check Results for Package nsprcomp

Last updated on 2014-04-23 20:47:17.

Flavor Version Tinstall Tcheck Ttotal Status Flags
r-devel-linux-x86_64-debian-clang 0.4.1 0.62 16.32 16.94 OK
r-devel-linux-x86_64-debian-gcc 0.4.1 0.60 16.26 16.86 OK
r-devel-linux-x86_64-fedora-clang 0.4.1 33.48 OK
r-devel-linux-x86_64-fedora-gcc 0.4.1 32.24 OK
r-devel-osx-x86_64-clang 0.4.1 32.85 OK
r-devel-osx-x86_64-gcc 0.4.1 OK
r-devel-windows-ix86+x86_64 0.4.1 2.00 24.00 26.00 OK
r-patched-linux-x86_64 0.4.1 0.60 16.31 16.92 OK
r-patched-solaris-sparc 0.4.1 217.80 OK
r-patched-solaris-x86 0.4.1 44.20 OK
r-release-linux-ix86 0.4.1 1.00 33.00 34.00 OK
r-release-linux-x86_64 0.4.1 0.60 16.20 16.80 OK
r-release-osx-x86_64-mavericks 0.4.1 WARN
r-release-windows-ix86+x86_64 0.4.1 2.00 24.00 26.00 OK
r-oldrel-windows-ix86+x86_64 0.4.1 2.00 28.00 30.00 OK

Check Details

Version: 0.4.1
Check: PDF version of manual
Result: WARNING
    LaTeX errors when creating PDF version.
    This typically indicates Rd problems.
    LaTeX errors found:
    ! LaTeX Error: File `upquote.sty' not found.
    
    Type X to quit or <RETURN> to proceed,
    or enter new name. (Default extension: sty)
    
    4bef1398/Rd2.tex:8: ==> Fatal error occurred, no output PDF file produced!
Flavor: r-release-osx-x86_64-mavericks