CRAN Package Check Results for Package nswgeo

Last updated on 2024-02-21 09:08:45 CET.

Flavor Version Tinstall Tcheck Ttotal Status Flags
r-devel-linux-x86_64-debian-clang 0.4.0 OK
r-devel-linux-x86_64-debian-gcc 0.4.0 2.78 28.97 31.75 OK
r-devel-linux-x86_64-fedora-clang 0.4.0 49.61 NOTE
r-devel-linux-x86_64-fedora-gcc 0.4.0 48.76 NOTE
r-devel-windows-x86_64 0.4.0 5.00 53.00 58.00 OK
r-patched-linux-x86_64 0.4.0 3.49 36.58 40.07 OK
r-release-linux-x86_64 0.4.0 2.50 36.58 39.08 OK
r-release-macos-arm64 0.4.0 31.00 OK
r-release-macos-x86_64 0.4.0 36.00 OK
r-release-windows-x86_64 0.4.0 6.00 57.00 63.00 OK
r-oldrel-macos-arm64 0.4.0 27.00 OK
r-oldrel-windows-x86_64 0.4.0 7.00 56.00 63.00 OK

Check Details

Version: 0.4.0
Check: data for non-ASCII characters
Result: NOTE Note: found 1 marked UTF-8 string Flavors: r-devel-linux-x86_64-fedora-clang, r-devel-linux-x86_64-fedora-gcc