CRAN Package Check Results for Package nullabor

Last updated on 2015-04-19 11:51:14.

Flavor Version Tinstall Tcheck Ttotal Status Flags
r-devel-linux-x86_64-debian-clang 0.3.1 3.53 98.60 102.13 OK
r-devel-linux-x86_64-debian-gcc 0.3.1 3.30 96.04 99.34 OK
r-devel-linux-x86_64-fedora-clang 0.3.1 216.09 OK
r-devel-linux-x86_64-fedora-gcc 0.3.1 207.37 OK
r-devel-osx-x86_64-clang 0.3.1 170.12 OK
r-devel-windows-ix86+x86_64 0.3.1 14.00 203.00 217.00 OK
r-patched-linux-x86_64 0.3.1 3.27 96.70 99.97 OK
r-patched-solaris-sparc 0.3.1 1309.90 OK
r-patched-solaris-x86 0.3.1 244.10 OK
r-release-linux-x86_64 0.3.1 3.40 95.86 99.26 OK
r-release-osx-x86_64-mavericks 0.3.1 OK
r-release-osx-x86_64-snowleopard 0.3.1 ERROR
r-release-windows-ix86+x86_64 0.3.1 7.00 146.00 153.00 OK
r-oldrel-windows-ix86+x86_64 0.3.1 27.00 280.00 307.00 OK

Check Details

Version: 0.3.1
Check: package dependencies
Result: ERROR
    Packages required but not available: ‘ggplot2’ ‘dplyr’ ‘fpc’
    
    Package suggested but not available for checking: ‘knitr’
    
    VignetteBuilder package required for checking but installed: ‘knitr’
    
    See section ‘The DESCRIPTION file’ in the ‘Writing R Extensions’
    manual.
Flavor: r-release-osx-x86_64-snowleopard