CRAN Package Check Results for Package nullabor

Last updated on 2015-09-04 08:50:40.

Flavor Version Tinstall Tcheck Ttotal Status Flags
r-devel-linux-x86_64-debian-clang 0.3.1 3.21 75.96 79.18 NOTE
r-devel-linux-x86_64-debian-gcc 0.3.1 3.20 72.90 76.10 NOTE
r-devel-linux-x86_64-fedora-clang 0.3.1 168.15 NOTE
r-devel-linux-x86_64-fedora-gcc 0.3.1 149.92 NOTE
r-devel-osx-x86_64-clang 0.3.1 131.10 OK
r-devel-windows-ix86+x86_64 0.3.1 11.00 118.00 129.00 NOTE
r-patched-linux-x86_64 0.3.1 3.84 75.38 79.22 OK
r-patched-solaris-sparc 0.3.1 955.00 OK
r-patched-solaris-x86 0.3.1 223.20 OK
r-release-linux-x86_64 0.3.1 3.74 77.13 80.87 OK
r-release-osx-x86_64-mavericks 0.3.1 OK
r-release-windows-ix86+x86_64 0.3.1 17.00 133.00 150.00 OK
r-oldrel-windows-ix86+x86_64 0.3.1 22.00 204.00 226.00 OK

Check Details

Version: 0.3.1
Check: R code for possible problems
Result: NOTE
    box_dist: no visible global function definition for ‘quantile’
    calc_mean_dist: no visible global function definition for ‘filter’
    n: no visible global function definition for ‘resid’
    null_dist : <anonymous>: no visible global function definition for
     ‘coef’
    null_lm : <anonymous>: no visible global function definition for
     ‘predict’
    reg_dist: no visible global function definition for ‘coef’
    reg_dist: no visible global function definition for ‘lm’
    resid_boot: no visible global function definition for ‘resid’
    resid_pboot: no visible global function definition for ‘rnorm’
    resid_rotate: no visible global function definition for ‘rnorm’
    resid_rotate: no visible global function definition for ‘update’
    resid_rotate: no visible global function definition for ‘resid’
    resid_sigma: no visible global function definition for ‘rnorm’
    rorschach: no visible global function definition for ‘rbinom’
    rss: no visible global function definition for ‘resid’
    sep_dist: no visible global function definition for ‘dist’
    sep_dist: no visible global function definition for ‘cutree’
    sep_dist: no visible global function definition for ‘hclust’
    uni_dist: no visible global function definition for ‘sd’
    Undefined global functions or variables:
     coef cutree dist filter hclust lm predict quantile rbinom resid rnorm
     sd update
    Consider adding
     importFrom("stats", "coef", "cutree", "dist", "filter", "hclust", "lm",
     "predict", "quantile", "rbinom", "resid", "rnorm", "sd",
     "update")
    to your NAMESPACE.
Flavors: r-devel-linux-x86_64-debian-clang, r-devel-linux-x86_64-debian-gcc, r-devel-linux-x86_64-fedora-clang, r-devel-linux-x86_64-fedora-gcc, r-devel-windows-ix86+x86_64