CRAN Package Check Results for Package nullabor

Last updated on 2015-05-27 06:46:52.

Flavor Version Tinstall Tcheck Ttotal Status Flags
r-devel-linux-x86_64-debian-clang 0.3.1 3.42 75.64 79.06 OK
r-devel-linux-x86_64-debian-gcc 0.3.1 3.31 71.96 75.27 OK
r-devel-linux-x86_64-fedora-clang 0.3.1 168.99 OK
r-devel-linux-x86_64-fedora-gcc 0.3.1 156.42 OK
r-devel-osx-x86_64-clang 0.3.1 133.79 OK
r-devel-windows-ix86+x86_64 0.3.1 11.00 116.00 127.00 OK
r-patched-linux-x86_64 0.3.1 3.31 71.31 74.62 OK
r-patched-solaris-sparc 0.3.1 956.30 OK
r-patched-solaris-x86 0.3.1 211.80 OK
r-release-linux-x86_64 0.3.1 3.32 77.22 80.53 OK
r-release-osx-x86_64-mavericks 0.3.1 OK
r-release-osx-x86_64-snowleopard 0.3.1 ERROR
r-release-windows-ix86+x86_64 0.3.1 10.00 120.00 130.00 OK
r-oldrel-windows-ix86+x86_64 0.3.1 21.00 167.00 188.00 OK

Check Details

Version: 0.3.1
Check: package dependencies
Result: ERROR
    Packages required but not available: ‘ggplot2’ ‘dplyr’ ‘fpc’
    
    Package suggested but not available for checking: ‘knitr’
    
    VignetteBuilder package required for checking but not installed: ‘knitr’
    
    See section ‘The DESCRIPTION file’ in the ‘Writing R Extensions’
    manual.
Flavor: r-release-osx-x86_64-snowleopard