CRAN Package Check Results for Package nullabor

Last updated on 2015-06-30 22:47:27.

Flavor Version Tinstall Tcheck Ttotal Status Flags
r-devel-linux-x86_64-debian-clang 0.3.1 3.37 74.22 77.59 NOTE
r-devel-linux-x86_64-debian-gcc 0.3.1 3.40 72.63 76.02 NOTE
r-devel-linux-x86_64-fedora-clang 0.3.1 166.93 NOTE
r-devel-linux-x86_64-fedora-gcc 0.3.1 162.70 NOTE
r-devel-osx-x86_64-clang 0.3.1 147.64 OK
r-devel-windows-ix86+x86_64 0.3.1 12.00 123.00 135.00 NOTE
r-patched-linux-x86_64 0.3.1 3.32 75.40 78.73 OK
r-patched-solaris-sparc 0.3.1 956.30 OK
r-patched-solaris-x86 0.3.1 216.70 OK
r-release-linux-x86_64 0.3.1 3.22 72.56 75.79 OK
r-release-osx-x86_64-mavericks 0.3.1 OK
r-release-windows-ix86+x86_64 0.3.1 16.00 120.00 136.00 OK
r-oldrel-windows-ix86+x86_64 0.3.1 22.00 185.00 207.00 OK

Check Details

Version: 0.3.1
Check: R code for possible problems
Result: NOTE
    box_dist: no visible global function definition for ‘quantile’
    calc_mean_dist: no visible global function definition for ‘filter’
    n: no visible global function definition for ‘resid’
    null_dist : <anonymous>: no visible global function definition for
     ‘coef’
    null_lm : <anonymous>: no visible global function definition for
     ‘predict’
    reg_dist: no visible global function definition for ‘coef’
    reg_dist: no visible global function definition for ‘lm’
    resid_boot: no visible global function definition for ‘resid’
    resid_pboot: no visible global function definition for ‘rnorm’
    resid_rotate: no visible global function definition for ‘rnorm’
    resid_rotate: no visible global function definition for ‘update’
    resid_rotate: no visible global function definition for ‘resid’
    resid_sigma: no visible global function definition for ‘rnorm’
    rorschach: no visible global function definition for ‘rbinom’
    rss: no visible global function definition for ‘resid’
    sep_dist: no visible global function definition for ‘dist’
    sep_dist: no visible global function definition for ‘cutree’
    sep_dist: no visible global function definition for ‘hclust’
    uni_dist: no visible global function definition for ‘sd’
Flavors: r-devel-linux-x86_64-debian-clang, r-devel-linux-x86_64-debian-gcc, r-devel-linux-x86_64-fedora-clang, r-devel-linux-x86_64-fedora-gcc, r-devel-windows-ix86+x86_64