CRAN Package Check Results for Package numKM

Last updated on 2019-03-24 01:50:56 CET.

Flavor Version Tinstall Tcheck Ttotal Status Flags
r-devel-linux-x86_64-debian-clang 0.1.0 4.97 47.67 52.64 OK
r-devel-linux-x86_64-debian-gcc 0.1.0 5.61 39.12 44.73 OK
r-devel-linux-x86_64-fedora-clang 0.1.0 64.92 OK
r-devel-linux-x86_64-fedora-gcc 0.1.0 62.42 OK
r-devel-windows-ix86+x86_64 0.1.0 17.00 59.00 76.00 OK
r-patched-linux-x86_64 0.1.0 4.29 45.69 49.98 OK
r-patched-solaris-x86 0.1.0 95.40 OK
r-release-linux-x86_64 0.1.0 0.30 1.82 2.12 ERROR
r-release-windows-ix86+x86_64 0.1.0 8.00 60.00 68.00 OK
r-release-osx-x86_64 0.1.0 OK
r-oldrel-windows-ix86+x86_64 0.1.0 7.00 73.00 80.00 OK
r-oldrel-osx-x86_64 0.1.0 OK

Check Details

Version: 0.1.0
Check: whether package can be installed
Result: ERROR
    Installation failed.
Flavor: r-release-linux-x86_64