CRAN Package Check Results for Package numbers

Last updated on 2017-09-25 02:47:17.

Flavor Version Tinstall Tcheck Ttotal Status Flags
r-devel-linux-x86_64-debian-clang 0.6-6 0.88 18.18 19.07 OK
r-devel-linux-x86_64-debian-gcc 0.6-6 0.85 17.71 18.56 OK
r-devel-linux-x86_64-fedora-clang 0.6-6 32.32 OK
r-devel-linux-x86_64-fedora-gcc 0.6-6 31.24 OK
r-devel-windows-ix86+x86_64 0.6-6 5.00 33.00 38.00 OK
r-patched-linux-x86_64 0.6-6 0.91 17.40 18.32 OK
r-patched-solaris-x86 0.6-6 40.40 OK
r-release-linux-x86_64 0.6-6 0.87 17.62 18.49 OK
r-release-windows-ix86+x86_64 0.6-6 4.00 48.00 52.00 OK
r-release-osx-x86_64 0.6-6 NOTE
r-oldrel-windows-ix86+x86_64 0.6-6 3.00 53.00 56.00 OK
r-oldrel-osx-x86_64 0.6-6 OK

Check Details

Version: 0.6-6
Check: package dependencies
Result: NOTE
    Package suggested but not available for checking: ‘gmp’
Flavor: r-release-osx-x86_64