CRAN Package Check Results for Package numbers

Last updated on 2017-05-26 19:48:00.

Flavor Version Tinstall Tcheck Ttotal Status Flags
r-devel-linux-x86_64-debian-clang 0.6-6 0.97 17.45 18.42 OK
r-devel-linux-x86_64-debian-gcc 0.6-6 0.96 17.84 18.81 OK
r-devel-linux-x86_64-fedora-clang 0.6-6 31.61 OK
r-devel-linux-x86_64-fedora-gcc 0.6-6 29.87 OK
r-devel-windows-ix86+x86_64 0.6-6 3.00 55.00 58.00 OK
r-patched-linux-x86_64 0.6-6 1.00 17.69 18.69 OK
r-patched-solaris-sparc 0.6-6 193.80 OK
r-patched-solaris-x86 0.6-6 39.20 OK
r-release-linux-x86_64 0.6-6 0.94 17.37 18.31 OK
r-release-windows-ix86+x86_64 0.6-6 3.00 38.00 41.00 OK
r-release-osx-x86_64 0.6-6 NOTE
r-oldrel-windows-ix86+x86_64 0.6-6 5.00 31.00 36.00 OK
r-oldrel-osx-x86_64 0.6-6 OK

Check Details

Version: 0.6-6
Check: package dependencies
Result: NOTE
    Package suggested but not available for checking: ‘gmp’
Flavor: r-release-osx-x86_64