CRAN Package Check Results for Package numbers

Last updated on 2017-07-22 08:48:14.

Flavor Version Tinstall Tcheck Ttotal Status Flags
r-devel-linux-x86_64-debian-clang 0.6-6 0.95 26.38 27.33 OK
r-devel-linux-x86_64-debian-gcc 0.6-6 0.91 25.74 26.65 OK
r-devel-linux-x86_64-fedora-clang 0.6-6 31.71 OK
r-devel-linux-x86_64-fedora-gcc 0.6-6 30.13 OK
r-devel-windows-ix86+x86_64 0.6-6 6.00 37.00 43.00 OK
r-patched-linux-x86_64 0.6-6 1.00 25.97 26.97 OK
r-patched-solaris-x86 0.6-6 39.80 OK
r-release-linux-x86_64 0.6-6 1.02 25.85 26.86 OK
r-release-windows-ix86+x86_64 0.6-6 3.00 45.00 48.00 OK
r-release-osx-x86_64 0.6-6 NOTE
r-oldrel-windows-ix86+x86_64 0.6-6 3.00 45.00 48.00 OK
r-oldrel-osx-x86_64 0.6-6 OK

Check Details

Version: 0.6-6
Check: package dependencies
Result: NOTE
    Package suggested but not available for checking: ‘gmp’
Flavor: r-release-osx-x86_64