CRAN Package Check Results for Package numbers

Last updated on 2017-04-24 20:47:29.

Flavor Version Tinstall Tcheck Ttotal Status Flags
r-devel-linux-x86_64-debian-clang 0.6-6 0.98 17.30 18.28 OK
r-devel-linux-x86_64-debian-gcc 0.6-6 0.94 16.87 17.81 OK
r-devel-linux-x86_64-fedora-clang 0.6-6 31.73 OK --no-stop-on-test-error
r-devel-linux-x86_64-fedora-gcc 0.6-6 29.26 OK --no-stop-on-test-error
r-devel-windows-ix86+x86_64 0.6-6 OK
r-patched-linux-x86_64 0.6-6 0.98 17.21 18.19 OK
r-patched-solaris-sparc 0.6-6 193.80 OK
r-patched-solaris-x86 0.6-6 39.10 OK
r-release-linux-x86_64 0.6-6 1.00 17.12 18.12 OK
r-release-windows-ix86+x86_64 0.6-6 4.00 36.00 40.00 OK
r-release-osx-x86_64 0.6-6 NOTE
r-oldrel-windows-ix86+x86_64 0.6-6 3.00 36.00 39.00 OK
r-oldrel-osx-x86_64 0.6-6 OK

Check Details

Version: 0.6-6
Check: package dependencies
Result: NOTE
    Package suggested but not available for checking: ‘gmp’
Flavor: r-release-osx-x86_64