CRAN Package Check Results for Package numbers

Last updated on 2017-12-18 18:47:25 CET.

Flavor Version Tinstall Tcheck Ttotal Status Flags
r-devel-linux-x86_64-debian-clang 0.6-6 1.03 23.63 24.66 OK
r-devel-linux-x86_64-debian-gcc 0.6-6 0.94 22.23 23.17 OK
r-devel-linux-x86_64-fedora-clang 0.6-6 33.34 OK
r-devel-linux-x86_64-fedora-gcc 0.6-6 31.67 OK
r-devel-windows-ix86+x86_64 0.6-6 4.00 36.00 40.00 OK
r-patched-linux-x86_64 0.6-6 1.17 26.43 27.60 OK
r-patched-solaris-x86 0.6-6 40.10 OK
r-release-linux-x86_64 0.6-6 0.98 26.02 27.00 OK
r-release-windows-ix86+x86_64 0.6-6 3.00 48.00 51.00 OK
r-release-osx-x86_64 0.6-6 NOTE
r-oldrel-windows-ix86+x86_64 0.6-6 5.00 45.00 50.00 OK
r-oldrel-osx-x86_64 0.6-6 OK

Check Details

Version: 0.6-6
Check: package dependencies
Result: NOTE
    Package suggested but not available for checking: ‘gmp’
Flavor: r-release-osx-x86_64