CRAN Package Check Results for Package numbers

Last updated on 2018-05-21 13:49:36 CEST.

Flavor Version Tinstall Tcheck Ttotal Status Flags
r-devel-linux-x86_64-debian-clang 0.7-1 2.71 24.36 27.07 OK
r-devel-linux-x86_64-debian-gcc 0.7-1 2.21 21.71 23.92 OK
r-devel-linux-x86_64-fedora-clang 0.7-1 27.23 OK
r-devel-linux-x86_64-fedora-gcc 0.7-1 33.03 OK
r-devel-windows-ix86+x86_64 0.7-1 8.00 41.00 49.00 OK
r-patched-linux-x86_64 0.7-1 2.70 27.09 29.79 OK
r-patched-solaris-x86 0.7-1 47.00 OK
r-release-linux-x86_64 0.7-1 2.35 27.00 29.35 OK
r-release-windows-ix86+x86_64 0.7-1 7.00 49.00 56.00 OK
r-release-osx-x86_64 0.7-1 OK
r-oldrel-windows-ix86+x86_64 0.7-1 5.00 50.00 55.00 OK
r-oldrel-osx-x86_64 0.6-6 NOTE

Check Details

Version: 0.6-6
Check: package dependencies
Result: NOTE
    Package suggested but not available for checking: ‘gmp’
Flavor: r-oldrel-osx-x86_64