CRAN Package Check Results for Package numbersBR

Last updated on 2019-03-24 14:49:41 CET.

Flavor Version Tinstall Tcheck Ttotal Status Flags
r-devel-linux-x86_64-debian-clang 0.0.2 1.89 18.96 20.85 OK
r-devel-linux-x86_64-debian-gcc 0.0.2 1.39 15.66 17.05 OK
r-devel-linux-x86_64-fedora-clang 0.0.2 25.52 OK
r-devel-linux-x86_64-fedora-gcc 0.0.2 24.17 OK
r-devel-windows-ix86+x86_64 0.0.2 5.00 44.00 49.00 OK
r-patched-linux-x86_64 0.0.2 1.26 17.97 19.23 OK
r-patched-solaris-x86 0.0.2 38.40 OK
r-release-linux-x86_64 0.0.2 0.31 1.84 2.15 ERROR
r-release-windows-ix86+x86_64 0.0.2 3.00 31.00 34.00 OK
r-release-osx-x86_64 0.0.2 OK
r-oldrel-windows-ix86+x86_64 0.0.2 2.00 41.00 43.00 OK
r-oldrel-osx-x86_64 0.0.2 OK

Check Details

Version: 0.0.2
Check: whether package can be installed
Result: ERROR
    Installation failed.
Flavor: r-release-linux-x86_64