CRAN Package Check Results for Package nutshell.audioscrobbler

Last updated on 2015-04-26 19:47:25.

Flavor Version Tinstall Tcheck Ttotal Status Flags
r-devel-linux-x86_64-debian-clang 1.0 1.21 14.46 15.67 NOTE
r-devel-linux-x86_64-debian-gcc 1.0 0.96 15.98 16.95 NOTE
r-devel-linux-x86_64-fedora-clang 1.0 30.11 NOTE
r-devel-linux-x86_64-fedora-gcc 1.0 28.98 NOTE
r-devel-osx-x86_64-clang 1.0 29.31 NOTE
r-devel-windows-ix86+x86_64 1.0 3.00 26.00 29.00 NOTE
r-patched-linux-x86_64 1.0 0.76 14.44 15.20 NOTE
r-patched-solaris-sparc 1.0 186.00 NOTE
r-patched-solaris-x86 1.0 44.80 NOTE
r-release-linux-x86_64 1.0 0.77 15.38 16.15 NOTE
r-release-osx-x86_64-mavericks 1.0 NOTE
r-release-osx-x86_64-snowleopard 1.0 ERROR
r-release-windows-ix86+x86_64 1.0 2.00 22.00 24.00 NOTE
r-oldrel-windows-ix86+x86_64 1.0 2.00 26.00 28.00 NOTE

Check Details

Version: 1.0
Check: installed package size
Result: NOTE
     installed size is 8.1Mb
     sub-directories of 1Mb or more:
     data 8.1Mb
Flavors: r-devel-linux-x86_64-debian-clang, r-devel-linux-x86_64-fedora-clang, r-devel-linux-x86_64-fedora-gcc, r-devel-osx-x86_64-clang, r-devel-windows-ix86+x86_64, r-patched-solaris-sparc, r-patched-solaris-x86, r-release-osx-x86_64-mavericks, r-release-osx-x86_64-snowleopard, r-release-windows-ix86+x86_64, r-oldrel-windows-ix86+x86_64

Version: 1.0
Check: DESCRIPTION meta-information
Result: NOTE
    Malformed Description field: should contain one or more complete sentences.
    Deprecated license: CC BY-NC-SA 3.0
Flavors: r-devel-linux-x86_64-debian-clang, r-devel-linux-x86_64-fedora-clang, r-devel-linux-x86_64-fedora-gcc, r-devel-osx-x86_64-clang, r-patched-solaris-sparc, r-patched-solaris-x86, r-release-osx-x86_64-mavericks, r-release-osx-x86_64-snowleopard

Version: 1.0
Check: data for non-ASCII characters
Result: NOTE
     Note: found 13172 marked Latin-1 strings
Flavors: r-devel-linux-x86_64-debian-clang, r-devel-linux-x86_64-fedora-clang, r-devel-linux-x86_64-fedora-gcc, r-devel-osx-x86_64-clang, r-devel-windows-ix86+x86_64, r-patched-solaris-sparc, r-patched-solaris-x86, r-release-osx-x86_64-mavericks, r-release-windows-ix86+x86_64, r-oldrel-windows-ix86+x86_64

Version: 1.0
Check: DESCRIPTION meta-information
Result: NOTE
    Malformed Description field: should contain one or more complete sentences.
Flavors: r-devel-windows-ix86+x86_64, r-release-windows-ix86+x86_64

Version: 1.0
Check: package dependencies
Result: NOTE
    Package suggested but not available for checking: ‘arules’
Flavor: r-release-osx-x86_64-snowleopard

Version: 1.0
Check: data for non-ASCII characters
Result: NOTE
     Error in .requirePackage(package) :
     unable to find required package 'arules'
     Calls: <Anonymous> ... .extendsForS3 -> extends -> getClassDef -> .requirePackage
     Execution halted
Flavor: r-release-osx-x86_64-snowleopard

Version: 1.0
Check: examples
Result: ERROR
    Running examples in ‘nutshell.audioscrobbler-Ex.R’ failed
    The error most likely occurred in:
    
    > ### Name: audioscrobbler
    > ### Title: Audioscrobbler User Data
    > ### Aliases: audioscrobbler
    > ### Keywords: datasets
    >
    > ### ** Examples
    >
    > library(arules)
    Error in library(arules) : there is no package called ‘arules’
    Execution halted
Flavor: r-release-osx-x86_64-snowleopard