CRAN Package Check Results for Package nutshell.audioscrobbler

Last updated on 2016-06-27 15:47:42.

Flavor Version Tinstall Tcheck Ttotal Status Flags
r-devel-linux-x86_64-debian-gcc 1.0 0.85 13.93 14.78 NOTE
r-devel-linux-x86_64-fedora-clang 1.0 27.42 NOTE
r-devel-linux-x86_64-fedora-gcc 1.0 25.58 NOTE
r-devel-osx-x86_64-clang 1.0 21.77 NOTE
r-devel-windows-ix86+x86_64 1.0 3.00 30.00 33.00 NOTE
r-patched-linux-x86_64 1.0 0.95 15.13 16.08 NOTE
r-patched-solaris-sparc 1.0 153.40 NOTE
r-patched-solaris-x86 1.0 38.50 NOTE
r-release-linux-x86_64 1.0 0.79 13.92 14.71 NOTE
r-release-osx-x86_64-mavericks 1.0 NOTE
r-release-windows-ix86+x86_64 1.0 2.00 33.00 35.00 NOTE
r-oldrel-windows-ix86+x86_64 1.0 3.00 39.00 42.00 NOTE

Check Details

Version: 1.0
Check: installed package size
Result: NOTE
     installed size is 8.1Mb
     sub-directories of 1Mb or more:
     data 8.1Mb
Flavors: r-devel-linux-x86_64-debian-gcc, r-devel-linux-x86_64-fedora-clang, r-devel-linux-x86_64-fedora-gcc, r-devel-osx-x86_64-clang, r-devel-windows-ix86+x86_64, r-patched-linux-x86_64, r-patched-solaris-sparc, r-patched-solaris-x86, r-release-linux-x86_64, r-release-osx-x86_64-mavericks, r-release-windows-ix86+x86_64, r-oldrel-windows-ix86+x86_64

Version: 1.0
Check: DESCRIPTION meta-information
Result: NOTE
    Malformed Description field: should contain one or more complete sentences.
    Deprecated license: CC BY-NC-SA 3.0
Flavors: r-devel-linux-x86_64-debian-gcc, r-devel-linux-x86_64-fedora-clang, r-devel-linux-x86_64-fedora-gcc, r-devel-osx-x86_64-clang, r-patched-linux-x86_64, r-patched-solaris-sparc, r-patched-solaris-x86, r-release-linux-x86_64, r-release-osx-x86_64-mavericks

Version: 1.0
Check: data for non-ASCII characters
Result: NOTE
     Note: found 13172 marked Latin-1 strings
Flavors: r-devel-linux-x86_64-fedora-clang, r-devel-linux-x86_64-fedora-gcc, r-devel-osx-x86_64-clang, r-patched-solaris-sparc, r-patched-solaris-x86, r-release-osx-x86_64-mavericks, r-oldrel-windows-ix86+x86_64

Version: 1.0
Check: DESCRIPTION meta-information
Result: NOTE
    Malformed Description field: should contain one or more complete sentences.
Flavors: r-devel-windows-ix86+x86_64, r-release-windows-ix86+x86_64, r-oldrel-windows-ix86+x86_64