CRAN Package Check Results for Package nutshell.audioscrobbler

Last updated on 2014-09-18 01:48:06.

Flavor Version Tinstall Tcheck Ttotal Status Flags
r-devel-linux-x86_64-debian-clang 1.0 1.00 16.47 17.47 NOTE
r-devel-linux-x86_64-debian-gcc 1.0 0.74 15.47 16.21 NOTE
r-devel-linux-x86_64-fedora-clang 1.0 35.68 NOTE
r-devel-linux-x86_64-fedora-gcc 1.0 36.41 NOTE
r-devel-osx-x86_64-clang 1.0 35.83 NOTE
r-devel-windows-ix86+x86_64 1.0 2.00 22.00 24.00 NOTE
r-patched-linux-x86_64 1.0 0.82 16.30 17.11 NOTE
r-patched-solaris-sparc 1.0 196.90 NOTE
r-patched-solaris-x86 1.0 55.30 NOTE
r-release-linux-ix86 1.0 1.20 21.41 22.62 NOTE
r-release-linux-x86_64 1.0 0.87 15.64 16.51 NOTE
r-release-osx-x86_64-mavericks 1.0 NOTE
r-release-windows-ix86+x86_64 1.0 3.00 25.00 28.00 NOTE
r-oldrel-windows-ix86+x86_64 1.0 3.00 26.00 29.00 NOTE

Check Details

Version: 1.0
Check: installed package size
Result: NOTE
     installed size is 8.1Mb
     sub-directories of 1Mb or more:
     data 8.1Mb
Flavors: r-devel-linux-x86_64-debian-clang, r-devel-linux-x86_64-debian-gcc, r-devel-linux-x86_64-fedora-clang, r-devel-linux-x86_64-fedora-gcc, r-devel-osx-x86_64-clang, r-devel-windows-ix86+x86_64, r-patched-linux-x86_64, r-patched-solaris-sparc, r-patched-solaris-x86, r-release-linux-ix86, r-release-linux-x86_64, r-release-osx-x86_64-mavericks, r-release-windows-ix86+x86_64, r-oldrel-windows-ix86+x86_64

Version: 1.0
Check: DESCRIPTION meta-information
Result: NOTE
    Deprecated license: CC BY-NC-SA 3.0
Flavors: r-devel-linux-x86_64-debian-clang, r-devel-linux-x86_64-debian-gcc, r-devel-linux-x86_64-fedora-clang, r-devel-linux-x86_64-fedora-gcc, r-devel-osx-x86_64-clang, r-patched-linux-x86_64, r-patched-solaris-sparc, r-patched-solaris-x86

Version: 1.0
Check: data for non-ASCII characters
Result: NOTE
     Note: found 13172 marked Latin-1 strings
Flavors: r-devel-linux-x86_64-debian-clang, r-devel-linux-x86_64-debian-gcc, r-devel-linux-x86_64-fedora-clang, r-devel-linux-x86_64-fedora-gcc, r-devel-osx-x86_64-clang, r-devel-windows-ix86+x86_64, r-patched-linux-x86_64, r-patched-solaris-sparc, r-patched-solaris-x86, r-release-linux-ix86, r-release-linux-x86_64, r-release-osx-x86_64-mavericks, r-release-windows-ix86+x86_64, r-oldrel-windows-ix86+x86_64