CRAN Package Check Results for Package nutshell.audioscrobbler

Last updated on 2017-02-27 23:03:43.

Flavor Version Tinstall Tcheck Ttotal Status Flags
r-devel-linux-x86_64-debian-clang 1.0 0.93 15.27 16.20 NOTE
r-devel-linux-x86_64-debian-gcc 1.0 0.91 15.50 16.41 NOTE
r-devel-linux-x86_64-fedora-clang 1.0 31.37 NOTE --no-stop-on-test-error
r-devel-linux-x86_64-fedora-gcc 1.0 28.75 NOTE --no-stop-on-test-error
r-devel-macos-x86_64-clang 1.0 24.46 NOTE --no-stop-on-test-error
r-devel-windows-ix86+x86_64 1.0 3.00 64.00 67.00 NOTE
r-patched-linux-x86_64 1.0 0.89 14.17 15.06 NOTE
r-patched-solaris-sparc 1.0 154.20 NOTE
r-patched-solaris-x86 1.0 37.80 NOTE
r-release-linux-x86_64 1.0 0.96 14.08 15.04 NOTE
r-release-osx-x86_64-mavericks 1.0 NOTE
r-release-windows-ix86+x86_64 1.0 4.00 41.00 45.00 NOTE
r-oldrel-windows-ix86+x86_64 1.0 2.00 42.00 44.00 NOTE

Check Details

Version: 1.0
Check: DESCRIPTION meta-information
Result: NOTE
    Malformed Description field: should contain one or more complete sentences.
    Deprecated license: CC BY-NC-SA 3.0
Flavors: r-devel-linux-x86_64-debian-clang, r-devel-linux-x86_64-debian-gcc, r-patched-linux-x86_64, r-patched-solaris-sparc, r-patched-solaris-x86, r-release-linux-x86_64, r-release-osx-x86_64-mavericks

Version: 1.0
Flags: --no-stop-on-test-error
Check: installed package size
Result: NOTE
     installed size is 8.1Mb
     sub-directories of 1Mb or more:
     data 8.1Mb
Flavors: r-devel-linux-x86_64-fedora-clang, r-devel-linux-x86_64-fedora-gcc, r-devel-macos-x86_64-clang

Version: 1.0
Flags: --no-stop-on-test-error
Check: DESCRIPTION meta-information
Result: NOTE
    Malformed Description field: should contain one or more complete sentences.
    Deprecated license: CC BY-NC-SA 3.0
Flavors: r-devel-linux-x86_64-fedora-clang, r-devel-linux-x86_64-fedora-gcc, r-devel-macos-x86_64-clang

Version: 1.0
Flags: --no-stop-on-test-error
Check: data for non-ASCII characters
Result: NOTE
     Note: found 13172 marked Latin-1 strings
Flavors: r-devel-linux-x86_64-fedora-clang, r-devel-linux-x86_64-fedora-gcc, r-devel-macos-x86_64-clang

Version: 1.0
Check: installed package size
Result: NOTE
     installed size is 8.1Mb
     sub-directories of 1Mb or more:
     data 8.1Mb
Flavors: r-devel-windows-ix86+x86_64, r-patched-solaris-sparc, r-patched-solaris-x86, r-release-osx-x86_64-mavericks, r-release-windows-ix86+x86_64, r-oldrel-windows-ix86+x86_64

Version: 1.0
Check: DESCRIPTION meta-information
Result: NOTE
    Malformed Description field: should contain one or more complete sentences.
Flavors: r-devel-windows-ix86+x86_64, r-release-windows-ix86+x86_64, r-oldrel-windows-ix86+x86_64

Version: 1.0
Check: data for non-ASCII characters
Result: NOTE
     Note: found 13172 marked Latin-1 strings
Flavors: r-patched-solaris-sparc, r-patched-solaris-x86, r-release-osx-x86_64-mavericks, r-oldrel-windows-ix86+x86_64