CRAN Package Check Results for Package nutshell.audioscrobbler

Last updated on 2017-04-26 09:47:48.

Flavor Version Tinstall Tcheck Ttotal Status Flags
r-devel-linux-x86_64-debian-clang 1.0 0.88 15.21 16.09 NOTE
r-devel-linux-x86_64-debian-gcc 1.0 0.99 14.69 15.68 NOTE
r-devel-linux-x86_64-fedora-clang 1.0 30.56 NOTE --no-stop-on-test-error
r-devel-linux-x86_64-fedora-gcc 1.0 29.38 NOTE --no-stop-on-test-error
r-devel-windows-ix86+x86_64 1.0 3.00 35.00 38.00 NOTE
r-patched-linux-x86_64 1.0 1.03 15.04 16.07 NOTE
r-patched-solaris-sparc 1.0 166.70 NOTE
r-patched-solaris-x86 1.0 41.20 NOTE
r-release-linux-x86_64 1.0 0.87 15.02 15.89 NOTE
r-release-windows-ix86+x86_64 1.0 3.00 33.00 36.00 NOTE
r-release-osx-x86_64 1.0 NOTE
r-oldrel-windows-ix86+x86_64 1.0 3.00 43.00 46.00 NOTE
r-oldrel-osx-x86_64 1.0 NOTE

Check Details

Version: 1.0
Check: DESCRIPTION meta-information
Result: NOTE
    Malformed Description field: should contain one or more complete sentences.
    Deprecated license: CC BY-NC-SA 3.0
Flavors: r-devel-linux-x86_64-debian-clang, r-devel-linux-x86_64-debian-gcc, r-patched-linux-x86_64, r-patched-solaris-sparc, r-patched-solaris-x86, r-release-linux-x86_64, r-release-osx-x86_64, r-oldrel-osx-x86_64

Version: 1.0
Flags: --no-stop-on-test-error
Check: installed package size
Result: NOTE
     installed size is 8.1Mb
     sub-directories of 1Mb or more:
     data 8.1Mb
Flavors: r-devel-linux-x86_64-fedora-clang, r-devel-linux-x86_64-fedora-gcc

Version: 1.0
Flags: --no-stop-on-test-error
Check: DESCRIPTION meta-information
Result: NOTE
    Malformed Description field: should contain one or more complete sentences.
    Deprecated license: CC BY-NC-SA 3.0
Flavors: r-devel-linux-x86_64-fedora-clang, r-devel-linux-x86_64-fedora-gcc

Version: 1.0
Flags: --no-stop-on-test-error
Check: data for non-ASCII characters
Result: NOTE
     Note: found 13172 marked Latin-1 strings
Flavors: r-devel-linux-x86_64-fedora-clang, r-devel-linux-x86_64-fedora-gcc

Version: 1.0
Check: installed package size
Result: NOTE
     installed size is 8.1Mb
     sub-directories of 1Mb or more:
     data 8.1Mb
Flavors: r-devel-windows-ix86+x86_64, r-patched-solaris-sparc, r-patched-solaris-x86, r-release-windows-ix86+x86_64, r-release-osx-x86_64, r-oldrel-windows-ix86+x86_64, r-oldrel-osx-x86_64

Version: 1.0
Check: DESCRIPTION meta-information
Result: NOTE
    Malformed Description field: should contain one or more complete sentences.
Flavors: r-devel-windows-ix86+x86_64, r-release-windows-ix86+x86_64, r-oldrel-windows-ix86+x86_64

Version: 1.0
Check: data for non-ASCII characters
Result: NOTE
     Note: found 13172 marked Latin-1 strings
Flavors: r-patched-solaris-sparc, r-patched-solaris-x86, r-release-osx-x86_64, r-oldrel-osx-x86_64