CRAN Package Check Results for Package nutshell.audioscrobbler

Last updated on 2018-06-21 20:47:03 CEST.

Flavor Version Tinstall Tcheck Ttotal Status Flags
r-devel-linux-x86_64-debian-clang 1.0 1.06 24.59 25.65 NOTE
r-devel-linux-x86_64-debian-gcc 1.0 1.01 21.55 22.56 NOTE
r-devel-linux-x86_64-fedora-clang 1.0 33.41 NOTE
r-devel-linux-x86_64-fedora-gcc 1.0 31.93 NOTE
r-devel-windows-ix86+x86_64 1.0 3.00 39.00 42.00 NOTE
r-patched-linux-x86_64 1.0 1.11 23.85 24.96 NOTE
r-patched-solaris-x86 1.0 48.00 NOTE
r-release-linux-x86_64 1.0 1.30 24.51 25.81 NOTE
r-release-windows-ix86+x86_64 1.0 3.00 36.00 39.00 NOTE
r-release-osx-x86_64 1.0 NOTE
r-oldrel-windows-ix86+x86_64 1.0 4.00 33.00 37.00 NOTE
r-oldrel-osx-x86_64 1.0 NOTE

Check Details

Version: 1.0
Check: DESCRIPTION meta-information
Result: NOTE
    Malformed Description field: should contain one or more complete sentences.
    Deprecated license: CC BY-NC-SA 3.0
Flavors: r-devel-linux-x86_64-debian-clang, r-devel-linux-x86_64-debian-gcc, r-devel-linux-x86_64-fedora-clang, r-devel-linux-x86_64-fedora-gcc, r-patched-linux-x86_64, r-patched-solaris-x86, r-release-linux-x86_64, r-release-osx-x86_64, r-oldrel-osx-x86_64

Version: 1.0
Check: installed package size
Result: NOTE
     installed size is 8.1Mb
     sub-directories of 1Mb or more:
     data 8.1Mb
Flavors: r-devel-linux-x86_64-fedora-clang, r-devel-windows-ix86+x86_64, r-patched-solaris-x86, r-release-windows-ix86+x86_64, r-release-osx-x86_64, r-oldrel-windows-ix86+x86_64, r-oldrel-osx-x86_64

Version: 1.0
Check: data for non-ASCII characters
Result: NOTE
     Note: found 13172 marked Latin-1 strings
Flavors: r-devel-linux-x86_64-fedora-clang, r-devel-linux-x86_64-fedora-gcc, r-patched-solaris-x86, r-release-osx-x86_64, r-oldrel-osx-x86_64

Version: 1.0
Check: DESCRIPTION meta-information
Result: NOTE
    Malformed Description field: should contain one or more complete sentences.
Flavors: r-devel-windows-ix86+x86_64, r-release-windows-ix86+x86_64, r-oldrel-windows-ix86+x86_64