CRAN Package Check Results for Package nutshell.bbdb

Last updated on 2014-09-01 11:49:00.

Flavor Version Tinstall Tcheck Ttotal Status Flags
r-devel-linux-x86_64-debian-clang 1.0 2.48 4.81 7.29 NOTE
r-devel-linux-x86_64-debian-gcc 1.0 2.29 4.85 7.14 NOTE
r-devel-linux-x86_64-fedora-clang 1.0 10.95 NOTE
r-devel-linux-x86_64-fedora-gcc 1.0 10.33 NOTE
r-devel-osx-x86_64-clang 1.0 14.33 NOTE
r-devel-windows-ix86+x86_64 1.0 13.00 10.00 23.00 NOTE
r-patched-linux-x86_64 1.0 2.46 4.44 6.89 NOTE
r-patched-solaris-sparc 1.0 87.50 NOTE
r-patched-solaris-x86 1.0 21.60 NOTE
r-release-linux-ix86 1.0 3.39 8.07 11.46 NOTE
r-release-linux-x86_64 1.0 2.44 4.61 7.05 NOTE
r-release-osx-x86_64-mavericks 1.0 NOTE
r-release-windows-ix86+x86_64 1.0 14.00 10.00 24.00 NOTE
r-oldrel-windows-ix86+x86_64 1.0 4.00 10.00 14.00 NOTE

Check Details

Version: 1.0
Check: installed package size
Result: NOTE
     installed size is 39.0Mb
     sub-directories of 1Mb or more:
     extdata 38.9Mb
Flavors: r-devel-linux-x86_64-debian-clang, r-devel-linux-x86_64-debian-gcc, r-devel-linux-x86_64-fedora-clang, r-devel-linux-x86_64-fedora-gcc, r-devel-osx-x86_64-clang, r-devel-windows-ix86+x86_64, r-patched-linux-x86_64, r-patched-solaris-sparc, r-patched-solaris-x86, r-release-linux-ix86, r-release-linux-x86_64, r-release-osx-x86_64-mavericks, r-release-windows-ix86+x86_64, r-oldrel-windows-ix86+x86_64

Version: 1.0
Check: DESCRIPTION meta-information
Result: NOTE
    Deprecated license: CC BY-NC-ND 3.0 US
Flavors: r-devel-linux-x86_64-debian-clang, r-devel-linux-x86_64-debian-gcc, r-devel-linux-x86_64-fedora-clang, r-devel-linux-x86_64-fedora-gcc, r-devel-osx-x86_64-clang, r-patched-linux-x86_64, r-patched-solaris-sparc, r-patched-solaris-x86