CRAN Package Check Results for Package nutshell.bbdb

Last updated on 2015-01-31 22:47:17.

Flavor Version Tinstall Tcheck Ttotal Status Flags
r-devel-linux-x86_64-debian-clang 1.0 2.73 5.14 7.86 NOTE
r-devel-linux-x86_64-debian-gcc 1.0 2.29 5.32 7.60 NOTE
r-devel-linux-x86_64-fedora-clang 1.0 12.02 NOTE
r-devel-linux-x86_64-fedora-gcc 1.0 12.42 NOTE
r-devel-osx-x86_64-clang 1.0 16.14 NOTE
r-devel-windows-ix86+x86_64 1.0 14.00 9.00 23.00 NOTE
r-patched-linux-x86_64 1.0 2.48 4.99 7.47 NOTE
r-patched-solaris-sparc 1.0 93.90 NOTE
r-patched-solaris-x86 1.0 23.20 NOTE
r-release-linux-ix86 1.0 3.38 8.39 11.77 NOTE
r-release-linux-x86_64 1.0 2.47 5.01 7.48 NOTE
r-release-osx-x86_64-mavericks 1.0 NOTE
r-release-windows-ix86+x86_64 1.0 14.00 10.00 24.00 NOTE
r-oldrel-windows-ix86+x86_64 1.0 14.00 10.00 24.00 NOTE

Check Details

Version: 1.0
Check: installed package size
Result: NOTE
     installed size is 39.0Mb
     sub-directories of 1Mb or more:
     extdata 38.9Mb
Flavors: r-devel-linux-x86_64-debian-clang, r-devel-linux-x86_64-debian-gcc, r-devel-linux-x86_64-fedora-clang, r-devel-linux-x86_64-fedora-gcc, r-devel-osx-x86_64-clang, r-devel-windows-ix86+x86_64, r-patched-linux-x86_64, r-patched-solaris-sparc, r-patched-solaris-x86, r-release-linux-ix86, r-release-linux-x86_64, r-release-osx-x86_64-mavericks, r-release-windows-ix86+x86_64, r-oldrel-windows-ix86+x86_64

Version: 1.0
Check: DESCRIPTION meta-information
Result: NOTE
    Deprecated license: CC BY-NC-ND 3.0 US
Flavors: r-devel-linux-x86_64-debian-clang, r-devel-linux-x86_64-debian-gcc, r-devel-linux-x86_64-fedora-clang, r-devel-linux-x86_64-fedora-gcc, r-devel-osx-x86_64-clang, r-patched-linux-x86_64, r-patched-solaris-sparc, r-patched-solaris-x86, r-release-linux-ix86, r-release-linux-x86_64, r-release-osx-x86_64-mavericks