CRAN Package Check Results for Package nutshell.bbdb

Last updated on 2017-06-22 19:47:05.

Flavor Version Tinstall Tcheck Ttotal Status Flags
r-devel-linux-x86_64-debian-clang 1.0 2.59 6.31 8.89 NOTE
r-devel-linux-x86_64-debian-gcc 1.0 2.69 6.30 8.99 NOTE
r-devel-linux-x86_64-fedora-clang 1.0 10.78 NOTE
r-devel-linux-x86_64-fedora-gcc 1.0 10.74 NOTE
r-devel-windows-ix86+x86_64 1.0 14.00 19.00 33.00 NOTE
r-patched-linux-x86_64 1.0 2.44 6.22 8.66 NOTE
r-patched-solaris-sparc 1.0 90.80 NOTE
r-patched-solaris-x86 1.0 18.90 NOTE
r-release-linux-x86_64 1.0 2.82 6.38 9.19 NOTE
r-release-windows-ix86+x86_64 1.0 15.00 20.00 35.00 NOTE
r-release-osx-x86_64 1.0 NOTE
r-oldrel-windows-ix86+x86_64 1.0 14.00 19.00 33.00 NOTE
r-oldrel-osx-x86_64 1.0 NOTE

Check Details

Version: 1.0
Check: DESCRIPTION meta-information
Result: NOTE
    Malformed Description field: should contain one or more complete sentences.
    Deprecated license: CC BY-NC-ND 3.0 US
Flavors: r-devel-linux-x86_64-debian-clang, r-devel-linux-x86_64-debian-gcc, r-devel-linux-x86_64-fedora-clang, r-devel-linux-x86_64-fedora-gcc, r-patched-linux-x86_64, r-patched-solaris-sparc, r-patched-solaris-x86, r-release-linux-x86_64, r-release-osx-x86_64, r-oldrel-osx-x86_64

Version: 1.0
Check: installed package size
Result: NOTE
     installed size is 39.0Mb
     sub-directories of 1Mb or more:
     extdata 38.9Mb
Flavors: r-devel-linux-x86_64-fedora-clang, r-devel-linux-x86_64-fedora-gcc, r-devel-windows-ix86+x86_64, r-patched-solaris-sparc, r-patched-solaris-x86, r-release-windows-ix86+x86_64, r-release-osx-x86_64, r-oldrel-windows-ix86+x86_64, r-oldrel-osx-x86_64

Version: 1.0
Check: DESCRIPTION meta-information
Result: NOTE
    Malformed Description field: should contain one or more complete sentences.
Flavors: r-devel-windows-ix86+x86_64, r-release-windows-ix86+x86_64, r-oldrel-windows-ix86+x86_64