CRAN Package Check Results for Package nutshell.bbdb

Last updated on 2017-05-24 09:48:09.

Flavor Version Tinstall Tcheck Ttotal Status Flags
r-devel-linux-x86_64-debian-clang 1.0 2.68 6.02 8.70 NOTE
r-devel-linux-x86_64-debian-gcc 1.0 2.45 6.02 8.47 NOTE
r-devel-linux-x86_64-fedora-clang 1.0 10.54 NOTE --no-stop-on-test-error
r-devel-linux-x86_64-fedora-gcc 1.0 10.41 NOTE --no-stop-on-test-error
r-devel-windows-ix86+x86_64 1.0 13.00 19.00 32.00 NOTE
r-patched-linux-x86_64 1.0 2.38 6.06 8.44 NOTE
r-patched-solaris-sparc 1.0 90.80 NOTE
r-patched-solaris-x86 1.0 19.10 NOTE
r-release-linux-x86_64 1.0 2.56 6.01 8.57 NOTE
r-release-windows-ix86+x86_64 1.0 14.00 24.00 38.00 NOTE
r-release-osx-x86_64 1.0 NOTE
r-oldrel-windows-ix86+x86_64 1.0 15.00 24.00 39.00 NOTE
r-oldrel-osx-x86_64 1.0 NOTE

Check Details

Version: 1.0
Check: DESCRIPTION meta-information
Result: NOTE
    Malformed Description field: should contain one or more complete sentences.
    Deprecated license: CC BY-NC-ND 3.0 US
Flavors: r-devel-linux-x86_64-debian-clang, r-devel-linux-x86_64-debian-gcc, r-patched-linux-x86_64, r-patched-solaris-sparc, r-patched-solaris-x86, r-release-linux-x86_64, r-release-osx-x86_64, r-oldrel-osx-x86_64

Version: 1.0
Flags: --no-stop-on-test-error
Check: installed package size
Result: NOTE
     installed size is 39.0Mb
     sub-directories of 1Mb or more:
     extdata 38.9Mb
Flavors: r-devel-linux-x86_64-fedora-clang, r-devel-linux-x86_64-fedora-gcc

Version: 1.0
Flags: --no-stop-on-test-error
Check: DESCRIPTION meta-information
Result: NOTE
    Malformed Description field: should contain one or more complete sentences.
    Deprecated license: CC BY-NC-ND 3.0 US
Flavors: r-devel-linux-x86_64-fedora-clang, r-devel-linux-x86_64-fedora-gcc

Version: 1.0
Check: installed package size
Result: NOTE
     installed size is 38.9Mb
     sub-directories of 1Mb or more:
     extdata 38.9Mb
Flavors: r-devel-windows-ix86+x86_64, r-patched-solaris-sparc, r-patched-solaris-x86, r-release-windows-ix86+x86_64, r-release-osx-x86_64, r-oldrel-windows-ix86+x86_64, r-oldrel-osx-x86_64

Version: 1.0
Check: DESCRIPTION meta-information
Result: NOTE
    Malformed Description field: should contain one or more complete sentences.
Flavors: r-devel-windows-ix86+x86_64, r-release-windows-ix86+x86_64, r-oldrel-windows-ix86+x86_64