CRAN Package Check Results for Package nutshell.bbdb

Last updated on 2015-07-01 06:48:45.

Flavor Version Tinstall Tcheck Ttotal Status Flags
r-devel-linux-x86_64-debian-clang 1.0 2.41 4.41 6.82 NOTE
r-devel-linux-x86_64-debian-gcc 1.0 2.26 4.40 6.66 NOTE
r-devel-linux-x86_64-fedora-clang 1.0 10.08 NOTE
r-devel-linux-x86_64-fedora-gcc 1.0 10.27 NOTE
r-devel-osx-x86_64-clang 1.0 12.47 NOTE
r-devel-windows-ix86+x86_64 1.0 15.00 9.00 24.00 NOTE
r-patched-linux-x86_64 1.0 4.29 4.67 8.96 NOTE
r-patched-solaris-sparc 1.0 91.20 NOTE
r-patched-solaris-x86 1.0 20.90 NOTE
r-release-linux-x86_64 1.0 2.28 4.67 6.95 NOTE
r-release-osx-x86_64-mavericks 1.0 NOTE
r-release-windows-ix86+x86_64 1.0 13.00 11.00 24.00 NOTE
r-oldrel-windows-ix86+x86_64 1.0 15.00 11.00 26.00 NOTE

Check Details

Version: 1.0
Check: installed package size
Result: NOTE
     installed size is 39.0Mb
     sub-directories of 1Mb or more:
     extdata 38.9Mb
Flavors: r-devel-linux-x86_64-debian-clang, r-devel-linux-x86_64-debian-gcc, r-devel-linux-x86_64-fedora-clang, r-devel-linux-x86_64-fedora-gcc, r-devel-osx-x86_64-clang, r-devel-windows-ix86+x86_64, r-patched-linux-x86_64, r-patched-solaris-sparc, r-patched-solaris-x86, r-release-linux-x86_64, r-release-osx-x86_64-mavericks, r-release-windows-ix86+x86_64, r-oldrel-windows-ix86+x86_64

Version: 1.0
Check: DESCRIPTION meta-information
Result: NOTE
    Malformed Description field: should contain one or more complete sentences.
    Deprecated license: CC BY-NC-ND 3.0 US
Flavors: r-devel-linux-x86_64-debian-clang, r-devel-linux-x86_64-debian-gcc, r-devel-linux-x86_64-fedora-clang, r-devel-linux-x86_64-fedora-gcc, r-devel-osx-x86_64-clang, r-patched-linux-x86_64, r-patched-solaris-sparc, r-patched-solaris-x86, r-release-linux-x86_64, r-release-osx-x86_64-mavericks

Version: 1.0
Check: DESCRIPTION meta-information
Result: NOTE
    Malformed Description field: should contain one or more complete sentences.
Flavors: r-devel-windows-ix86+x86_64, r-release-windows-ix86+x86_64