CRAN Package Check Results for Package nutshell.bbdb

Last updated on 2015-05-26 17:47:16.

Flavor Version Tinstall Tcheck Ttotal Status Flags
r-devel-linux-x86_64-debian-clang 1.0 4.02 4.84 8.86 NOTE
r-devel-linux-x86_64-debian-gcc 1.0 2.29 4.87 7.16 NOTE
r-devel-linux-x86_64-fedora-clang 1.0 11.06 NOTE
r-devel-linux-x86_64-fedora-gcc 1.0 10.76 NOTE
r-devel-osx-x86_64-clang 1.0 15.24 NOTE
r-devel-windows-ix86+x86_64 1.0 13.00 9.00 22.00 NOTE
r-patched-linux-x86_64 1.0 2.27 4.65 6.92 NOTE
r-patched-solaris-sparc 1.0 91.20 NOTE
r-patched-solaris-x86 1.0 20.80 NOTE
r-release-linux-x86_64 1.0 2.37 4.74 7.12 NOTE
r-release-osx-x86_64-mavericks 1.0 NOTE
r-release-osx-x86_64-snowleopard 1.0 NOTE
r-release-windows-ix86+x86_64 1.0 13.00 9.00 22.00 NOTE
r-oldrel-windows-ix86+x86_64 1.0 13.00 12.00 25.00 NOTE

Check Details

Version: 1.0
Check: installed package size
Result: NOTE
     installed size is 39.0Mb
     sub-directories of 1Mb or more:
     extdata 38.9Mb
Flavors: r-devel-linux-x86_64-debian-clang, r-devel-linux-x86_64-debian-gcc, r-devel-linux-x86_64-fedora-clang, r-devel-linux-x86_64-fedora-gcc, r-devel-osx-x86_64-clang, r-devel-windows-ix86+x86_64, r-patched-linux-x86_64, r-patched-solaris-sparc, r-patched-solaris-x86, r-release-linux-x86_64, r-release-osx-x86_64-mavericks, r-release-osx-x86_64-snowleopard, r-release-windows-ix86+x86_64, r-oldrel-windows-ix86+x86_64

Version: 1.0
Check: DESCRIPTION meta-information
Result: NOTE
    Malformed Description field: should contain one or more complete sentences.
    Deprecated license: CC BY-NC-ND 3.0 US
Flavors: r-devel-linux-x86_64-debian-clang, r-devel-linux-x86_64-debian-gcc, r-devel-linux-x86_64-fedora-clang, r-devel-linux-x86_64-fedora-gcc, r-devel-osx-x86_64-clang, r-patched-linux-x86_64, r-patched-solaris-sparc, r-patched-solaris-x86, r-release-linux-x86_64, r-release-osx-x86_64-mavericks, r-release-osx-x86_64-snowleopard

Version: 1.0
Check: DESCRIPTION meta-information
Result: NOTE
    Malformed Description field: should contain one or more complete sentences.
Flavors: r-devel-windows-ix86+x86_64, r-release-windows-ix86+x86_64