CRAN Package Check Results for Package nutshell.bbdb

Last updated on 2017-12-13 23:14:32 CET.

Flavor Version Tinstall Tcheck Ttotal Status Flags
r-devel-linux-x86_64-debian-clang 1.0 3.05 8.19 11.24 NOTE
r-devel-linux-x86_64-debian-gcc 1.0 2.29 7.98 10.27 NOTE
r-devel-linux-x86_64-fedora-clang 1.0 10.50 NOTE
r-devel-linux-x86_64-fedora-gcc 1.0 12.31 NOTE
r-devel-windows-ix86+x86_64 1.0 15.00 26.00 41.00 NOTE
r-patched-linux-x86_64 1.0 3.06 7.54 10.60 NOTE
r-patched-solaris-x86 1.0 20.00 NOTE
r-release-linux-x86_64 1.0 3.16 7.60 10.76 NOTE
r-release-windows-ix86+x86_64 1.0 12.00 25.00 37.00 NOTE
r-release-osx-x86_64 1.0 NOTE
r-oldrel-windows-ix86+x86_64 1.0 15.00 28.00 43.00 NOTE
r-oldrel-osx-x86_64 1.0 NOTE

Check Details

Version: 1.0
Check: DESCRIPTION meta-information
Result: NOTE
    Malformed Description field: should contain one or more complete sentences.
    Deprecated license: CC BY-NC-ND 3.0 US
Flavors: r-devel-linux-x86_64-debian-clang, r-devel-linux-x86_64-debian-gcc, r-devel-linux-x86_64-fedora-clang, r-devel-linux-x86_64-fedora-gcc, r-patched-linux-x86_64, r-patched-solaris-x86, r-release-linux-x86_64, r-release-osx-x86_64, r-oldrel-osx-x86_64

Version: 1.0
Check: installed package size
Result: NOTE
     installed size is 39.0Mb
     sub-directories of 1Mb or more:
     extdata 38.9Mb
Flavors: r-devel-linux-x86_64-fedora-clang, r-devel-linux-x86_64-fedora-gcc, r-devel-windows-ix86+x86_64, r-patched-solaris-x86, r-release-windows-ix86+x86_64, r-release-osx-x86_64, r-oldrel-windows-ix86+x86_64, r-oldrel-osx-x86_64

Version: 1.0
Check: DESCRIPTION meta-information
Result: NOTE
    Malformed Description field: should contain one or more complete sentences.
Flavors: r-devel-windows-ix86+x86_64, r-release-windows-ix86+x86_64, r-oldrel-windows-ix86+x86_64