CRAN Package Check Results for Package nutshell.bbdb

Last updated on 2017-04-26 03:48:24.

Flavor Version Tinstall Tcheck Ttotal Status Flags
r-devel-linux-x86_64-debian-clang 1.0 2.68 5.94 8.62 NOTE
r-devel-linux-x86_64-debian-gcc 1.0 2.68 5.90 8.58 NOTE
r-devel-linux-x86_64-fedora-clang 1.0 10.54 NOTE --no-stop-on-test-error
r-devel-linux-x86_64-fedora-gcc 1.0 10.27 NOTE --no-stop-on-test-error
r-devel-windows-ix86+x86_64 1.0 13.00 24.00 37.00 NOTE
r-patched-linux-x86_64 1.0 2.65 5.97 8.62 NOTE
r-patched-solaris-sparc 1.0 90.80 NOTE
r-patched-solaris-x86 1.0 18.80 NOTE
r-release-linux-x86_64 1.0 2.55 5.99 8.54 NOTE
r-release-windows-ix86+x86_64 1.0 13.00 17.00 30.00 NOTE
r-release-osx-x86_64 1.0 NOTE
r-oldrel-windows-ix86+x86_64 1.0 13.00 26.00 39.00 NOTE
r-oldrel-osx-x86_64 1.0 NOTE

Check Details

Version: 1.0
Check: DESCRIPTION meta-information
Result: NOTE
    Malformed Description field: should contain one or more complete sentences.
    Deprecated license: CC BY-NC-ND 3.0 US
Flavors: r-devel-linux-x86_64-debian-clang, r-devel-linux-x86_64-debian-gcc, r-patched-linux-x86_64, r-patched-solaris-sparc, r-patched-solaris-x86, r-release-linux-x86_64, r-release-osx-x86_64, r-oldrel-osx-x86_64

Version: 1.0
Flags: --no-stop-on-test-error
Check: installed package size
Result: NOTE
     installed size is 39.0Mb
     sub-directories of 1Mb or more:
     extdata 38.9Mb
Flavors: r-devel-linux-x86_64-fedora-clang, r-devel-linux-x86_64-fedora-gcc

Version: 1.0
Flags: --no-stop-on-test-error
Check: DESCRIPTION meta-information
Result: NOTE
    Malformed Description field: should contain one or more complete sentences.
    Deprecated license: CC BY-NC-ND 3.0 US
Flavors: r-devel-linux-x86_64-fedora-clang, r-devel-linux-x86_64-fedora-gcc

Version: 1.0
Check: installed package size
Result: NOTE
     installed size is 38.9Mb
     sub-directories of 1Mb or more:
     extdata 38.9Mb
Flavors: r-devel-windows-ix86+x86_64, r-patched-solaris-sparc, r-patched-solaris-x86, r-release-windows-ix86+x86_64, r-release-osx-x86_64, r-oldrel-windows-ix86+x86_64, r-oldrel-osx-x86_64

Version: 1.0
Check: DESCRIPTION meta-information
Result: NOTE
    Malformed Description field: should contain one or more complete sentences.
Flavors: r-devel-windows-ix86+x86_64, r-release-windows-ix86+x86_64, r-oldrel-windows-ix86+x86_64