CRAN Package Check Results for Package nutshell.bbdb

Last updated on 2016-07-27 12:50:38.

Flavor Version Tinstall Tcheck Ttotal Status Flags
r-devel-linux-x86_64-debian-clang 1.0 3.47 6.16 9.63 NOTE
r-devel-linux-x86_64-debian-gcc 1.0 2.97 6.22 9.18 NOTE
r-devel-linux-x86_64-fedora-clang 1.0 8.39 NOTE
r-devel-linux-x86_64-fedora-gcc 1.0 7.70 NOTE
r-devel-osx-x86_64-clang 1.0 8.71 NOTE
r-devel-windows-ix86+x86_64 1.0 15.00 23.00 38.00 NOTE
r-patched-linux-x86_64 1.0 2.75 6.14 8.89 NOTE
r-patched-solaris-sparc 1.0 76.40 NOTE
r-patched-solaris-x86 1.0 15.70 NOTE
r-release-linux-x86_64 1.0 2.55 5.60 8.15 NOTE
r-release-osx-x86_64-mavericks 1.0 NOTE
r-release-windows-ix86+x86_64 1.0 15.00 23.00 38.00 NOTE
r-oldrel-windows-ix86+x86_64 1.0 16.00 26.00 42.00 NOTE

Check Details

Version: 1.0
Check: installed package size
Result: NOTE
     installed size is 39.0Mb
     sub-directories of 1Mb or more:
     extdata 38.9Mb
Flavors: r-devel-linux-x86_64-debian-clang, r-devel-linux-x86_64-debian-gcc, r-devel-linux-x86_64-fedora-clang, r-devel-linux-x86_64-fedora-gcc, r-devel-osx-x86_64-clang, r-devel-windows-ix86+x86_64, r-patched-linux-x86_64, r-patched-solaris-sparc, r-patched-solaris-x86, r-release-linux-x86_64, r-release-osx-x86_64-mavericks, r-release-windows-ix86+x86_64, r-oldrel-windows-ix86+x86_64

Version: 1.0
Check: DESCRIPTION meta-information
Result: NOTE
    Malformed Description field: should contain one or more complete sentences.
    Deprecated license: CC BY-NC-ND 3.0 US
Flavors: r-devel-linux-x86_64-debian-clang, r-devel-linux-x86_64-debian-gcc, r-devel-linux-x86_64-fedora-clang, r-devel-linux-x86_64-fedora-gcc, r-devel-osx-x86_64-clang, r-patched-linux-x86_64, r-patched-solaris-sparc, r-patched-solaris-x86, r-release-linux-x86_64, r-release-osx-x86_64-mavericks

Version: 1.0
Check: DESCRIPTION meta-information
Result: NOTE
    Malformed Description field: should contain one or more complete sentences.
Flavors: r-devel-windows-ix86+x86_64, r-release-windows-ix86+x86_64, r-oldrel-windows-ix86+x86_64