CRAN Package Check Results for Package nutshell.bbdb

Last updated on 2016-12-07 19:48:37.

Flavor Version Tinstall Tcheck Ttotal Status Flags
r-devel-linux-x86_64-debian-clang 1.0 2.58 5.80 8.38 NOTE
r-devel-linux-x86_64-debian-gcc 1.0 2.46 5.41 7.87 NOTE
r-devel-linux-x86_64-fedora-clang 1.0 10.73 NOTE --no-stop-on-test-error
r-devel-linux-x86_64-fedora-gcc 1.0 10.45 NOTE --no-stop-on-test-error
r-devel-macos-x86_64-clang 1.0 10.08 NOTE
r-devel-windows-ix86+x86_64 1.0 14.00 27.00 41.00 NOTE
r-patched-linux-x86_64 1.0 2.60 5.29 7.89 NOTE
r-patched-solaris-sparc 1.0 76.40 NOTE
r-patched-solaris-x86 1.0 15.50 NOTE
r-release-linux-x86_64 1.0 2.58 5.06 7.64 NOTE
r-release-osx-x86_64-mavericks 1.0 NOTE
r-release-windows-ix86+x86_64 1.0 13.00 19.00 32.00 NOTE
r-oldrel-windows-ix86+x86_64 1.0 14.00 17.00 31.00 NOTE

Check Details

Version: 1.0
Check: DESCRIPTION meta-information
Result: NOTE
    Malformed Description field: should contain one or more complete sentences.
    Deprecated license: CC BY-NC-ND 3.0 US
Flavors: r-devel-linux-x86_64-debian-clang, r-devel-linux-x86_64-debian-gcc, r-devel-macos-x86_64-clang, r-patched-linux-x86_64, r-patched-solaris-sparc, r-patched-solaris-x86, r-release-linux-x86_64, r-release-osx-x86_64-mavericks

Version: 1.0
Flags: --no-stop-on-test-error
Check: installed package size
Result: NOTE
     installed size is 39.0Mb
     sub-directories of 1Mb or more:
     extdata 38.9Mb
Flavors: r-devel-linux-x86_64-fedora-clang, r-devel-linux-x86_64-fedora-gcc

Version: 1.0
Flags: --no-stop-on-test-error
Check: DESCRIPTION meta-information
Result: NOTE
    Malformed Description field: should contain one or more complete sentences.
    Deprecated license: CC BY-NC-ND 3.0 US
Flavors: r-devel-linux-x86_64-fedora-clang, r-devel-linux-x86_64-fedora-gcc

Version: 1.0
Check: installed package size
Result: NOTE
     installed size is 38.9Mb
     sub-directories of 1Mb or more:
     extdata 38.9Mb
Flavors: r-devel-macos-x86_64-clang, r-devel-windows-ix86+x86_64, r-patched-solaris-sparc, r-patched-solaris-x86, r-release-osx-x86_64-mavericks, r-release-windows-ix86+x86_64, r-oldrel-windows-ix86+x86_64

Version: 1.0
Check: DESCRIPTION meta-information
Result: NOTE
    Malformed Description field: should contain one or more complete sentences.
Flavors: r-devel-windows-ix86+x86_64, r-release-windows-ix86+x86_64, r-oldrel-windows-ix86+x86_64