CRAN Package Check Results for Package nutshell.bbdb

Last updated on 2014-11-26 13:47:10.

Flavor Version Tinstall Tcheck Ttotal Status Flags
r-devel-linux-x86_64-debian-clang 1.0 2.58 5.24 7.82 NOTE
r-devel-linux-x86_64-debian-gcc 1.0 2.31 5.54 7.85 NOTE
r-devel-linux-x86_64-fedora-clang 1.0 13.03 NOTE
r-devel-linux-x86_64-fedora-gcc 1.0 11.98 NOTE
r-devel-osx-x86_64-clang 1.0 15.81 NOTE
r-devel-windows-ix86+x86_64 1.0 12.00 10.00 22.00 NOTE
r-patched-linux-x86_64 1.0 2.66 4.98 7.64 NOTE
r-patched-solaris-sparc 1.0 87.50 NOTE
r-patched-solaris-x86 1.0 22.60 NOTE
r-release-linux-ix86 1.0 3.30 8.02 11.32 NOTE
r-release-linux-x86_64 1.0 2.54 5.30 7.84 NOTE
r-release-osx-x86_64-mavericks 1.0 NOTE
r-release-windows-ix86+x86_64 1.0 14.00 10.00 24.00 NOTE
r-oldrel-windows-ix86+x86_64 1.0 13.00 10.00 23.00 NOTE

Check Details

Version: 1.0
Check: installed package size
Result: NOTE
     installed size is 39.0Mb
     sub-directories of 1Mb or more:
     extdata 38.9Mb
Flavors: r-devel-linux-x86_64-debian-clang, r-devel-linux-x86_64-debian-gcc, r-devel-linux-x86_64-fedora-clang, r-devel-linux-x86_64-fedora-gcc, r-devel-osx-x86_64-clang, r-devel-windows-ix86+x86_64, r-patched-linux-x86_64, r-patched-solaris-sparc, r-patched-solaris-x86, r-release-linux-ix86, r-release-linux-x86_64, r-release-osx-x86_64-mavericks, r-release-windows-ix86+x86_64, r-oldrel-windows-ix86+x86_64

Version: 1.0
Check: DESCRIPTION meta-information
Result: NOTE
    Deprecated license: CC BY-NC-ND 3.0 US
Flavors: r-devel-linux-x86_64-debian-clang, r-devel-linux-x86_64-debian-gcc, r-devel-linux-x86_64-fedora-clang, r-devel-linux-x86_64-fedora-gcc, r-devel-osx-x86_64-clang, r-patched-linux-x86_64, r-patched-solaris-sparc, r-patched-solaris-x86, r-release-linux-ix86, r-release-linux-x86_64