CRAN Package Check Results for Package nutshell.bbdb

Last updated on 2017-10-19 19:47:14.

Flavor Version Tinstall Tcheck Ttotal Status Flags
r-devel-linux-x86_64-debian-clang 1.0 2.74 6.24 8.97 NOTE
r-devel-linux-x86_64-debian-gcc 1.0 2.48 6.72 9.20 NOTE
r-devel-linux-x86_64-fedora-clang 1.0 11.29 NOTE
r-devel-linux-x86_64-fedora-gcc 1.0 11.17 NOTE
r-devel-windows-ix86+x86_64 1.0 14.00 18.00 32.00 NOTE
r-patched-linux-x86_64 1.0 2.48 6.39 8.87 NOTE
r-patched-solaris-x86 1.0 19.50 NOTE
r-release-linux-x86_64 1.0 2.68 6.44 9.12 NOTE
r-release-windows-ix86+x86_64 1.0 14.00 19.00 33.00 NOTE
r-release-osx-x86_64 1.0 NOTE
r-oldrel-windows-ix86+x86_64 1.0 13.00 23.00 36.00 NOTE
r-oldrel-osx-x86_64 1.0 NOTE

Check Details

Version: 1.0
Check: DESCRIPTION meta-information
Result: NOTE
    Malformed Description field: should contain one or more complete sentences.
    Deprecated license: CC BY-NC-ND 3.0 US
Flavors: r-devel-linux-x86_64-debian-clang, r-devel-linux-x86_64-debian-gcc, r-devel-linux-x86_64-fedora-clang, r-devel-linux-x86_64-fedora-gcc, r-patched-linux-x86_64, r-patched-solaris-x86, r-release-linux-x86_64, r-release-osx-x86_64, r-oldrel-osx-x86_64

Version: 1.0
Check: installed package size
Result: NOTE
     installed size is 39.0Mb
     sub-directories of 1Mb or more:
     extdata 38.9Mb
Flavors: r-devel-linux-x86_64-fedora-clang, r-devel-linux-x86_64-fedora-gcc, r-devel-windows-ix86+x86_64, r-patched-solaris-x86, r-release-windows-ix86+x86_64, r-release-osx-x86_64, r-oldrel-windows-ix86+x86_64, r-oldrel-osx-x86_64

Version: 1.0
Check: DESCRIPTION meta-information
Result: NOTE
    Malformed Description field: should contain one or more complete sentences.
Flavors: r-devel-windows-ix86+x86_64, r-release-windows-ix86+x86_64, r-oldrel-windows-ix86+x86_64