CRAN Package Check Results for Package nutshell.bbdb

Last updated on 2016-08-30 16:47:24.

Flavor Version Tinstall Tcheck Ttotal Status Flags
r-devel-linux-x86_64-debian-clang 1.0 2.80 4.92 7.72 NOTE
r-devel-linux-x86_64-debian-gcc 1.0 2.36 5.08 7.43 NOTE
r-devel-linux-x86_64-fedora-clang 1.0 8.87 NOTE
r-devel-linux-x86_64-fedora-gcc 1.0 8.61 NOTE
r-devel-osx-x86_64-clang 1.0 8.61 NOTE
r-devel-windows-ix86+x86_64 1.0 15.00 26.00 41.00 NOTE
r-patched-linux-x86_64 1.0 2.41 4.90 7.31 NOTE
r-patched-solaris-sparc 1.0 76.40 NOTE
r-patched-solaris-x86 1.0 16.00 NOTE
r-release-linux-x86_64 1.0 2.34 5.04 7.39 NOTE
r-release-osx-x86_64-mavericks 1.0 NOTE
r-release-windows-ix86+x86_64 1.0 13.00 19.00 32.00 NOTE
r-oldrel-windows-ix86+x86_64 1.0 15.00 23.00 38.00 NOTE

Check Details

Version: 1.0
Check: installed package size
Result: NOTE
     installed size is 39.0Mb
     sub-directories of 1Mb or more:
     extdata 38.9Mb
Flavors: r-devel-linux-x86_64-debian-clang, r-devel-linux-x86_64-debian-gcc, r-devel-linux-x86_64-fedora-clang, r-devel-linux-x86_64-fedora-gcc, r-devel-osx-x86_64-clang, r-devel-windows-ix86+x86_64, r-patched-linux-x86_64, r-patched-solaris-sparc, r-patched-solaris-x86, r-release-linux-x86_64, r-release-osx-x86_64-mavericks, r-release-windows-ix86+x86_64, r-oldrel-windows-ix86+x86_64

Version: 1.0
Check: DESCRIPTION meta-information
Result: NOTE
    Malformed Description field: should contain one or more complete sentences.
    Deprecated license: CC BY-NC-ND 3.0 US
Flavors: r-devel-linux-x86_64-debian-clang, r-devel-linux-x86_64-debian-gcc, r-devel-linux-x86_64-fedora-clang, r-devel-linux-x86_64-fedora-gcc, r-devel-osx-x86_64-clang, r-patched-linux-x86_64, r-patched-solaris-sparc, r-patched-solaris-x86, r-release-linux-x86_64, r-release-osx-x86_64-mavericks

Version: 1.0
Check: DESCRIPTION meta-information
Result: NOTE
    Malformed Description field: should contain one or more complete sentences.
Flavors: r-devel-windows-ix86+x86_64, r-release-windows-ix86+x86_64, r-oldrel-windows-ix86+x86_64