CRAN Package Check Results for Package nutshell.bbdb

Last updated on 2015-04-01 08:50:11.

Flavor Version Tinstall Tcheck Ttotal Status Flags
r-devel-linux-x86_64-debian-clang 1.0 2.45 4.97 7.42 NOTE
r-devel-linux-x86_64-debian-gcc 1.0 2.31 4.63 6.94 NOTE
r-devel-linux-x86_64-fedora-clang 1.0 10.29 NOTE
r-devel-linux-x86_64-fedora-gcc 1.0 11.47 NOTE
r-devel-osx-x86_64-clang 1.0 16.92 NOTE
r-prerel-windows-ix86+x86_64 1.0 13.00 9.00 22.00 NOTE
r-prerel-linux-x86_64 1.0 2.35 4.71 7.06 NOTE
r-prerel-solaris-sparc 1.0 96.80 NOTE
r-prerel-solaris-x86 1.0 19.30 NOTE
r-release-linux-x86_64 1.0 2.51 5.00 7.51 NOTE
r-release-osx-x86_64-mavericks 1.0 NOTE
r-release-windows-ix86+x86_64 1.0 14.00 10.00 24.00 NOTE
r-oldrel-windows-ix86+x86_64 1.0 14.00 11.00 25.00 NOTE

Check Details

Version: 1.0
Check: installed package size
Result: NOTE
     installed size is 39.0Mb
     sub-directories of 1Mb or more:
     extdata 38.9Mb
Flavors: r-devel-linux-x86_64-debian-clang, r-devel-linux-x86_64-debian-gcc, r-devel-linux-x86_64-fedora-clang, r-devel-linux-x86_64-fedora-gcc, r-devel-osx-x86_64-clang, r-prerel-windows-ix86+x86_64, r-prerel-linux-x86_64, r-prerel-solaris-sparc, r-prerel-solaris-x86, r-release-linux-x86_64, r-release-osx-x86_64-mavericks, r-release-windows-ix86+x86_64, r-oldrel-windows-ix86+x86_64

Version: 1.0
Check: DESCRIPTION meta-information
Result: NOTE
    Malformed Description field: should contain one or more complete sentences.
    Deprecated license: CC BY-NC-ND 3.0 US
Flavors: r-devel-linux-x86_64-debian-clang, r-devel-linux-x86_64-debian-gcc, r-devel-linux-x86_64-fedora-clang, r-devel-linux-x86_64-fedora-gcc, r-devel-osx-x86_64-clang, r-prerel-linux-x86_64, r-prerel-solaris-sparc, r-prerel-solaris-x86

Version: 1.0
Check: DESCRIPTION meta-information
Result: NOTE
    Malformed Description field: should contain one or more complete sentences.
Flavor: r-prerel-windows-ix86+x86_64

Version: 1.0
Check: DESCRIPTION meta-information
Result: NOTE
    Deprecated license: CC BY-NC-ND 3.0 US
Flavors: r-release-linux-x86_64, r-release-osx-x86_64-mavericks