CRAN Package Check Results for Package nutshell.bbdb

Last updated on 2014-08-22 11:48:02.

Flavor Version Tinstall Tcheck Ttotal Status Flags
r-devel-linux-x86_64-debian-clang 1.0 2.77 4.46 7.24 NOTE
r-devel-linux-x86_64-debian-gcc 1.0 2.32 4.35 6.67 NOTE
r-devel-linux-x86_64-fedora-clang 1.0 10.44 NOTE
r-devel-linux-x86_64-fedora-gcc 1.0 10.26 NOTE
r-devel-osx-x86_64-clang 1.0 14.09 NOTE
r-devel-windows-ix86+x86_64 1.0 13.00 9.00 22.00 NOTE
r-patched-linux-x86_64 1.0 2.43 4.37 6.80 NOTE
r-patched-solaris-sparc 1.0 87.50 NOTE
r-patched-solaris-x86 1.0 21.60 NOTE
r-release-linux-ix86 1.0 3.41 8.08 11.49 NOTE
r-release-linux-x86_64 1.0 2.49 4.74 7.23 NOTE
r-release-osx-x86_64-mavericks 1.0 NOTE
r-release-windows-ix86+x86_64 1.0 14.00 10.00 24.00 NOTE
r-oldrel-windows-ix86+x86_64 1.0 4.00 10.00 14.00 NOTE

Check Details

Version: 1.0
Check: installed package size
Result: NOTE
     installed size is 39.0Mb
     sub-directories of 1Mb or more:
     extdata 38.9Mb
Flavors: r-devel-linux-x86_64-debian-clang, r-devel-linux-x86_64-debian-gcc, r-devel-linux-x86_64-fedora-clang, r-devel-linux-x86_64-fedora-gcc, r-devel-osx-x86_64-clang, r-devel-windows-ix86+x86_64, r-patched-linux-x86_64, r-patched-solaris-sparc, r-patched-solaris-x86, r-release-linux-ix86, r-release-linux-x86_64, r-release-osx-x86_64-mavericks, r-release-windows-ix86+x86_64, r-oldrel-windows-ix86+x86_64

Version: 1.0
Check: DESCRIPTION meta-information
Result: NOTE
    Deprecated license: CC BY-NC-ND 3.0 US
Flavors: r-devel-linux-x86_64-debian-clang, r-devel-linux-x86_64-debian-gcc, r-devel-linux-x86_64-fedora-clang, r-devel-linux-x86_64-fedora-gcc, r-devel-osx-x86_64-clang, r-patched-linux-x86_64, r-patched-solaris-sparc, r-patched-solaris-x86