CRAN Package Check Results for Package nutshell.bbdb

Last updated on 2015-03-01 12:47:43.

Flavor Version Tinstall Tcheck Ttotal Status Flags
r-devel-linux-x86_64-debian-clang 1.0 2.65 4.82 7.46 NOTE
r-devel-linux-x86_64-debian-gcc 1.0 2.28 4.80 7.08 NOTE
r-devel-linux-x86_64-fedora-clang 1.0 10.74 NOTE
r-devel-linux-x86_64-fedora-gcc 1.0 10.57 NOTE
r-devel-osx-x86_64-clang 1.0 15.16 NOTE
r-devel-windows-ix86+x86_64 1.0 15.00 10.00 25.00 NOTE
r-patched-linux-x86_64 1.0 2.72 5.25 7.97 NOTE
r-patched-solaris-sparc 1.0 93.90 NOTE
r-patched-solaris-x86 1.0 22.80 NOTE
r-release-linux-ix86 1.0 3.62 10.49 14.11 NOTE
r-release-linux-x86_64 1.0 2.49 5.25 7.74 NOTE
r-release-osx-x86_64-mavericks 1.0 NOTE
r-release-windows-ix86+x86_64 1.0 13.00 11.00 24.00 NOTE
r-oldrel-windows-ix86+x86_64 1.0 14.00 18.00 32.00 NOTE

Check Details

Version: 1.0
Check: installed package size
Result: NOTE
     installed size is 39.0Mb
     sub-directories of 1Mb or more:
     extdata 38.9Mb
Flavors: r-devel-linux-x86_64-debian-clang, r-devel-linux-x86_64-debian-gcc, r-devel-linux-x86_64-fedora-clang, r-devel-linux-x86_64-fedora-gcc, r-devel-osx-x86_64-clang, r-devel-windows-ix86+x86_64, r-patched-linux-x86_64, r-patched-solaris-sparc, r-patched-solaris-x86, r-release-linux-ix86, r-release-linux-x86_64, r-release-osx-x86_64-mavericks, r-release-windows-ix86+x86_64, r-oldrel-windows-ix86+x86_64

Version: 1.0
Check: DESCRIPTION meta-information
Result: NOTE
    Malformed Description field: should contain one or more complete sentences.
    Deprecated license: CC BY-NC-ND 3.0 US
Flavors: r-devel-linux-x86_64-debian-clang, r-devel-linux-x86_64-debian-gcc, r-devel-linux-x86_64-fedora-clang, r-devel-linux-x86_64-fedora-gcc, r-devel-osx-x86_64-clang

Version: 1.0
Check: DESCRIPTION meta-information
Result: NOTE
    Malformed Description field: should contain one or more complete sentences.
Flavor: r-devel-windows-ix86+x86_64

Version: 1.0
Check: DESCRIPTION meta-information
Result: NOTE
    Deprecated license: CC BY-NC-ND 3.0 US
Flavors: r-patched-linux-x86_64, r-patched-solaris-sparc, r-patched-solaris-x86, r-release-linux-ix86, r-release-linux-x86_64, r-release-osx-x86_64-mavericks