CRAN Package Check Results for Package nutshell.bbdb

Last updated on 2014-04-23 20:47:17.

Flavor Version Tinstall Tcheck Ttotal Status Flags
r-devel-linux-x86_64-debian-clang 1.0 2.67 4.62 7.29 NOTE
r-devel-linux-x86_64-debian-gcc 1.0 2.52 4.60 7.12 NOTE
r-devel-linux-x86_64-fedora-clang 1.0 10.65 NOTE
r-devel-linux-x86_64-fedora-gcc 1.0 10.28 NOTE
r-devel-osx-x86_64-clang 1.0 14.68 NOTE
r-devel-osx-x86_64-gcc 1.0 NOTE
r-devel-windows-ix86+x86_64 1.0 14.00 10.00 24.00 NOTE
r-patched-linux-x86_64 1.0 2.81 4.82 7.63 NOTE
r-patched-solaris-sparc 1.0 85.90 NOTE
r-patched-solaris-x86 1.0 21.50 NOTE
r-release-linux-ix86 1.0 6.00 11.00 17.00 NOTE
r-release-linux-x86_64 1.0 2.71 4.56 7.26 NOTE
r-release-osx-x86_64-mavericks 1.0 WARN
r-release-windows-ix86+x86_64 1.0 16.00 12.00 28.00 NOTE
r-oldrel-windows-ix86+x86_64 1.0 4.00 10.00 14.00 NOTE

Check Details

Version: 1.0
Check: installed package size
Result: NOTE
     installed size is 39.0Mb
     sub-directories of 1Mb or more:
     extdata 38.9Mb
Flavors: r-devel-linux-x86_64-debian-clang, r-devel-linux-x86_64-debian-gcc, r-devel-linux-x86_64-fedora-clang, r-devel-linux-x86_64-fedora-gcc, r-devel-osx-x86_64-clang, r-devel-osx-x86_64-gcc, r-devel-windows-ix86+x86_64, r-patched-linux-x86_64, r-patched-solaris-sparc, r-patched-solaris-x86, r-release-linux-ix86, r-release-linux-x86_64, r-release-osx-x86_64-mavericks, r-release-windows-ix86+x86_64, r-oldrel-windows-ix86+x86_64

Version: 1.0
Check: PDF version of manual
Result: WARNING
    LaTeX errors when creating PDF version.
    This typically indicates Rd problems.
    LaTeX errors found:
    ! LaTeX Error: File `upquote.sty' not found.
    
    Type X to quit or <RETURN> to proceed,
    or enter new name. (Default extension: sty)
    
    4813c9fc/Rd2.tex:8: ==> Fatal error occurred, no output PDF file produced!
Flavor: r-release-osx-x86_64-mavericks