CRAN Package Check Results for Package nutshell.bbdb

Last updated on 2015-08-30 12:47:21.

Flavor Version Tinstall Tcheck Ttotal Status Flags
r-devel-linux-x86_64-debian-clang 1.0 2.36 4.30 6.66 NOTE
r-devel-linux-x86_64-debian-gcc 1.0 2.52 4.33 6.85 NOTE
r-devel-linux-x86_64-fedora-clang 1.0 10.54 NOTE
r-devel-linux-x86_64-fedora-gcc 1.0 9.00 NOTE
r-devel-osx-x86_64-clang 1.0 11.78 NOTE
r-devel-windows-ix86+x86_64 1.0 14.00 12.00 26.00 NOTE
r-patched-linux-x86_64 1.0 2.33 4.73 7.06 NOTE
r-patched-solaris-sparc 1.0 95.20 NOTE
r-patched-solaris-x86 1.0 21.30 NOTE
r-release-linux-x86_64 1.0 2.29 4.88 7.18 NOTE
r-release-osx-x86_64-mavericks 1.0 NOTE
r-release-windows-ix86+x86_64 1.0 14.00 11.00 25.00 NOTE
r-oldrel-windows-ix86+x86_64 1.0 15.00 11.00 26.00 NOTE

Check Details

Version: 1.0
Check: installed package size
Result: NOTE
     installed size is 39.0Mb
     sub-directories of 1Mb or more:
     extdata 38.9Mb
Flavors: r-devel-linux-x86_64-debian-clang, r-devel-linux-x86_64-debian-gcc, r-devel-linux-x86_64-fedora-clang, r-devel-linux-x86_64-fedora-gcc, r-devel-osx-x86_64-clang, r-devel-windows-ix86+x86_64, r-patched-linux-x86_64, r-patched-solaris-sparc, r-patched-solaris-x86, r-release-linux-x86_64, r-release-osx-x86_64-mavericks, r-release-windows-ix86+x86_64, r-oldrel-windows-ix86+x86_64

Version: 1.0
Check: DESCRIPTION meta-information
Result: NOTE
    Malformed Description field: should contain one or more complete sentences.
    Deprecated license: CC BY-NC-ND 3.0 US
Flavors: r-devel-linux-x86_64-debian-clang, r-devel-linux-x86_64-debian-gcc, r-devel-linux-x86_64-fedora-clang, r-devel-linux-x86_64-fedora-gcc, r-devel-osx-x86_64-clang, r-patched-linux-x86_64, r-patched-solaris-sparc, r-patched-solaris-x86, r-release-linux-x86_64, r-release-osx-x86_64-mavericks

Version: 1.0
Check: DESCRIPTION meta-information
Result: NOTE
    Malformed Description field: should contain one or more complete sentences.
Flavors: r-devel-windows-ix86+x86_64, r-release-windows-ix86+x86_64