CRAN Package Check Results for Package nutshell.bbdb

Last updated on 2016-06-24 23:47:38.

Flavor Version Tinstall Tcheck Ttotal Status Flags
r-devel-linux-x86_64-debian-gcc 1.0 2.27 5.20 7.47 NOTE
r-devel-linux-x86_64-fedora-clang 1.0 8.59 NOTE
r-devel-linux-x86_64-fedora-gcc 1.0 8.06 NOTE
r-devel-osx-x86_64-clang 1.0 8.77 NOTE
r-devel-windows-ix86+x86_64 1.0 15.00 25.00 40.00 NOTE
r-patched-linux-x86_64 1.0 2.39 5.29 7.68 NOTE
r-patched-solaris-x86 1.0 16.40 NOTE
r-release-linux-x86_64 1.0 2.80 5.42 8.21 NOTE
r-release-osx-x86_64-mavericks 1.0 NOTE
r-release-windows-ix86+x86_64 1.0 15.00 17.00 32.00 NOTE
r-oldrel-windows-ix86+x86_64 1.0 15.00 21.00 36.00 NOTE

Check Details

Version: 1.0
Check: installed package size
Result: NOTE
     installed size is 39.0Mb
     sub-directories of 1Mb or more:
     extdata 38.9Mb
Flavors: r-devel-linux-x86_64-debian-gcc, r-devel-linux-x86_64-fedora-clang, r-devel-linux-x86_64-fedora-gcc, r-devel-osx-x86_64-clang, r-devel-windows-ix86+x86_64, r-patched-linux-x86_64, r-patched-solaris-sparc, r-patched-solaris-x86, r-release-linux-x86_64, r-release-osx-x86_64-mavericks, r-release-windows-ix86+x86_64, r-oldrel-windows-ix86+x86_64

Version: 1.0
Check: DESCRIPTION meta-information
Result: NOTE
    Malformed Description field: should contain one or more complete sentences.
    Deprecated license: CC BY-NC-ND 3.0 US
Flavors: r-devel-linux-x86_64-debian-gcc, r-devel-linux-x86_64-fedora-clang, r-devel-linux-x86_64-fedora-gcc, r-devel-osx-x86_64-clang, r-patched-linux-x86_64, r-patched-solaris-sparc, r-patched-solaris-x86, r-release-linux-x86_64, r-release-osx-x86_64-mavericks

Version: 1.0
Check: DESCRIPTION meta-information
Result: NOTE
    Malformed Description field: should contain one or more complete sentences.
Flavors: r-devel-windows-ix86+x86_64, r-release-windows-ix86+x86_64, r-oldrel-windows-ix86+x86_64