CRAN Package Check Results for Package nutshell.bbdb

Last updated on 2017-02-25 07:49:19.

Flavor Version Tinstall Tcheck Ttotal Status Flags
r-devel-linux-x86_64-debian-clang 1.0 2.76 6.10 8.86 NOTE
r-devel-linux-x86_64-debian-gcc 1.0 2.76 5.98 8.73 NOTE
r-devel-linux-x86_64-fedora-clang 1.0 10.70 NOTE --no-stop-on-test-error
r-devel-linux-x86_64-fedora-gcc 1.0 9.98 NOTE --no-stop-on-test-error
r-devel-macos-x86_64-clang 1.0 10.32 NOTE --no-stop-on-test-error
r-devel-windows-ix86+x86_64 1.0 14.00 25.00 39.00 NOTE
r-patched-linux-x86_64 1.0 2.30 5.09 7.38 NOTE
r-patched-solaris-sparc 1.0 80.10 NOTE
r-patched-solaris-x86 1.0 17.90 NOTE
r-release-linux-x86_64 1.0 2.48 5.06 7.55 NOTE
r-release-osx-x86_64-mavericks 1.0 NOTE
r-release-windows-ix86+x86_64 1.0 15.00 22.00 37.00 NOTE
r-oldrel-windows-ix86+x86_64 1.0 17.00 35.00 52.00 NOTE

Check Details

Version: 1.0
Check: DESCRIPTION meta-information
Result: NOTE
    Malformed Description field: should contain one or more complete sentences.
    Deprecated license: CC BY-NC-ND 3.0 US
Flavors: r-devel-linux-x86_64-debian-clang, r-devel-linux-x86_64-debian-gcc, r-patched-linux-x86_64, r-patched-solaris-sparc, r-patched-solaris-x86, r-release-linux-x86_64, r-release-osx-x86_64-mavericks

Version: 1.0
Flags: --no-stop-on-test-error
Check: installed package size
Result: NOTE
     installed size is 39.0Mb
     sub-directories of 1Mb or more:
     extdata 38.9Mb
Flavors: r-devel-linux-x86_64-fedora-clang, r-devel-linux-x86_64-fedora-gcc, r-devel-macos-x86_64-clang

Version: 1.0
Flags: --no-stop-on-test-error
Check: DESCRIPTION meta-information
Result: NOTE
    Malformed Description field: should contain one or more complete sentences.
    Deprecated license: CC BY-NC-ND 3.0 US
Flavors: r-devel-linux-x86_64-fedora-clang, r-devel-linux-x86_64-fedora-gcc, r-devel-macos-x86_64-clang

Version: 1.0
Check: installed package size
Result: NOTE
     installed size is 38.9Mb
     sub-directories of 1Mb or more:
     extdata 38.9Mb
Flavors: r-devel-windows-ix86+x86_64, r-patched-solaris-sparc, r-patched-solaris-x86, r-release-osx-x86_64-mavericks, r-release-windows-ix86+x86_64, r-oldrel-windows-ix86+x86_64

Version: 1.0
Check: DESCRIPTION meta-information
Result: NOTE
    Malformed Description field: should contain one or more complete sentences.
Flavors: r-devel-windows-ix86+x86_64, r-release-windows-ix86+x86_64, r-oldrel-windows-ix86+x86_64