CRAN Package Check Results for Package nws

Last updated on 2014-11-21 10:52:33.

Flavor Version Tinstall Tcheck Ttotal Status Flags
r-devel-linux-x86_64-debian-clang 1.7.0.1 2.12 19.26 21.38 NOTE
r-devel-linux-x86_64-debian-gcc 1.7.0.1 1.35 18.38 19.74 NOTE
r-devel-linux-x86_64-fedora-clang 1.7.0.1 40.65 NOTE
r-devel-linux-x86_64-fedora-gcc 1.7.0.1 39.25 NOTE
r-devel-osx-x86_64-clang 1.7.0.1 40.36 NOTE
r-devel-windows-ix86+x86_64 1.7.0.1 5.00 30.00 35.00 NOTE
r-patched-linux-x86_64 1.7.0.1 1.44 18.32 19.76 NOTE
r-patched-solaris-sparc 1.7.0.1 226.30 NOTE
r-patched-solaris-x86 1.7.0.1 53.80 NOTE
r-release-linux-ix86 1.7.0.1 1.82 24.61 26.43 NOTE
r-release-linux-x86_64 1.7.0.1 1.44 19.86 21.30 NOTE
r-release-osx-x86_64-mavericks 1.7.0.1 NOTE
r-release-windows-ix86+x86_64 1.7.0.1 4.00 32.00 36.00 NOTE
r-oldrel-windows-ix86+x86_64 1.7.0.1 4.00 32.00 36.00 NOTE

Check Details

Version: 1.7.0.1
Check: dependencies in R code
Result: NOTE
    'library' or 'require' call to ‘methods’ which was already attached by Depends.
     Please remove these calls from your code.
    Package in Depends field not imported from: ‘methods’
     These packages need to be imported from (in the NAMESPACE file)
     for when this namespace is loaded but not attached.
    See the information on DESCRIPTION files in the chapter ‘Creating R
    packages’ of the ‘Writing R Extensions’ manual.
Flavors: r-devel-linux-x86_64-debian-clang, r-devel-linux-x86_64-debian-gcc, r-devel-linux-x86_64-fedora-clang, r-devel-linux-x86_64-fedora-gcc, r-devel-osx-x86_64-clang, r-devel-windows-ix86+x86_64, r-patched-linux-x86_64, r-patched-solaris-sparc, r-patched-solaris-x86, r-release-linux-ix86, r-release-linux-x86_64, r-release-osx-x86_64-mavericks, r-release-windows-ix86+x86_64, r-oldrel-windows-ix86+x86_64

Version: 1.7.0.1
Check: R code for possible problems
Result: NOTE
    File ‘nws/R/zzz.R’:
     .onLoad calls:
     require(methods)
    
    Package startup functions should not change the search path.
    See section ‘Good practice’ in '?.onAttach'.
    
    blendOptions: warning in assign(names[i], new[[i]], env = options):
     partial argument match of ‘env’ to ‘envir’
    docall: warning in get(as.character(fun), env = .GlobalEnv, mode =
     "function"): partial argument match of ‘env’ to ‘envir’
    
    Found the following assignments to the global environment:
    File ‘nws/R/workerLoop.R’:
     assign("SleighName", displayName, globalenv())
     assign("SleighNws", nws, globalenv())
     assign("SleighUserNws", userNws, globalenv())
     assign("SleighRank", rank, globalenv())
     assign("SleighWorkerCount", workerCount, globalenv())
Flavors: r-devel-linux-x86_64-debian-clang, r-devel-linux-x86_64-debian-gcc, r-devel-linux-x86_64-fedora-clang, r-devel-osx-x86_64-clang, r-patched-linux-x86_64, r-release-linux-ix86, r-release-linux-x86_64

Version: 1.7.0.1
Check: Rd line widths
Result: NOTE
    Rd file 'nwsVariable-methods.Rd':
     \usage lines wider than 90 characters:
     nwsVariable(.Object, xName, mode=c('fifo','lifo','multi','single'),env=parent.frame(),force=FALSE,quietly=FALSE)
    
    These lines will be truncated in the PDF manual.
Flavors: r-devel-linux-x86_64-debian-clang, r-devel-linux-x86_64-debian-gcc, r-devel-linux-x86_64-fedora-clang, r-devel-linux-x86_64-fedora-gcc, r-patched-linux-x86_64, r-release-linux-x86_64

Version: 1.7.0.1
Check: R code for possible problems
Result: NOTE
    File ‘nws/R/zzz.R’:
     .onLoad calls:
     require(methods)
    
    Package startup functions should not change the search path.
    See section ‘Good practice’ in '?.onAttach'.
    
    blendOptions: warning in assign(names[i], new[[i]], env = options):
     partial argument match of 'env' to 'envir'
    docall: warning in get(as.character(fun), env = .GlobalEnv, mode =
     "function"): partial argument match of 'env' to 'envir'
Flavors: r-devel-linux-x86_64-fedora-gcc, r-devel-windows-ix86+x86_64, r-patched-solaris-sparc, r-patched-solaris-x86, r-release-osx-x86_64-mavericks, r-release-windows-ix86+x86_64, r-oldrel-windows-ix86+x86_64