CRAN Package Check Results for Package nzelect

Last updated on 2019-05-20 14:47:16 CEST.

Flavor Version Tinstall Tcheck Ttotal Status Flags
r-devel-linux-x86_64-debian-clang 0.4.0 12.00 52.78 64.78 OK
r-devel-linux-x86_64-debian-gcc 0.4.0 10.54 42.36 52.90 OK
r-devel-linux-x86_64-fedora-clang 0.4.0 81.18 NOTE
r-devel-linux-x86_64-fedora-gcc 0.4.0 76.96 NOTE
r-devel-windows-ix86+x86_64 0.4.0 22.00 79.00 101.00 OK
r-patched-linux-x86_64 0.4.0 10.77 51.45 62.22 OK
r-patched-solaris-x86 0.4.0 137.80 NOTE
r-release-linux-x86_64 0.4.0 10.37 52.02 62.39 OK
r-release-windows-ix86+x86_64 0.4.0 21.00 86.00 107.00 OK
r-release-osx-x86_64 0.4.0 NOTE
r-oldrel-windows-ix86+x86_64 0.4.0 14.00 59.00 73.00 OK
r-oldrel-osx-x86_64 0.4.0 NOTE

Check Details

Version: 0.4.0
Check: data for non-ASCII characters
Result: NOTE
     Note: found 6409 marked UTF-8 strings
Flavors: r-devel-linux-x86_64-fedora-clang, r-devel-linux-x86_64-fedora-gcc, r-patched-solaris-x86, r-release-osx-x86_64, r-oldrel-osx-x86_64