CRAN Package Check Results for Package nzelect

Last updated on 2019-03-19 20:46:58 CET.

Flavor Version Tinstall Tcheck Ttotal Status Flags
r-devel-linux-x86_64-debian-clang 0.4.0 10.77 54.02 64.79 OK
r-devel-linux-x86_64-debian-gcc 0.4.0 9.75 43.75 53.50 OK
r-devel-linux-x86_64-fedora-clang 0.4.0 82.35 NOTE
r-devel-linux-x86_64-fedora-gcc 0.4.0 78.85 NOTE
r-devel-windows-ix86+x86_64 0.4.0 23.00 66.00 89.00 OK
r-patched-linux-x86_64 0.4.0 9.80 52.46 62.26 OK
r-patched-solaris-x86 0.4.0 129.10 NOTE
r-release-linux-x86_64 0.4.0 10.95 52.85 63.80 OK
r-release-windows-ix86+x86_64 0.4.0 20.00 87.00 107.00 OK
r-release-osx-x86_64 0.4.0 NOTE
r-oldrel-windows-ix86+x86_64 0.4.0 17.00 99.00 116.00 OK
r-oldrel-osx-x86_64 0.4.0 NOTE

Check Details

Version: 0.4.0
Check: data for non-ASCII characters
Result: NOTE
     Note: found 6409 marked UTF-8 strings
Flavors: r-devel-linux-x86_64-fedora-clang, r-devel-linux-x86_64-fedora-gcc, r-patched-solaris-x86, r-release-osx-x86_64, r-oldrel-osx-x86_64