CRAN Package Check Results for Package nzpullover

Last updated on 2022-01-24 11:53:06 CET.

Flavor Version Tinstall Tcheck Ttotal Status Flags
r-devel-linux-x86_64-debian-clang 0.3.0 2.09 28.65 30.74 OK
r-devel-linux-x86_64-debian-gcc 0.3.0 2.27 22.83 25.10 OK
r-devel-linux-x86_64-fedora-clang 0.3.0 39.92 NOTE
r-devel-linux-x86_64-fedora-gcc 0.3.0 28.75 NOTE
r-devel-windows-x86_64-new-UL 0.3.0 32.00 45.00 77.00 OK
r-devel-windows-x86_64-new-TK 0.3.0 NOTE
r-patched-linux-x86_64 0.3.0 2.79 27.90 30.69 OK
r-release-linux-x86_64 0.3.0 2.62 27.57 30.19 OK
r-release-macos-arm64 0.3.0 NOTE
r-release-macos-x86_64 0.3.0 NOTE
r-release-windows-ix86+x86_64 0.3.0 7.00 27.00 34.00 OK
r-oldrel-macos-x86_64 0.3.0 NOTE
r-oldrel-windows-ix86+x86_64 0.3.0 5.00 25.00 30.00 OK

Check Details

Version: 0.3.0
Check: data for non-ASCII characters
Result: NOTE
     Note: found 7284 marked UTF-8 strings
Flavors: r-devel-linux-x86_64-fedora-clang, r-devel-linux-x86_64-fedora-gcc, r-devel-windows-x86_64-new-TK, r-release-macos-arm64, r-release-macos-x86_64, r-oldrel-macos-x86_64