CRAN Package Check Results for Package oak

Last updated on 2019-03-23 23:54:01 CET.

Flavor Version Tinstall Tcheck Ttotal Status Flags
r-devel-linux-x86_64-debian-clang 0.2.1 5.15 47.51 52.66 OK
r-devel-linux-x86_64-debian-gcc 0.2.1 4.65 37.74 42.39 OK
r-devel-linux-x86_64-fedora-clang 0.2.1 66.24 OK
r-devel-linux-x86_64-fedora-gcc 0.2.1 63.61 OK
r-devel-windows-ix86+x86_64 0.2.1 14.00 80.00 94.00 OK
r-patched-linux-x86_64 0.2.1 4.43 45.53 49.96 OK
r-patched-solaris-x86 0.2.1 83.40 OK
r-release-linux-x86_64 0.2.1 0.31 2.31 2.62 ERROR
r-release-windows-ix86+x86_64 0.2.1 7.00 61.00 68.00 OK
r-release-osx-x86_64 0.2.1 OK
r-oldrel-windows-ix86+x86_64 0.2.1 5.00 85.00 90.00 OK
r-oldrel-osx-x86_64 0.2.1 OK

Check Details

Version: 0.2.1
Check: whether package can be installed
Result: ERROR
    Installation failed.
Flavor: r-release-linux-x86_64