CRAN Package Check Results for Package objectSignals

Last updated on 2014-12-20 17:51:11.

Flavor Version Tinstall Tcheck Ttotal Status Flags
r-devel-linux-x86_64-debian-clang 0.10.2 0.65 10.46 11.11 NOTE
r-devel-linux-x86_64-debian-gcc 0.10.2 0.70 10.65 11.35 NOTE
r-devel-linux-x86_64-fedora-clang 0.10.2 24.17 NOTE
r-devel-linux-x86_64-fedora-gcc 0.10.2 21.03 NOTE
r-devel-osx-x86_64-clang 0.10.2 24.82 NOTE
r-devel-windows-ix86+x86_64 0.10.2 3.00 23.00 26.00 NOTE
r-patched-linux-x86_64 0.10.2 0.68 10.88 11.56 NOTE
r-patched-solaris-sparc 0.10.2 137.30 NOTE
r-patched-solaris-x86 0.10.2 34.60 NOTE
r-release-linux-ix86 0.10.2 0.96 16.00 16.96 NOTE
r-release-linux-x86_64 0.10.2 0.73 11.36 12.09 NOTE
r-release-osx-x86_64-mavericks 0.10.2 NOTE
r-release-windows-ix86+x86_64 0.10.2 2.00 19.00 21.00 NOTE
r-oldrel-windows-ix86+x86_64 0.10.2 2.00 19.00 21.00 NOTE

Check Details

Version: 0.10.2
Check: DESCRIPTION meta-information
Result: NOTE
    Package listed in more than one of Depends, Imports, Suggests, Enhances:
     ‘methods’
    A package should be listed in only one of these fields.
Flavors: r-devel-linux-x86_64-debian-clang, r-devel-linux-x86_64-debian-gcc, r-devel-linux-x86_64-fedora-clang, r-devel-linux-x86_64-fedora-gcc, r-devel-osx-x86_64-clang, r-devel-windows-ix86+x86_64, r-patched-linux-x86_64, r-patched-solaris-sparc, r-patched-solaris-x86, r-release-linux-ix86, r-release-linux-x86_64, r-release-osx-x86_64-mavericks, r-release-windows-ix86+x86_64, r-oldrel-windows-ix86+x86_64

Version: 0.10.2
Check: dependencies in R code
Result: NOTE
    Namespace in Imports field not imported from: ‘methods’
     All declared Imports should be used.
    Package in Depends field not imported from: ‘methods’
     These packages need to be imported from (in the NAMESPACE file)
     for when this namespace is loaded but not attached.
    See the information on DESCRIPTION files in the chapter ‘Creating R
    packages’ of the ‘Writing R Extensions’ manual.
Flavors: r-devel-linux-x86_64-debian-clang, r-devel-linux-x86_64-debian-gcc, r-devel-linux-x86_64-fedora-clang, r-devel-linux-x86_64-fedora-gcc, r-devel-osx-x86_64-clang, r-devel-windows-ix86+x86_64, r-patched-linux-x86_64, r-patched-solaris-sparc, r-patched-solaris-x86, r-release-linux-ix86, r-release-linux-x86_64, r-release-osx-x86_64-mavericks, r-release-windows-ix86+x86_64, r-oldrel-windows-ix86+x86_64