CRAN Package Check Results for Package objectSignals

Last updated on 2017-11-24 18:50:39 CET.

Flavor Version Tinstall Tcheck Ttotal Status Flags
r-devel-linux-x86_64-debian-clang 0.10.2 1.41 28.90 30.32 NOTE
r-devel-linux-x86_64-debian-gcc 0.10.2 0.88 29.83 30.71 NOTE
r-devel-linux-x86_64-fedora-clang 0.10.2 20.43 NOTE
r-devel-linux-x86_64-fedora-gcc 0.10.2 19.12 NOTE
r-devel-windows-ix86+x86_64 0.10.2 5.00 28.00 33.00 NOTE
r-patched-linux-x86_64 0.10.2 1.20 31.84 33.04 NOTE
r-patched-solaris-x86 0.10.2 32.50 NOTE
r-release-linux-x86_64 0.10.2 1.57 31.98 33.56 NOTE
r-release-windows-ix86+x86_64 0.10.2 3.00 28.00 31.00 NOTE
r-release-osx-x86_64 0.10.2 NOTE
r-oldrel-windows-ix86+x86_64 0.10.2 3.00 26.00 29.00 NOTE
r-oldrel-osx-x86_64 0.10.2 NOTE

Check Details

Version: 0.10.2
Check: DESCRIPTION meta-information
Result: NOTE
    Package listed in more than one of Depends, Imports, Suggests, Enhances:
     ‘methods’
    A package should be listed in only one of these fields.
Flavors: r-devel-linux-x86_64-debian-clang, r-devel-linux-x86_64-debian-gcc, r-devel-linux-x86_64-fedora-clang, r-devel-linux-x86_64-fedora-gcc, r-devel-windows-ix86+x86_64, r-patched-linux-x86_64, r-patched-solaris-x86, r-release-linux-x86_64, r-release-windows-ix86+x86_64, r-release-osx-x86_64, r-oldrel-windows-ix86+x86_64, r-oldrel-osx-x86_64

Version: 0.10.2
Check: dependencies in R code
Result: NOTE
    Package in Depends field not imported from: ‘methods’
     These packages need to be imported from (in the NAMESPACE file)
     for when this namespace is loaded but not attached.
Flavors: r-devel-linux-x86_64-debian-clang, r-devel-linux-x86_64-debian-gcc, r-devel-windows-ix86+x86_64, r-patched-linux-x86_64, r-release-linux-x86_64, r-release-windows-ix86+x86_64, r-oldrel-windows-ix86+x86_64

Version: 0.10.2
Check: R code for possible problems
Result: NOTE
    Signal.gen: no visible global function definition for ‘new’
    Undefined global functions or variables:
     new
    Consider adding
     importFrom("methods", "new")
    to your NAMESPACE file (and ensure that your DESCRIPTION Imports field
    contains 'methods').
Flavors: r-devel-linux-x86_64-debian-clang, r-devel-linux-x86_64-debian-gcc, r-devel-linux-x86_64-fedora-clang, r-devel-linux-x86_64-fedora-gcc, r-devel-windows-ix86+x86_64, r-patched-linux-x86_64, r-patched-solaris-x86, r-release-linux-x86_64, r-release-windows-ix86+x86_64, r-release-osx-x86_64, r-oldrel-windows-ix86+x86_64, r-oldrel-osx-x86_64

Version: 0.10.2
Check: dependencies in R code
Result: NOTE
    Namespace in Imports field not imported from: ‘methods’
     All declared Imports should be used.
    Package in Depends field not imported from: ‘methods’
     These packages need to be imported from (in the NAMESPACE file)
     for when this namespace is loaded but not attached.
Flavors: r-devel-linux-x86_64-fedora-clang, r-devel-linux-x86_64-fedora-gcc, r-patched-solaris-x86, r-release-osx-x86_64, r-oldrel-osx-x86_64