CRAN Package Check Results for Package objectSignals

Last updated on 2017-03-29 18:47:21.

Flavor Version Tinstall Tcheck Ttotal Status Flags
r-devel-linux-x86_64-debian-clang 0.10.2 0.94 12.59 13.54 NOTE
r-devel-linux-x86_64-debian-gcc 0.10.2 1.08 12.24 13.32 NOTE
r-devel-linux-x86_64-fedora-clang 0.10.2 21.45 NOTE --no-stop-on-test-error
r-devel-linux-x86_64-fedora-gcc 0.10.2 20.50 NOTE --no-stop-on-test-error
r-devel-macos-x86_64-clang 0.10.2 19.19 NOTE --no-stop-on-test-error
r-devel-windows-ix86+x86_64 0.10.2 3.00 39.00 42.00 NOTE
r-patched-linux-x86_64 0.10.2 0.98 12.35 13.33 NOTE
r-patched-solaris-sparc 0.10.2 133.60 NOTE
r-patched-solaris-x86 0.10.2 32.00 NOTE
r-release-linux-x86_64 0.10.2 0.88 9.86 10.74 NOTE
r-release-osx-x86_64-mavericks 0.10.2 NOTE
r-release-windows-ix86+x86_64 0.10.2 3.00 26.00 29.00 NOTE
r-oldrel-windows-ix86+x86_64 0.10.2 2.00 23.00 25.00 NOTE

Check Details

Version: 0.10.2
Check: DESCRIPTION meta-information
Result: NOTE
    Package listed in more than one of Depends, Imports, Suggests, Enhances:
     ‘methods’
    A package should be listed in only one of these fields.
Flavors: r-devel-linux-x86_64-debian-clang, r-devel-linux-x86_64-debian-gcc, r-devel-windows-ix86+x86_64, r-patched-linux-x86_64, r-patched-solaris-sparc, r-patched-solaris-x86, r-release-linux-x86_64, r-release-osx-x86_64-mavericks, r-release-windows-ix86+x86_64, r-oldrel-windows-ix86+x86_64

Version: 0.10.2
Check: dependencies in R code
Result: NOTE
    Package in Depends field not imported from: ‘methods’
     These packages need to be imported from (in the NAMESPACE file)
     for when this namespace is loaded but not attached.
Flavors: r-devel-linux-x86_64-debian-clang, r-devel-linux-x86_64-debian-gcc, r-devel-windows-ix86+x86_64, r-patched-linux-x86_64, r-release-linux-x86_64, r-release-windows-ix86+x86_64

Version: 0.10.2
Check: R code for possible problems
Result: NOTE
    Signal.gen: no visible global function definition for ‘new’
    Undefined global functions or variables:
     new
    Consider adding
     importFrom("methods", "new")
    to your NAMESPACE file (and ensure that your DESCRIPTION Imports field
    contains 'methods').
Flavors: r-devel-linux-x86_64-debian-clang, r-devel-linux-x86_64-debian-gcc, r-devel-windows-ix86+x86_64, r-patched-linux-x86_64, r-patched-solaris-sparc, r-patched-solaris-x86, r-release-linux-x86_64, r-release-osx-x86_64-mavericks, r-release-windows-ix86+x86_64

Version: 0.10.2
Flags: --no-stop-on-test-error
Check: DESCRIPTION meta-information
Result: NOTE
    Package listed in more than one of Depends, Imports, Suggests, Enhances:
     ‘methods’
    A package should be listed in only one of these fields.
Flavors: r-devel-linux-x86_64-fedora-clang, r-devel-linux-x86_64-fedora-gcc, r-devel-macos-x86_64-clang

Version: 0.10.2
Flags: --no-stop-on-test-error
Check: dependencies in R code
Result: NOTE
    Namespace in Imports field not imported from: ‘methods’
     All declared Imports should be used.
    Package in Depends field not imported from: ‘methods’
     These packages need to be imported from (in the NAMESPACE file)
     for when this namespace is loaded but not attached.
Flavors: r-devel-linux-x86_64-fedora-clang, r-devel-linux-x86_64-fedora-gcc, r-devel-macos-x86_64-clang

Version: 0.10.2
Flags: --no-stop-on-test-error
Check: R code for possible problems
Result: NOTE
    Signal.gen: no visible global function definition for ‘new’
    Undefined global functions or variables:
     new
    Consider adding
     importFrom("methods", "new")
    to your NAMESPACE file (and ensure that your DESCRIPTION Imports field
    contains 'methods').
Flavors: r-devel-linux-x86_64-fedora-clang, r-devel-linux-x86_64-fedora-gcc, r-devel-macos-x86_64-clang

Version: 0.10.2
Check: dependencies in R code
Result: NOTE
    Namespace in Imports field not imported from: ‘methods’
     All declared Imports should be used.
    Package in Depends field not imported from: ‘methods’
     These packages need to be imported from (in the NAMESPACE file)
     for when this namespace is loaded but not attached.
Flavors: r-patched-solaris-sparc, r-patched-solaris-x86, r-release-osx-x86_64-mavericks, r-oldrel-windows-ix86+x86_64