CRAN Package Check Results for Package objectSignals

Last updated on 2016-07-28 10:47:54.

Flavor Version Tinstall Tcheck Ttotal Status Flags
r-devel-linux-x86_64-debian-clang 0.10.2 0.86 11.70 12.56 NOTE
r-devel-linux-x86_64-debian-gcc 0.10.2 0.66 11.46 12.12 NOTE
r-devel-linux-x86_64-fedora-clang 0.10.2 17.18 NOTE
r-devel-linux-x86_64-fedora-gcc 0.10.2 15.40 NOTE
r-devel-osx-x86_64-clang 0.10.2 15.95 NOTE
r-devel-windows-ix86+x86_64 0.10.2 2.00 26.00 28.00 NOTE
r-patched-linux-x86_64 0.10.2 0.76 11.91 12.67 NOTE
r-patched-solaris-sparc 0.10.2 107.80 NOTE
r-patched-solaris-x86 0.10.2 25.30 NOTE
r-release-linux-x86_64 0.10.2 0.74 11.30 12.04 NOTE
r-release-osx-x86_64-mavericks 0.10.2 NOTE
r-release-windows-ix86+x86_64 0.10.2 3.00 34.00 37.00 NOTE
r-oldrel-windows-ix86+x86_64 0.10.2 2.00 18.00 20.00 NOTE

Check Details

Version: 0.10.2
Check: DESCRIPTION meta-information
Result: NOTE
    Package listed in more than one of Depends, Imports, Suggests, Enhances:
     ‘methods’
    A package should be listed in only one of these fields.
Flavors: r-devel-linux-x86_64-debian-clang, r-devel-linux-x86_64-debian-gcc, r-devel-linux-x86_64-fedora-clang, r-devel-linux-x86_64-fedora-gcc, r-devel-osx-x86_64-clang, r-devel-windows-ix86+x86_64, r-patched-linux-x86_64, r-patched-solaris-sparc, r-patched-solaris-x86, r-release-linux-x86_64, r-release-osx-x86_64-mavericks, r-release-windows-ix86+x86_64, r-oldrel-windows-ix86+x86_64

Version: 0.10.2
Check: dependencies in R code
Result: NOTE
    Package in Depends field not imported from: ‘methods’
     These packages need to be imported from (in the NAMESPACE file)
     for when this namespace is loaded but not attached.
Flavors: r-devel-linux-x86_64-debian-clang, r-devel-linux-x86_64-debian-gcc, r-devel-windows-ix86+x86_64, r-patched-linux-x86_64, r-release-linux-x86_64, r-release-windows-ix86+x86_64

Version: 0.10.2
Check: R code for possible problems
Result: NOTE
    Signal.gen: no visible global function definition for ‘new’
    Undefined global functions or variables:
     new
    Consider adding
     importFrom("methods", "new")
    to your NAMESPACE file (and ensure that your DESCRIPTION Imports field
    contains 'methods').
Flavors: r-devel-linux-x86_64-debian-clang, r-devel-linux-x86_64-debian-gcc, r-devel-linux-x86_64-fedora-clang, r-devel-linux-x86_64-fedora-gcc, r-devel-osx-x86_64-clang, r-devel-windows-ix86+x86_64, r-patched-linux-x86_64, r-patched-solaris-sparc, r-patched-solaris-x86, r-release-linux-x86_64, r-release-osx-x86_64-mavericks, r-release-windows-ix86+x86_64

Version: 0.10.2
Check: dependencies in R code
Result: NOTE
    Namespace in Imports field not imported from: ‘methods’
     All declared Imports should be used.
    Package in Depends field not imported from: ‘methods’
     These packages need to be imported from (in the NAMESPACE file)
     for when this namespace is loaded but not attached.
Flavors: r-devel-linux-x86_64-fedora-clang, r-devel-linux-x86_64-fedora-gcc, r-devel-osx-x86_64-clang, r-patched-solaris-sparc, r-patched-solaris-x86, r-release-osx-x86_64-mavericks, r-oldrel-windows-ix86+x86_64