CRAN Package Check Results for Package objectSignals

Last updated on 2014-08-30 15:48:42.

Flavor Version Tinstall Tcheck Ttotal Status Flags
r-devel-linux-x86_64-debian-clang 0.10.2 0.67 9.88 10.55 NOTE
r-devel-linux-x86_64-debian-gcc 0.10.2 0.64 9.66 10.30 NOTE
r-devel-linux-x86_64-fedora-clang 0.10.2 21.92 NOTE
r-devel-linux-x86_64-fedora-gcc 0.10.2 20.81 NOTE
r-devel-osx-x86_64-clang 0.10.2 23.69 NOTE
r-devel-windows-ix86+x86_64 0.10.2 2.00 19.00 21.00 NOTE
r-patched-linux-x86_64 0.10.2 0.70 10.14 10.84 NOTE
r-patched-solaris-sparc 0.10.2 137.30 NOTE
r-patched-solaris-x86 0.10.2 34.70 NOTE
r-release-linux-ix86 0.10.2 1.00 16.39 17.39 NOTE
r-release-linux-x86_64 0.10.2 0.71 10.16 10.87 NOTE
r-release-osx-x86_64-mavericks 0.10.2 NOTE
r-release-windows-ix86+x86_64 0.10.2 3.00 19.00 22.00 NOTE
r-oldrel-windows-ix86+x86_64 0.10.2 2.00 19.00 21.00 NOTE

Check Details

Version: 0.10.2
Check: DESCRIPTION meta-information
Result: NOTE
    Package listed in more than one of Depends, Imports, Suggests, Enhances:
     ‘methods’
    A package should be listed in only one of these fields.
Flavors: r-devel-linux-x86_64-debian-clang, r-devel-linux-x86_64-debian-gcc, r-devel-linux-x86_64-fedora-clang, r-devel-linux-x86_64-fedora-gcc, r-devel-osx-x86_64-clang, r-devel-windows-ix86+x86_64, r-patched-linux-x86_64, r-patched-solaris-sparc, r-patched-solaris-x86, r-release-linux-ix86, r-release-linux-x86_64, r-release-osx-x86_64-mavericks, r-release-windows-ix86+x86_64, r-oldrel-windows-ix86+x86_64

Version: 0.10.2
Check: dependencies in R code
Result: NOTE
    Namespace in Imports field not imported from: ‘methods’
     All declared Imports should be used.
    Package in Depends field not imported from: ‘methods’
     These packages need to be imported from (in the NAMESPACE file)
     for when this namespace is loaded but not attached.
    See the information on DESCRIPTION files in the chapter ‘Creating R
    packages’ of the ‘Writing R Extensions’ manual.
Flavors: r-devel-linux-x86_64-debian-clang, r-devel-linux-x86_64-debian-gcc, r-devel-linux-x86_64-fedora-clang, r-devel-linux-x86_64-fedora-gcc, r-devel-osx-x86_64-clang, r-devel-windows-ix86+x86_64, r-patched-linux-x86_64, r-patched-solaris-sparc, r-patched-solaris-x86, r-release-linux-ix86, r-release-linux-x86_64, r-release-osx-x86_64-mavericks, r-release-windows-ix86+x86_64, r-oldrel-windows-ix86+x86_64