CRAN Package Check Results for Package objectSignals

Last updated on 2015-04-27 08:48:16.

Flavor Version Tinstall Tcheck Ttotal Status Flags
r-devel-linux-x86_64-debian-clang 0.10.2 0.64 9.91 10.55 NOTE
r-devel-linux-x86_64-debian-gcc 0.10.2 0.62 9.83 10.44 NOTE
r-devel-linux-x86_64-fedora-clang 0.10.2 20.12 NOTE
r-devel-linux-x86_64-fedora-gcc 0.10.2 18.62 NOTE
r-devel-osx-x86_64-clang 0.10.2 23.12 NOTE
r-devel-windows-ix86+x86_64 0.10.2 3.00 17.00 20.00 NOTE
r-patched-linux-x86_64 0.10.2 0.74 9.90 10.63 NOTE
r-patched-solaris-sparc 0.10.2 141.50 NOTE
r-patched-solaris-x86 0.10.2 30.30 NOTE
r-release-linux-x86_64 0.10.2 0.62 10.05 10.68 NOTE
r-release-osx-x86_64-mavericks 0.10.2 NOTE
r-release-osx-x86_64-snowleopard 0.10.2 NOTE
r-release-windows-ix86+x86_64 0.10.2 2.00 19.00 21.00 NOTE
r-oldrel-windows-ix86+x86_64 0.10.2 4.00 19.00 23.00 NOTE

Check Details

Version: 0.10.2
Check: DESCRIPTION meta-information
Result: NOTE
    Package listed in more than one of Depends, Imports, Suggests, Enhances:
     ‘methods’
    A package should be listed in only one of these fields.
Flavors: r-devel-linux-x86_64-debian-clang, r-devel-linux-x86_64-debian-gcc, r-devel-linux-x86_64-fedora-clang, r-devel-linux-x86_64-fedora-gcc, r-devel-osx-x86_64-clang, r-devel-windows-ix86+x86_64, r-patched-solaris-sparc, r-patched-solaris-x86, r-release-osx-x86_64-mavericks, r-release-osx-x86_64-snowleopard, r-release-windows-ix86+x86_64, r-oldrel-windows-ix86+x86_64

Version: 0.10.2
Check: dependencies in R code
Result: NOTE
    Namespace in Imports field not imported from: ‘methods’
     All declared Imports should be used.
    Package in Depends field not imported from: ‘methods’
     These packages need to be imported from (in the NAMESPACE file)
     for when this namespace is loaded but not attached.
Flavors: r-devel-linux-x86_64-debian-clang, r-devel-linux-x86_64-debian-gcc, r-devel-linux-x86_64-fedora-clang, r-devel-linux-x86_64-fedora-gcc, r-devel-osx-x86_64-clang, r-devel-windows-ix86+x86_64, r-patched-solaris-sparc, r-patched-solaris-x86, r-release-osx-x86_64-mavericks, r-release-osx-x86_64-snowleopard, r-release-windows-ix86+x86_64, r-oldrel-windows-ix86+x86_64