CRAN Package Check Results for Package objectSignals

Last updated on 2016-02-13 11:54:29.

Flavor Version Tinstall Tcheck Ttotal Status Flags
r-devel-linux-x86_64-debian-gcc 0.10.2 0.64 9.07 9.71 NOTE
r-devel-linux-x86_64-fedora-clang 0.10.2 16.87 NOTE
r-devel-linux-x86_64-fedora-gcc 0.10.2 16.08 NOTE
r-devel-osx-x86_64-clang 0.10.2 21.85 NOTE
r-devel-windows-ix86+x86_64 0.10.2 4.00 20.00 24.00 NOTE
r-patched-linux-x86_64 0.10.2 0.70 9.56 10.26 NOTE
r-patched-solaris-sparc 0.10.2 115.40 NOTE
r-patched-solaris-x86 0.10.2 28.30 NOTE
r-release-linux-x86_64 0.10.2 0.78 9.63 10.41 NOTE
r-release-osx-x86_64-mavericks 0.10.2 NOTE
r-release-windows-ix86+x86_64 0.10.2 2.00 18.00 20.00 NOTE
r-oldrel-windows-ix86+x86_64 0.10.2 4.00 19.00 23.00 NOTE

Check Details

Version: 0.10.2
Check: DESCRIPTION meta-information
Result: NOTE
    Package listed in more than one of Depends, Imports, Suggests, Enhances:
     ‘methods’
    A package should be listed in only one of these fields.
Flavors: r-devel-linux-x86_64-debian-gcc, r-devel-linux-x86_64-fedora-clang, r-devel-linux-x86_64-fedora-gcc, r-devel-osx-x86_64-clang, r-devel-windows-ix86+x86_64, r-patched-linux-x86_64, r-patched-solaris-sparc, r-patched-solaris-x86, r-release-linux-x86_64, r-release-osx-x86_64-mavericks, r-release-windows-ix86+x86_64, r-oldrel-windows-ix86+x86_64

Version: 0.10.2
Check: dependencies in R code
Result: NOTE
    Package in Depends field not imported from: ‘methods’
     These packages need to be imported from (in the NAMESPACE file)
     for when this namespace is loaded but not attached.
Flavors: r-devel-linux-x86_64-debian-gcc, r-devel-windows-ix86+x86_64

Version: 0.10.2
Check: R code for possible problems
Result: NOTE
    Signal.gen: no visible global function definition for ‘new’
    Undefined global functions or variables:
     new
    Consider adding
     importFrom("methods", "new")
    to your NAMESPACE file (and ensure that your DESCRIPTION Imports field
    contains 'methods').
Flavors: r-devel-linux-x86_64-debian-gcc, r-devel-linux-x86_64-fedora-clang, r-devel-linux-x86_64-fedora-gcc, r-devel-osx-x86_64-clang, r-devel-windows-ix86+x86_64

Version: 0.10.2
Check: dependencies in R code
Result: NOTE
    Namespace in Imports field not imported from: ‘methods’
     All declared Imports should be used.
    Package in Depends field not imported from: ‘methods’
     These packages need to be imported from (in the NAMESPACE file)
     for when this namespace is loaded but not attached.
Flavors: r-devel-linux-x86_64-fedora-clang, r-devel-linux-x86_64-fedora-gcc, r-devel-osx-x86_64-clang, r-patched-linux-x86_64, r-patched-solaris-sparc, r-patched-solaris-x86, r-release-linux-x86_64, r-release-osx-x86_64-mavericks, r-release-windows-ix86+x86_64, r-oldrel-windows-ix86+x86_64