CRAN Package Check Results for Package objectSignals

Last updated on 2015-07-02 07:48:47.

Flavor Version Tinstall Tcheck Ttotal Status Flags
r-devel-linux-x86_64-debian-clang 0.10.2 0.60 9.84 10.45 NOTE
r-devel-linux-x86_64-debian-gcc 0.10.2 0.60 9.37 9.97 NOTE
r-devel-linux-x86_64-fedora-clang 0.10.2 19.99 NOTE
r-devel-linux-x86_64-fedora-gcc 0.10.2 20.43 NOTE
r-devel-osx-x86_64-clang 0.10.2 20.94 NOTE
r-devel-windows-ix86+x86_64 0.10.2 3.00 27.00 30.00 NOTE
r-patched-linux-x86_64 0.10.2 0.61 9.71 10.32 NOTE
r-patched-solaris-sparc 0.10.2 128.40 NOTE
r-patched-solaris-x86 0.10.2 32.50 NOTE
r-release-linux-x86_64 0.10.2 0.61 9.66 10.28 NOTE
r-release-osx-x86_64-mavericks 0.10.2 NOTE
r-release-windows-ix86+x86_64 0.10.2 3.00 20.00 23.00 NOTE
r-oldrel-windows-ix86+x86_64 0.10.2 4.00 19.00 23.00 NOTE

Check Details

Version: 0.10.2
Check: DESCRIPTION meta-information
Result: NOTE
    Package listed in more than one of Depends, Imports, Suggests, Enhances:
     ‘methods’
    A package should be listed in only one of these fields.
Flavors: r-devel-linux-x86_64-debian-clang, r-devel-linux-x86_64-debian-gcc, r-devel-linux-x86_64-fedora-clang, r-devel-linux-x86_64-fedora-gcc, r-devel-osx-x86_64-clang, r-devel-windows-ix86+x86_64, r-patched-linux-x86_64, r-patched-solaris-sparc, r-patched-solaris-x86, r-release-linux-x86_64, r-release-osx-x86_64-mavericks, r-release-windows-ix86+x86_64, r-oldrel-windows-ix86+x86_64

Version: 0.10.2
Check: dependencies in R code
Result: NOTE
    Namespace in Imports field not imported from: ‘methods’
     All declared Imports should be used.
    Package in Depends field not imported from: ‘methods’
     These packages need to be imported from (in the NAMESPACE file)
     for when this namespace is loaded but not attached.
Flavors: r-devel-linux-x86_64-debian-clang, r-devel-linux-x86_64-debian-gcc, r-devel-linux-x86_64-fedora-clang, r-devel-linux-x86_64-fedora-gcc, r-devel-osx-x86_64-clang, r-devel-windows-ix86+x86_64, r-patched-linux-x86_64, r-patched-solaris-sparc, r-patched-solaris-x86, r-release-linux-x86_64, r-release-osx-x86_64-mavericks, r-release-windows-ix86+x86_64, r-oldrel-windows-ix86+x86_64

Version: 0.10.2
Check: R code for possible problems
Result: NOTE
    Signal.gen: no visible global function definition for ‘new’
Flavors: r-devel-linux-x86_64-debian-clang, r-devel-linux-x86_64-debian-gcc, r-devel-linux-x86_64-fedora-gcc

Version: 0.10.2
Check: R code for possible problems
Result: NOTE
    Signal.gen: no visible global function definition for ‘new’
    Undefined global functions or variables:
     new
Flavor: r-devel-linux-x86_64-fedora-clang