CRAN Package Check Results for Package objectremover

Last updated on 2019-06-19 20:46:48 CEST.

Flavor Version Tinstall Tcheck Ttotal Status Flags
r-devel-linux-x86_64-debian-clang 0.6.4 1.62 16.67 18.29 OK
r-devel-linux-x86_64-debian-gcc 0.6.4 1.28 13.74 15.02 OK
r-devel-linux-x86_64-fedora-clang 0.6.4 22.78 NOTE
r-devel-linux-x86_64-fedora-gcc 0.6.4 21.59 NOTE
r-devel-windows-ix86+x86_64 0.6.4 11.00 43.00 54.00 OK
r-patched-linux-x86_64 0.6.4 1.56 16.64 18.20 OK
r-patched-solaris-x86 0.6.4 37.20 NOTE
r-release-linux-x86_64 0.6.4 1.59 16.79 18.38 OK
r-release-windows-ix86+x86_64 0.6.4 7.00 40.00 47.00 OK
r-release-osx-x86_64 0.6.4 NOTE
r-oldrel-windows-ix86+x86_64 0.6.4 2.00 44.00 46.00 OK
r-oldrel-osx-x86_64 0.6.4 NOTE

Check Details

Version: 0.6.4
Check: dependencies in R code
Result: NOTE
    Namespace in Imports field not imported from: ‘rstudioapi’
     All declared Imports should be used.
Flavors: r-devel-linux-x86_64-fedora-clang, r-devel-linux-x86_64-fedora-gcc, r-patched-solaris-x86, r-release-osx-x86_64, r-oldrel-osx-x86_64