CRAN Package Check Results for Package oblique.tree

Last updated on 2014-07-24 19:49:06.

Flavor Version Tinstall Tcheck Ttotal Status Flags
r-devel-linux-x86_64-debian-clang 1.1.1 14.92 60.19 75.10 NOTE
r-devel-linux-x86_64-debian-gcc 1.1.1 14.98 54.86 69.84 NOTE
r-devel-linux-x86_64-fedora-clang 1.1.1 158.28 NOTE
r-devel-linux-x86_64-fedora-gcc 1.1.1 148.09 NOTE
r-devel-osx-x86_64-clang 1.1.1 116.04 NOTE
r-devel-windows-ix86+x86_64 1.1.1 48.00 111.00 159.00 NOTE
r-patched-linux-x86_64 1.1.1 15.77 55.02 70.80 NOTE
r-patched-solaris-sparc 1.1.1 863.90 NOTE
r-patched-solaris-x86 1.1.1 185.80 ERROR
r-release-linux-ix86 1.1.1 21.65 59.45 81.10 ERROR
r-release-linux-x86_64 1.1.1 14.81 56.27 71.08 NOTE
r-release-osx-x86_64-mavericks 1.1.1 NOTE
r-release-osx-x86_64-snowleopard 1.1.1 NOTE
r-release-windows-ix86+x86_64 1.1.1 43.00 108.00 151.00 NOTE
r-oldrel-windows-ix86+x86_64 1.1.1 48.00 118.00 166.00 NOTE

Check Details

Version: 1.1.1
Check: dependencies in R code
Result: NOTE
    Unexported object imported by a ':::' call: ‘tree:::tree.matrix’
     See the note in ?`:::` about the use of this operator.
    See the information on DESCRIPTION files in the chapter ‘Creating R
    packages’ of the ‘Writing R Extensions’ manual.
Flavors: r-devel-linux-x86_64-debian-clang, r-devel-linux-x86_64-debian-gcc, r-devel-linux-x86_64-fedora-clang, r-devel-linux-x86_64-fedora-gcc, r-devel-osx-x86_64-clang, r-devel-windows-ix86+x86_64, r-patched-linux-x86_64, r-patched-solaris-sparc, r-patched-solaris-x86, r-release-linux-ix86, r-release-linux-x86_64, r-release-osx-x86_64-mavericks, r-release-osx-x86_64-snowleopard, r-release-windows-ix86+x86_64, r-oldrel-windows-ix86+x86_64

Version: 1.1.1
Check: compiled code
Result: NOTE
    File ‘/home/hornik/tmp/R.check/r-devel-clang/Work/build/Packages/oblique.tree/libs/oblique.tree.so’:
     Found ‘_gfortran_st_write’, possibly from ‘write’ (Fortran), ‘print’
     (Fortran)
     Objects: ‘mi02lib.o’, ‘mi05funs.o’, ‘mi10unix.o’, ‘mi11sys.o’,
     ‘mi12solv.o’, ‘mi20amat.o’, ‘mi25bfac.o’, ‘mi26bfac.o’,
     ‘mi27lu.o’, ‘mi30spec.o’, ‘mi35mps.o’, ‘mi36mps.o’, ‘mi40bfil.o’,
     ‘mi50lp.o’, ‘mi60srch.o’, ‘mi65rmod.o’, ‘mi70nobj.o’,
     ‘mi80ncon.o’, ‘mi81ncon.o’
    
    Compiled code should not call entry points which might terminate R nor
    write to stdout/stderr instead of to the console.
    
    See ‘Writing portable packages’ in the ‘Writing R Extensions’ manual.
Flavor: r-devel-linux-x86_64-debian-clang

Version: 1.1.1
Check: compiled code
Result: NOTE
    File ‘/home/hornik/tmp/R.check/r-devel-gcc/Work/build/Packages/oblique.tree/libs/oblique.tree.so’:
     Found ‘_gfortran_st_write’, possibly from ‘write’ (Fortran), ‘print’
     (Fortran)
     Objects: ‘mi02lib.o’, ‘mi05funs.o’, ‘mi10unix.o’, ‘mi11sys.o’,
     ‘mi12solv.o’, ‘mi20amat.o’, ‘mi25bfac.o’, ‘mi26bfac.o’,
     ‘mi27lu.o’, ‘mi30spec.o’, ‘mi35mps.o’, ‘mi36mps.o’, ‘mi40bfil.o’,
     ‘mi50lp.o’, ‘mi60srch.o’, ‘mi65rmod.o’, ‘mi70nobj.o’,
     ‘mi80ncon.o’, ‘mi81ncon.o’
    
    Compiled code should not call entry points which might terminate R nor
    write to stdout/stderr instead of to the console.
    
    See ‘Writing portable packages’ in the ‘Writing R Extensions’ manual.
Flavor: r-devel-linux-x86_64-debian-gcc

Version: 1.1.1
Check: compiled code
Result: NOTE
    File ‘/data/gannet/ripley/R/packages/tests-clang/oblique.tree.Rcheck/oblique.tree/libs/oblique.tree.so’:
     Found ‘_gfortran_st_write’, possibly from ‘write’ (Fortran), ‘print’
     (Fortran)
     Objects: ‘mi02lib.o’, ‘mi05funs.o’, ‘mi10unix.o’, ‘mi11sys.o’,
     ‘mi12solv.o’, ‘mi20amat.o’, ‘mi25bfac.o’, ‘mi26bfac.o’,
     ‘mi27lu.o’, ‘mi30spec.o’, ‘mi35mps.o’, ‘mi36mps.o’, ‘mi40bfil.o’,
     ‘mi50lp.o’, ‘mi60srch.o’, ‘mi65rmod.o’, ‘mi70nobj.o’,
     ‘mi80ncon.o’, ‘mi81ncon.o’
    
    Compiled code should not call entry points which might terminate R nor
    write to stdout/stderr instead of to the console.
    
    See ‘Writing portable packages’ in the ‘Writing R Extensions’ manual.
Flavor: r-devel-linux-x86_64-fedora-clang

Version: 1.1.1
Check: compiled code
Result: NOTE
    File ‘/data/gannet/ripley/R/packages/tests-devel/oblique.tree.Rcheck/oblique.tree/libs/oblique.tree.so’:
     Found ‘_gfortran_st_write’, possibly from ‘write’ (Fortran), ‘print’
     (Fortran)
     Objects: ‘mi02lib.o’, ‘mi05funs.o’, ‘mi10unix.o’, ‘mi11sys.o’,
     ‘mi12solv.o’, ‘mi20amat.o’, ‘mi25bfac.o’, ‘mi26bfac.o’,
     ‘mi27lu.o’, ‘mi30spec.o’, ‘mi35mps.o’, ‘mi36mps.o’, ‘mi40bfil.o’,
     ‘mi50lp.o’, ‘mi60srch.o’, ‘mi65rmod.o’, ‘mi70nobj.o’,
     ‘mi80ncon.o’, ‘mi81ncon.o’
    
    Compiled code should not call entry points which might terminate R nor
    write to stdout/stderr instead of to the console.
    
    See ‘Writing portable packages’ in the ‘Writing R Extensions’ manual.
Flavor: r-devel-linux-x86_64-fedora-gcc

Version: 1.1.1
Check: compiled code
Result: NOTE
    File ‘/Users/ripley/R/packages/tests-devel/oblique.tree.Rcheck/oblique.tree/libs/oblique.tree.so’:
     Found ‘__gfortran_st_write’, possibly from ‘write’ (Fortran), ‘print’
     (Fortran)
     Objects: ‘mi02lib.o’, ‘mi05funs.o’, ‘mi10unix.o’, ‘mi11sys.o’,
     ‘mi12solv.o’, ‘mi20amat.o’, ‘mi25bfac.o’, ‘mi26bfac.o’,
     ‘mi27lu.o’, ‘mi30spec.o’, ‘mi35mps.o’, ‘mi36mps.o’, ‘mi40bfil.o’,
     ‘mi50lp.o’, ‘mi60srch.o’, ‘mi65rmod.o’, ‘mi70nobj.o’,
     ‘mi80ncon.o’, ‘mi81ncon.o’
    
    Compiled code should not call entry points which might terminate R nor
    write to stdout/stderr instead of to the console.
    
    See ‘Writing portable packages’ in the ‘Writing R Extensions’ manual.
Flavor: r-devel-osx-x86_64-clang

Version: 1.1.1
Check: compiled code
Result: NOTE
    File 'd:/Rcompile/CRANpkg/lib/3.2/oblique.tree/libs/i386/oblique.tree.dll':
     Found '_gfortran_st_write', possibly from 'write' (Fortran), 'print'
     (Fortran)
     Objects: 'mi02lib.o', 'mi05funs.o', 'mi10unix.o', 'mi11sys.o',
     'mi12solv.o', 'mi20amat.o', 'mi25bfac.o', 'mi26bfac.o',
     'mi27lu.o', 'mi30spec.o', 'mi35mps.o', 'mi36mps.o', 'mi40bfil.o',
     'mi50lp.o', 'mi60srch.o', 'mi65rmod.o', 'mi70nobj.o',
     'mi80ncon.o', 'mi81ncon.o'
    File 'd:/Rcompile/CRANpkg/lib/3.2/oblique.tree/libs/x64/oblique.tree.dll':
     Found '_gfortran_st_write', possibly from 'write' (Fortran), 'print'
     (Fortran)
     Objects: 'mi02lib.o', 'mi05funs.o', 'mi10unix.o', 'mi11sys.o',
     'mi12solv.o', 'mi20amat.o', 'mi25bfac.o', 'mi26bfac.o',
     'mi27lu.o', 'mi30spec.o', 'mi35mps.o', 'mi36mps.o', 'mi40bfil.o',
     'mi50lp.o', 'mi60srch.o', 'mi65rmod.o', 'mi70nobj.o',
     'mi80ncon.o', 'mi81ncon.o'
    
    Compiled code should not call entry points which might terminate R nor
    write to stdout/stderr instead of to the console.
    
    See 'Writing portable packages' in the 'Writing R Extensions' manual.
    * checking examples ...
Flavor: r-devel-windows-ix86+x86_64

Version: 1.1.1
Check: compiled code
Result: NOTE
    File ‘/home/hornik/tmp/R.check/r-patched-gcc/Work/build/Packages/oblique.tree/libs/oblique.tree.so’:
     Found ‘_gfortran_st_write’, possibly from ‘write’ (Fortran), ‘print’
     (Fortran)
     Objects: ‘mi02lib.o’, ‘mi05funs.o’, ‘mi10unix.o’, ‘mi11sys.o’,
     ‘mi12solv.o’, ‘mi20amat.o’, ‘mi25bfac.o’, ‘mi26bfac.o’,
     ‘mi27lu.o’, ‘mi30spec.o’, ‘mi35mps.o’, ‘mi36mps.o’, ‘mi40bfil.o’,
     ‘mi50lp.o’, ‘mi60srch.o’, ‘mi65rmod.o’, ‘mi70nobj.o’,
     ‘mi80ncon.o’, ‘mi81ncon.o’
    
    Compiled code should not call entry points which might terminate R nor
    write to stdout/stderr instead of to the console.
    
    See ‘Writing portable packages’ in the ‘Writing R Extensions’ manual.
Flavor: r-patched-linux-x86_64

Version: 1.1.1
Check: compiled code
Result: NOTE
    File ‘/home/ripley/R/Lib32/oblique.tree/libs/oblique.tree.so’:
     Found ‘__f90_esfw’, possibly from ‘print’ (Fortran), ‘write’
     (Fortran)
     Objects: ‘mi02lib.o’, ‘mi05funs.o’, ‘mi10unix.o’, ‘mi11sys.o’,
     ‘mi12solv.o’, ‘mi20amat.o’, ‘mi25bfac.o’, ‘mi26bfac.o’,
     ‘mi27lu.o’, ‘mi30spec.o’, ‘mi35mps.o’, ‘mi36mps.o’, ‘mi40bfil.o’,
     ‘mi50lp.o’, ‘mi60srch.o’, ‘mi65rmod.o’, ‘mi70nobj.o’,
     ‘mi80ncon.o’, ‘mi81ncon.o’
    
    Compiled code should not call entry points which might terminate R nor
    write to stdout/stderr instead of to the console.
    
    See ‘Writing portable packages’ in the ‘Writing R Extensions’ manual.
Flavors: r-patched-solaris-sparc, r-patched-solaris-x86

Version: 1.1.1
Check: examples
Result: ERROR
    Running examples in ‘oblique.tree-Ex.R’ failed
    The error most likely occurred in:
    
    > ### Name: plot.trim.sequence
    > ### Title: Plot a Trim Sequence
    > ### Aliases: plot.trim.sequence
    > ### Keywords: tree
    >
    > ### ** Examples
    >
    > #grow an oblique tree
    > data(Pima.tr, package="MASS")
    > ob.tree <- oblique.tree( type~.,
    + Pima.tr,
    + oblique.splits="only",
    + variable.selection="model.selection.aic")
    >
    > #look at the tree
    > plot(ob.tree);text(ob.tree)
    >
    > #and its trim sequence
    > plot(trim.oblique.tree(ob.tree))
    Error in list.of.node.names.to.prune[[list.index]] :
     subscript out of bounds
    Calls: plot ... trim.once -> oblique.tree.prune.nodes -> %in% -> match
    Execution halted
Flavors: r-patched-solaris-x86, r-release-linux-ix86

Version: 1.1.1
Check: compiled code
Result: NOTE
    File ‘/home/hornik/tmp/R.check/r-release-gcc/Work/build/Packages/oblique.tree/libs/oblique.tree.so’:
     Found ‘_gfortran_st_write’, possibly from ‘write’ (Fortran), ‘print’
     (Fortran)
     Objects: ‘mi02lib.o’, ‘mi05funs.o’, ‘mi10unix.o’, ‘mi11sys.o’,
     ‘mi12solv.o’, ‘mi20amat.o’, ‘mi25bfac.o’, ‘mi26bfac.o’,
     ‘mi27lu.o’, ‘mi30spec.o’, ‘mi35mps.o’, ‘mi36mps.o’, ‘mi40bfil.o’,
     ‘mi50lp.o’, ‘mi60srch.o’, ‘mi65rmod.o’, ‘mi70nobj.o’,
     ‘mi80ncon.o’, ‘mi81ncon.o’
    
    Compiled code should not call entry points which might terminate R nor
    write to stdout/stderr instead of to the console.
    
    See ‘Writing portable packages’ in the ‘Writing R Extensions’ manual.
Flavors: r-release-linux-ix86, r-release-linux-x86_64

Version: 1.1.1
Check: compiled code
Result: NOTE
    File ‘/Builds/CRAN-QA-Simon/packages/mavericks-x86_64/results/3.1/oblique.tree.Rcheck/oblique.tree/libs/oblique.tree.so’:
     Found ‘__gfortran_st_write’, possibly from ‘write’ (Fortran), ‘print’
     (Fortran)
     Objects: ‘mi02lib.o’, ‘mi05funs.o’, ‘mi10unix.o’, ‘mi11sys.o’,
     ‘mi12solv.o’, ‘mi20amat.o’, ‘mi25bfac.o’, ‘mi26bfac.o’,
     ‘mi27lu.o’, ‘mi30spec.o’, ‘mi35mps.o’, ‘mi36mps.o’, ‘mi40bfil.o’,
     ‘mi50lp.o’, ‘mi60srch.o’, ‘mi65rmod.o’, ‘mi70nobj.o’,
     ‘mi80ncon.o’, ‘mi81ncon.o’
    
    Compiled code should not call entry points which might terminate R nor
    write to stdout/stderr instead of to the console.
    
    See ‘Writing portable packages’ in the ‘Writing R Extensions’ manual.
Flavor: r-release-osx-x86_64-mavericks

Version: 1.1.1
Check: compiled code
Result: NOTE
    File '/Volumes/XT3/Builds/R-dev-web/QA/Simon/packages/snowleopard-x86_64/results/3.1/oblique.tree.Rcheck/oblique.tree/libs/oblique.tree.so':
     Found '__gfortran_st_write', possibly from 'write' (Fortran), 'print'
     (Fortran)
     Objects: 'mi02lib.o', 'mi05funs.o', 'mi10unix.o', 'mi11sys.o',
     'mi12solv.o', 'mi20amat.o', 'mi25bfac.o', 'mi26bfac.o',
     'mi27lu.o', 'mi30spec.o', 'mi35mps.o', 'mi36mps.o', 'mi40bfil.o',
     'mi50lp.o', 'mi60srch.o', 'mi65rmod.o', 'mi70nobj.o',
     'mi80ncon.o', 'mi81ncon.o'
    
    Compiled code should not call entry points which might terminate R nor
    write to stdout/stderr instead of to the console.
    
    See 'Writing portable packages' in the 'Writing R Extensions' manual.
Flavor: r-release-osx-x86_64-snowleopard

Version: 1.1.1
Check: compiled code
Result: NOTE
    File 'd:/Rcompile/CRANpkg/lib/3.1/oblique.tree/libs/i386/oblique.tree.dll':
     Found '_gfortran_st_write', possibly from 'write' (Fortran), 'print'
     (Fortran)
     Objects: 'mi02lib.o', 'mi05funs.o', 'mi10unix.o', 'mi11sys.o',
     'mi12solv.o', 'mi20amat.o', 'mi25bfac.o', 'mi26bfac.o',
     'mi27lu.o', 'mi30spec.o', 'mi35mps.o', 'mi36mps.o', 'mi40bfil.o',
     'mi50lp.o', 'mi60srch.o', 'mi65rmod.o', 'mi70nobj.o',
     'mi80ncon.o', 'mi81ncon.o'
    File 'd:/Rcompile/CRANpkg/lib/3.1/oblique.tree/libs/x64/oblique.tree.dll':
     Found '_gfortran_st_write', possibly from 'write' (Fortran), 'print'
     (Fortran)
     Objects: 'mi02lib.o', 'mi05funs.o', 'mi10unix.o', 'mi11sys.o',
     'mi12solv.o', 'mi20amat.o', 'mi25bfac.o', 'mi26bfac.o',
     'mi27lu.o', 'mi30spec.o', 'mi35mps.o', 'mi36mps.o', 'mi40bfil.o',
     'mi50lp.o', 'mi60srch.o', 'mi65rmod.o', 'mi70nobj.o',
     'mi80ncon.o', 'mi81ncon.o'
    
    Compiled code should not call entry points which might terminate R nor
    write to stdout/stderr instead of to the console.
    
    See 'Writing portable packages' in the 'Writing R Extensions' manual.
    * checking examples ...
Flavor: r-release-windows-ix86+x86_64

Version: 1.1.1
Check: compiled code
Result: NOTE
    File 'd:/Rcompile/CRANpkg/lib/3.0/oblique.tree/libs/i386/oblique.tree.dll':
     Found '_gfortran_st_write', possibly from 'write' (Fortran), 'print'
     (Fortran)
     Objects: 'mi02lib.o', 'mi05funs.o', 'mi10unix.o', 'mi11sys.o',
     'mi12solv.o', 'mi20amat.o', 'mi25bfac.o', 'mi26bfac.o',
     'mi27lu.o', 'mi30spec.o', 'mi35mps.o', 'mi36mps.o', 'mi40bfil.o',
     'mi50lp.o', 'mi60srch.o', 'mi65rmod.o', 'mi70nobj.o',
     'mi80ncon.o', 'mi81ncon.o'
    File 'd:/Rcompile/CRANpkg/lib/3.0/oblique.tree/libs/x64/oblique.tree.dll':
     Found '_gfortran_st_write', possibly from 'write' (Fortran), 'print'
     (Fortran)
     Objects: 'mi02lib.o', 'mi05funs.o', 'mi10unix.o', 'mi11sys.o',
     'mi12solv.o', 'mi20amat.o', 'mi25bfac.o', 'mi26bfac.o',
     'mi27lu.o', 'mi30spec.o', 'mi35mps.o', 'mi36mps.o', 'mi40bfil.o',
     'mi50lp.o', 'mi60srch.o', 'mi65rmod.o', 'mi70nobj.o',
     'mi80ncon.o', 'mi81ncon.o'
    
    Compiled code should not call entry points which might terminate R nor
    write to stdout/stderr instead of to the console.
    
    See 'Writing portable packages' in the 'Writing R Extensions' manual.
    * checking examples ...
Flavor: r-oldrel-windows-ix86+x86_64