CRAN Package Check Results for Package obliqueRF

Last updated on 2015-04-19 11:51:14.

Flavor Version Tinstall Tcheck Ttotal Status Flags
r-devel-linux-x86_64-debian-clang 0.3 1.01 17.68 18.69 NOTE
r-devel-linux-x86_64-debian-gcc 0.3 0.81 17.23 18.04 NOTE
r-devel-linux-x86_64-fedora-clang 0.3 36.32 NOTE
r-devel-linux-x86_64-fedora-gcc 0.3 34.46 NOTE
r-devel-osx-x86_64-clang 0.3 36.04 NOTE
r-devel-windows-ix86+x86_64 0.3 6.00 32.00 38.00 NOTE
r-patched-linux-x86_64 0.3 0.95 17.22 18.17 NOTE
r-patched-solaris-sparc 0.3 225.50 NOTE
r-patched-solaris-x86 0.3 48.50 NOTE
r-release-linux-x86_64 0.3 0.74 17.59 18.33 NOTE
r-release-osx-x86_64-mavericks 0.3 NOTE
r-release-osx-x86_64-snowleopard 0.3 NOTE
r-release-windows-ix86+x86_64 0.3 2.00 30.00 32.00 NOTE
r-oldrel-windows-ix86+x86_64 0.3 7.00 35.00 42.00 NOTE

Check Details

Version: 0.3
Check: dependencies in R code
Result: NOTE
    Packages in Depends field not imported from:
     ‘ROCR’ ‘e1071’ ‘mda’ ‘pls’
     These packages need to be imported from (in the NAMESPACE file)
     for when this namespace is loaded but not attached.
Flavors: r-devel-linux-x86_64-debian-clang, r-devel-linux-x86_64-debian-gcc, r-devel-linux-x86_64-fedora-clang, r-devel-linux-x86_64-fedora-gcc, r-devel-osx-x86_64-clang, r-devel-windows-ix86+x86_64, r-patched-linux-x86_64, r-patched-solaris-sparc, r-patched-solaris-x86, r-release-linux-x86_64, r-release-osx-x86_64-mavericks, r-release-windows-ix86+x86_64, r-oldrel-windows-ix86+x86_64

Version: 0.3
Check: R code for possible problems
Result: NOTE
    obliqueRF.default: no visible global function definition for
     ‘prediction’
    obliqueRF.default: no visible global function definition for
     ‘performance’
    pls_wrapper: no visible global function definition for ‘kernelpls.fit’
    ridge_slow_wrapper: no visible global function definition for
     ‘gen.ridge’
    ridge_svd_wrapper: no visible global function definition for
     ‘gen.ridge’
    svm_wrapper: no visible global function definition for ‘svm’
Flavors: r-devel-linux-x86_64-debian-clang, r-devel-linux-x86_64-debian-gcc, r-devel-linux-x86_64-fedora-clang, r-devel-linux-x86_64-fedora-gcc, r-devel-osx-x86_64-clang, r-devel-windows-ix86+x86_64, r-patched-linux-x86_64, r-patched-solaris-sparc, r-patched-solaris-x86, r-release-linux-x86_64, r-release-osx-x86_64-mavericks, r-release-windows-ix86+x86_64, r-oldrel-windows-ix86+x86_64

Version: 0.3
Check: dependencies in R code
Result: NOTE
    Packages in Depends field not imported from:
     ‘ROCR’ ‘e1071’ ‘mda’ ‘pls’
     These packages need to be imported from (in the NAMESPACE file)
     for when this namespace is loaded but not attached.
    See the information on DESCRIPTION files in the chapter ‘Creating R
    packages’ of the ‘Writing R Extensions’ manual.
Flavor: r-release-osx-x86_64-snowleopard