CRAN Package Check Results for Package obliqueRF

Last updated on 2015-07-04 11:49:53.

Flavor Version Tinstall Tcheck Ttotal Status Flags
r-devel-linux-x86_64-debian-clang 0.3 0.96 16.83 17.80 NOTE
r-devel-linux-x86_64-debian-gcc 0.3 0.74 17.71 18.44 NOTE
r-devel-linux-x86_64-fedora-clang 0.3 34.75 NOTE
r-devel-linux-x86_64-fedora-gcc 0.3 34.54 NOTE
r-devel-osx-x86_64-clang 0.3 32.29 NOTE
r-devel-windows-ix86+x86_64 0.3 5.00 31.00 36.00 NOTE
r-patched-linux-x86_64 0.3 0.74 18.29 19.03 NOTE
r-patched-solaris-sparc 0.3 233.60 NOTE
r-patched-solaris-x86 0.3 52.30 NOTE
r-release-linux-x86_64 0.3 0.76 17.15 17.91 NOTE
r-release-osx-x86_64-mavericks 0.3 NOTE
r-release-windows-ix86+x86_64 0.3 6.00 31.00 37.00 NOTE
r-oldrel-windows-ix86+x86_64 0.3 6.00 42.00 48.00 NOTE

Check Details

Version: 0.3
Check: dependencies in R code
Result: NOTE
    Packages in Depends field not imported from:
     ‘ROCR’ ‘e1071’ ‘mda’ ‘pls’
     These packages need to be imported from (in the NAMESPACE file)
     for when this namespace is loaded but not attached.
Flavors: r-devel-linux-x86_64-debian-clang, r-devel-linux-x86_64-debian-gcc, r-devel-linux-x86_64-fedora-clang, r-devel-linux-x86_64-fedora-gcc, r-devel-osx-x86_64-clang, r-devel-windows-ix86+x86_64, r-patched-linux-x86_64, r-patched-solaris-sparc, r-patched-solaris-x86, r-release-linux-x86_64, r-release-osx-x86_64-mavericks, r-release-windows-ix86+x86_64, r-oldrel-windows-ix86+x86_64

Version: 0.3
Check: R code for possible problems
Result: NOTE
    log_wrapper: no visible global function definition for ‘glm’
    log_wrapper: Error while checking: invalid ‘envir’ argument
    obliqueRF.default: no visible binding for global variable ‘predict’
    obliqueRF.default: no visible global function definition for
     ‘prediction’
    obliqueRF.default: no visible global function definition for
     ‘performance’
    pls_wrapper: no visible global function definition for ‘kernelpls.fit’
    pls_wrapper: no visible global function definition for ‘coef’
    ridge_slow_wrapper: no visible global function definition for
     ‘gen.ridge’
    ridge_slow_wrapper: no visible global function definition for ‘predict’
    ridge_svd_wrapper: no visible global function definition for
     ‘gen.ridge’
    rnd_wrapper: no visible global function definition for ‘rnorm’
    svm_wrapper: no visible global function definition for ‘svm’
    svm_wrapper: no visible global function definition for ‘predict’
    Undefined global functions or variables:
     coef gen.ridge glm kernelpls.fit performance predict prediction rnorm
     svm
Flavors: r-devel-linux-x86_64-debian-clang, r-devel-linux-x86_64-debian-gcc, r-devel-linux-x86_64-fedora-clang, r-devel-linux-x86_64-fedora-gcc

Version: 0.3
Check: R code for possible problems
Result: NOTE
    obliqueRF.default: no visible global function definition for
     ‘prediction’
    obliqueRF.default: no visible global function definition for
     ‘performance’
    pls_wrapper: no visible global function definition for ‘kernelpls.fit’
    ridge_slow_wrapper: no visible global function definition for
     ‘gen.ridge’
    ridge_svd_wrapper: no visible global function definition for
     ‘gen.ridge’
    svm_wrapper: no visible global function definition for ‘svm’
    Undefined global functions or variables:
     gen.ridge kernelpls.fit performance prediction svm
Flavor: r-devel-osx-x86_64-clang

Version: 0.3
Check: R code for possible problems
Result: NOTE
    log_wrapper: no visible global function definition for 'glm'
    log_wrapper: no visible global function definition for 'binomial'
    log_wrapper: no visible global function definition for 'coef'
    log_wrapper: no visible global function definition for 'anova'
    obliqueRF.default: no visible binding for global variable 'predict'
    obliqueRF.default: no visible global function definition for
     'prediction'
    obliqueRF.default: no visible global function definition for
     'performance'
    pls_wrapper: no visible global function definition for 'kernelpls.fit'
    pls_wrapper: no visible global function definition for 'coef'
    ridge_slow_wrapper: no visible global function definition for
     'gen.ridge'
    ridge_slow_wrapper: no visible global function definition for 'predict'
    ridge_svd_wrapper: no visible global function definition for
     'gen.ridge'
    rnd_wrapper: no visible global function definition for 'rnorm'
    svm_wrapper: no visible global function definition for 'svm'
    svm_wrapper: no visible global function definition for 'predict'
    Undefined global functions or variables:
     anova binomial coef gen.ridge glm kernelpls.fit performance predict
     prediction rnorm svm
Flavor: r-devel-windows-ix86+x86_64

Version: 0.3
Check: R code for possible problems
Result: NOTE
    obliqueRF.default: no visible global function definition for
     ‘prediction’
    obliqueRF.default: no visible global function definition for
     ‘performance’
    pls_wrapper: no visible global function definition for ‘kernelpls.fit’
    ridge_slow_wrapper: no visible global function definition for
     ‘gen.ridge’
    ridge_svd_wrapper: no visible global function definition for
     ‘gen.ridge’
    svm_wrapper: no visible global function definition for ‘svm’
Flavors: r-patched-linux-x86_64, r-patched-solaris-sparc, r-patched-solaris-x86, r-release-linux-x86_64, r-release-osx-x86_64-mavericks, r-release-windows-ix86+x86_64, r-oldrel-windows-ix86+x86_64