CRAN Package Check Results for Package obliqueRF

Last updated on 2017-12-13 05:48:53 CET.

Flavor Version Tinstall Tcheck Ttotal Status Flags
r-devel-linux-x86_64-debian-clang 0.3 0.91 29.21 30.12 NOTE
r-devel-linux-x86_64-debian-gcc 0.3 0.80 23.37 24.17 NOTE
r-devel-linux-x86_64-fedora-clang 0.3 34.91 NOTE
r-devel-windows-ix86+x86_64 0.3 5.00 41.00 46.00 NOTE
r-patched-linux-x86_64 0.3 0.89 29.19 30.08 NOTE
r-patched-solaris-x86 0.3 49.50 NOTE
r-release-linux-x86_64 0.3 0.92 29.89 30.81 NOTE
r-release-windows-ix86+x86_64 0.3 3.00 42.00 45.00 NOTE
r-release-osx-x86_64 0.3 NOTE
r-oldrel-windows-ix86+x86_64 0.3 2.00 53.00 55.00 NOTE
r-oldrel-osx-x86_64 0.3 NOTE

Check Details

Version: 0.3
Check: dependencies in R code
Result: NOTE
    Packages in Depends field not imported from:
     ‘ROCR’ ‘e1071’ ‘mda’ ‘pls’
     These packages need to be imported from (in the NAMESPACE file)
     for when this namespace is loaded but not attached.
Flavors: r-devel-linux-x86_64-debian-clang, r-devel-linux-x86_64-debian-gcc, r-devel-linux-x86_64-fedora-clang, r-devel-windows-ix86+x86_64, r-patched-linux-x86_64, r-patched-solaris-x86, r-release-linux-x86_64, r-release-windows-ix86+x86_64, r-release-osx-x86_64, r-oldrel-windows-ix86+x86_64, r-oldrel-osx-x86_64

Version: 0.3
Check: R code for possible problems
Result: NOTE
    log_wrapper: no visible global function definition for ‘glm’
    log_wrapper: no visible global function definition for ‘binomial’
    log_wrapper: no visible global function definition for ‘coef’
    log_wrapper: no visible global function definition for ‘anova’
    obliqueRF.default: no visible binding for global variable ‘predict’
    obliqueRF.default: no visible global function definition for
     ‘prediction’
    obliqueRF.default: no visible global function definition for
     ‘performance’
    pls_wrapper: no visible global function definition for ‘kernelpls.fit’
    pls_wrapper: no visible global function definition for ‘coef’
    ridge_slow_wrapper: no visible global function definition for
     ‘gen.ridge’
    ridge_slow_wrapper: no visible global function definition for ‘predict’
    ridge_svd_wrapper: no visible global function definition for
     ‘gen.ridge’
    rnd_wrapper: no visible global function definition for ‘rnorm’
    svm_wrapper: no visible global function definition for ‘svm’
    svm_wrapper: no visible global function definition for ‘predict’
    Undefined global functions or variables:
     anova binomial coef gen.ridge glm kernelpls.fit performance predict
     prediction rnorm svm
    Consider adding
     importFrom("stats", "anova", "binomial", "coef", "glm", "predict",
     "rnorm")
    to your NAMESPACE file.
Flavors: r-devel-linux-x86_64-debian-clang, r-devel-linux-x86_64-debian-gcc, r-devel-linux-x86_64-fedora-clang, r-devel-windows-ix86+x86_64, r-patched-linux-x86_64, r-patched-solaris-x86, r-release-linux-x86_64, r-release-windows-ix86+x86_64, r-release-osx-x86_64, r-oldrel-windows-ix86+x86_64, r-oldrel-osx-x86_64