CRAN Package Check Results for Package obliqueRF

Last updated on 2014-12-18 07:49:27.

Flavor Version Tinstall Tcheck Ttotal Status Flags
r-devel-linux-x86_64-debian-clang 0.3 0.99 21.99 22.98 NOTE
r-devel-linux-x86_64-debian-gcc 0.3 0.99 21.52 22.51 NOTE
r-devel-linux-x86_64-fedora-clang 0.3 50.70 NOTE
r-devel-linux-x86_64-fedora-gcc 0.3 42.89 NOTE
r-devel-osx-x86_64-clang 0.3 44.15 NOTE
r-devel-windows-ix86+x86_64 0.3 6.00 39.00 45.00 NOTE
r-patched-linux-x86_64 0.3 1.03 22.17 23.20 NOTE
r-patched-solaris-sparc 0.3 254.60 NOTE
r-patched-solaris-x86 0.3 61.70 NOTE
r-release-linux-ix86 0.3 1.34 28.28 29.62 NOTE
r-release-linux-x86_64 0.3 1.06 22.19 23.25 NOTE
r-release-osx-x86_64-mavericks 0.3 NOTE
r-release-osx-x86_64-snowleopard 0.3 OK
r-release-windows-ix86+x86_64 0.3 6.00 44.00 50.00 NOTE
r-oldrel-windows-ix86+x86_64 0.3 6.00 45.00 51.00 NOTE

Check Details

Version: 0.3
Check: dependencies in R code
Result: NOTE
    Packages in Depends field not imported from:
     ‘ROCR’ ‘e1071’ ‘mda’ ‘pls’
     These packages need to be imported from (in the NAMESPACE file)
     for when this namespace is loaded but not attached.
    See the information on DESCRIPTION files in the chapter ‘Creating R
    packages’ of the ‘Writing R Extensions’ manual.
Flavors: r-devel-linux-x86_64-debian-clang, r-devel-linux-x86_64-debian-gcc, r-devel-linux-x86_64-fedora-clang, r-devel-linux-x86_64-fedora-gcc, r-devel-osx-x86_64-clang, r-devel-windows-ix86+x86_64, r-patched-linux-x86_64, r-patched-solaris-sparc, r-patched-solaris-x86, r-release-linux-ix86, r-release-linux-x86_64, r-release-osx-x86_64-mavericks, r-release-windows-ix86+x86_64, r-oldrel-windows-ix86+x86_64

Version: 0.3
Check: R code for possible problems
Result: NOTE
    obliqueRF.default: no visible global function definition for
     ‘prediction’
    obliqueRF.default: no visible global function definition for
     ‘performance’
    pls_wrapper: no visible global function definition for ‘kernelpls.fit’
    ridge_slow_wrapper: no visible global function definition for
     ‘gen.ridge’
    ridge_svd_wrapper: no visible global function definition for
     ‘gen.ridge’
    svm_wrapper: no visible global function definition for ‘svm’
Flavors: r-devel-linux-x86_64-debian-clang, r-devel-linux-x86_64-debian-gcc, r-devel-linux-x86_64-fedora-clang, r-devel-linux-x86_64-fedora-gcc, r-devel-osx-x86_64-clang, r-devel-windows-ix86+x86_64, r-patched-linux-x86_64, r-patched-solaris-sparc, r-patched-solaris-x86, r-release-linux-ix86, r-release-linux-x86_64, r-release-windows-ix86+x86_64