CRAN Package Check Results for Package obliqueRF

Last updated on 2014-04-23 12:48:23.

Flavor Version Tinstall Tcheck Ttotal Status Flags
r-devel-linux-x86_64-debian-clang 0.3 1.16 23.19 24.34 NOTE
r-devel-linux-x86_64-debian-gcc 0.3 1.07 23.11 24.18 NOTE
r-devel-linux-x86_64-fedora-clang 0.3 47.07 NOTE
r-devel-linux-x86_64-fedora-gcc 0.3 44.29 NOTE
r-devel-osx-x86_64-clang 0.3 48.18 NOTE
r-devel-osx-x86_64-gcc 0.3 NOTE
r-devel-windows-ix86+x86_64 0.3 4.00 35.00 39.00 NOTE
r-patched-linux-x86_64 0.3 1.12 23.58 24.70 NOTE
r-patched-solaris-sparc 0.3 260.60 NOTE
r-patched-solaris-x86 0.3 62.10 NOTE
r-release-linux-ix86 0.3 2.00 43.00 45.00 NOTE
r-release-linux-x86_64 0.3 1.21 22.81 24.02 NOTE
r-release-osx-x86_64-mavericks 0.3 WARN
r-release-osx-x86_64-snowleopard 0.3 OK
r-release-windows-ix86+x86_64 0.3 5.00 37.00 42.00 NOTE
r-oldrel-windows-ix86+x86_64 0.3 6.00 39.00 45.00 NOTE

Check Details

Version: 0.3
Check: dependencies in R code
Result: NOTE
    Packages in Depends field not imported from:
     ‘ROCR’ ‘e1071’ ‘mda’ ‘pls’
     These packages need to be imported from (in the NAMESPACE file)
     for when this namespace is loaded but not attached.
    See the information on DESCRIPTION files in the chapter ‘Creating R
    packages’ of the ‘Writing R Extensions’ manual.
Flavors: r-devel-linux-x86_64-debian-clang, r-devel-linux-x86_64-debian-gcc, r-devel-linux-x86_64-fedora-clang, r-devel-linux-x86_64-fedora-gcc, r-devel-osx-x86_64-clang, r-devel-osx-x86_64-gcc, r-devel-windows-ix86+x86_64, r-patched-linux-x86_64, r-patched-solaris-sparc, r-patched-solaris-x86, r-release-linux-ix86, r-release-linux-x86_64, r-release-osx-x86_64-mavericks, r-release-windows-ix86+x86_64, r-oldrel-windows-ix86+x86_64

Version: 0.3
Check: PDF version of manual
Result: WARNING
    LaTeX errors when creating PDF version.
    This typically indicates Rd problems.
    LaTeX errors found:
    ! LaTeX Error: File `upquote.sty' not found.
    
    Type X to quit or <RETURN> to proceed,
    or enter new name. (Default extension: sty)
    
    397825/Rd2.tex:8: ==> Fatal error occurred, no output PDF file produced!
Flavor: r-release-osx-x86_64-mavericks