CRAN Package Check Results for Package obliqueRF

Last updated on 2014-07-24 14:48:45.

Flavor Version Tinstall Tcheck Ttotal Status Flags
r-devel-linux-x86_64-debian-clang 0.3 0.94 21.71 22.65 NOTE
r-devel-linux-x86_64-debian-gcc 0.3 0.92 21.70 22.62 NOTE
r-devel-linux-x86_64-fedora-clang 0.3 47.27 NOTE
r-devel-linux-x86_64-fedora-gcc 0.3 45.42 NOTE
r-devel-osx-x86_64-clang 0.3 43.66 NOTE
r-devel-windows-ix86+x86_64 0.3 4.00 35.00 39.00 NOTE
r-patched-linux-x86_64 0.3 1.00 21.91 22.90 NOTE
r-patched-solaris-sparc 0.3 260.60 NOTE
r-patched-solaris-x86 0.3 60.70 NOTE
r-release-linux-ix86 0.3 1.45 31.18 32.63 NOTE
r-release-linux-x86_64 0.3 1.10 22.73 23.84 NOTE
r-release-osx-x86_64-mavericks 0.3 NOTE
r-release-osx-x86_64-snowleopard 0.3 OK
r-release-windows-ix86+x86_64 0.3 5.00 39.00 44.00 NOTE
r-oldrel-windows-ix86+x86_64 0.3 6.00 40.00 46.00 NOTE

Check Details

Version: 0.3
Check: dependencies in R code
Result: NOTE
    Packages in Depends field not imported from:
     ‘ROCR’ ‘e1071’ ‘mda’ ‘pls’
     These packages need to be imported from (in the NAMESPACE file)
     for when this namespace is loaded but not attached.
    See the information on DESCRIPTION files in the chapter ‘Creating R
    packages’ of the ‘Writing R Extensions’ manual.
Flavors: r-devel-linux-x86_64-debian-clang, r-devel-linux-x86_64-debian-gcc, r-devel-linux-x86_64-fedora-clang, r-devel-linux-x86_64-fedora-gcc, r-devel-osx-x86_64-clang, r-devel-windows-ix86+x86_64, r-patched-linux-x86_64, r-patched-solaris-sparc, r-patched-solaris-x86, r-release-linux-ix86, r-release-linux-x86_64, r-release-osx-x86_64-mavericks, r-release-windows-ix86+x86_64, r-oldrel-windows-ix86+x86_64