CRAN Package Check Results for Package obliqueRF

Last updated on 2014-08-20 12:46:43.

Flavor Version Tinstall Tcheck Ttotal Status Flags
r-devel-linux-x86_64-debian-clang 0.3 0.95 21.46 22.41 NOTE
r-devel-linux-x86_64-debian-gcc 0.3 0.94 21.68 22.62 NOTE
r-devel-linux-x86_64-fedora-clang 0.3 45.82 NOTE
r-devel-linux-x86_64-fedora-gcc 0.3 44.48 NOTE
r-devel-osx-x86_64-clang 0.3 43.02 NOTE
r-devel-windows-ix86+x86_64 0.3 5.00 37.00 42.00 NOTE
r-patched-linux-x86_64 0.3 1.06 21.70 22.75 NOTE
r-patched-solaris-sparc 0.3 261.40 NOTE
r-patched-solaris-x86 0.3 60.80 NOTE
r-release-linux-ix86 0.3 1.46 30.32 31.78 NOTE
r-release-linux-x86_64 0.3 1.03 23.28 24.31 NOTE
r-release-osx-x86_64-mavericks 0.3 NOTE
r-release-osx-x86_64-snowleopard 0.3 OK
r-release-windows-ix86+x86_64 0.3 6.00 39.00 45.00 NOTE
r-oldrel-windows-ix86+x86_64 0.3 6.00 41.00 47.00 NOTE

Check Details

Version: 0.3
Check: dependencies in R code
Result: NOTE
    Packages in Depends field not imported from:
     ‘ROCR’ ‘e1071’ ‘mda’ ‘pls’
     These packages need to be imported from (in the NAMESPACE file)
     for when this namespace is loaded but not attached.
    See the information on DESCRIPTION files in the chapter ‘Creating R
    packages’ of the ‘Writing R Extensions’ manual.
Flavors: r-devel-linux-x86_64-debian-clang, r-devel-linux-x86_64-debian-gcc, r-devel-linux-x86_64-fedora-clang, r-devel-linux-x86_64-fedora-gcc, r-devel-osx-x86_64-clang, r-devel-windows-ix86+x86_64, r-patched-linux-x86_64, r-patched-solaris-sparc, r-patched-solaris-x86, r-release-linux-ix86, r-release-linux-x86_64, r-release-osx-x86_64-mavericks, r-release-windows-ix86+x86_64, r-oldrel-windows-ix86+x86_64

Version: 0.3
Check: R code for possible problems
Result: NOTE
    obliqueRF.default: no visible global function definition for
     ‘prediction’
    obliqueRF.default: no visible global function definition for
     ‘performance’
    pls_wrapper: no visible global function definition for ‘kernelpls.fit’
    ridge_slow_wrapper: no visible global function definition for
     ‘gen.ridge’
    ridge_svd_wrapper: no visible global function definition for
     ‘gen.ridge’
    svm_wrapper: no visible global function definition for ‘svm’
Flavors: r-devel-linux-x86_64-fedora-clang, r-devel-linux-x86_64-fedora-gcc, r-devel-osx-x86_64-clang