CRAN Package Check Results for Package oc

Last updated on 2017-07-28 01:51:08.

Flavor Version Tinstall Tcheck Ttotal Status Flags
r-devel-linux-x86_64-debian-clang 0.96 6.00 33.90 39.90 WARN
r-devel-linux-x86_64-debian-gcc 0.96 6.03 32.89 38.92 WARN
r-devel-linux-x86_64-fedora-clang 0.96 43.99 WARN
r-devel-linux-x86_64-fedora-gcc 0.96 43.33 WARN
r-devel-windows-ix86+x86_64 0.96 25.00 50.00 75.00 WARN
r-patched-linux-x86_64 0.96 5.76 33.28 39.03 WARN
r-patched-solaris-x86 0.96 59.70 OK
r-release-linux-x86_64 0.96 5.74 33.21 38.95 WARN
r-release-windows-ix86+x86_64 0.96 29.00 65.00 94.00 OK
r-release-osx-x86_64 0.96 OK
r-oldrel-windows-ix86+x86_64 0.96 21.00 49.00 70.00 OK
r-oldrel-osx-x86_64 0.96 WARN

Check Details

Version: 0.96
Check: whether package can be installed
Result: WARN
    Found the following significant warnings:
     Warning: GNU Extension: Different type kinds at (1)
Flavors: r-devel-linux-x86_64-debian-clang, r-devel-linux-x86_64-debian-gcc, r-devel-linux-x86_64-fedora-clang, r-devel-linux-x86_64-fedora-gcc, r-devel-windows-ix86+x86_64, r-patched-linux-x86_64, r-release-linux-x86_64

Version: 0.96
Check: compiled code
Result: NOTE
    File ‘oc/libs/oc.so’:
     Found no calls to: ‘R_registerRoutines’, ‘R_useDynamicSymbols’
    
    It is good practice to register native routines and to disable symbol
    search.
    
    See ‘Writing portable packages’ in the ‘Writing R Extensions’ manual.
Flavors: r-devel-linux-x86_64-debian-clang, r-devel-linux-x86_64-debian-gcc, r-devel-linux-x86_64-fedora-clang, r-devel-linux-x86_64-fedora-gcc, r-patched-linux-x86_64, r-release-linux-x86_64

Version: 0.96
Check: whether package can be installed
Result: WARN
    Found the following significant warnings:
     Warning: Possible change of value in conversion from REAL(8) to INTEGER(4) at (1)
     Warning: Possible change of value in conversion from REAL(4) to INTEGER(4) at (1)
Flavor: r-oldrel-osx-x86_64