CRAN Package Check Results for Package oc

Last updated on 2014-07-23 05:49:08.

Flavor Version Tinstall Tcheck Ttotal Status Flags
r-devel-linux-x86_64-debian-clang 0.93 6.19 40.62 46.81 NOTE
r-devel-linux-x86_64-debian-gcc 0.93 6.33 40.39 46.72 NOTE
r-devel-linux-x86_64-fedora-clang 0.93 86.97 NOTE
r-devel-linux-x86_64-fedora-gcc 0.93 84.17 NOTE
r-devel-osx-x86_64-clang 0.93 73.39 NOTE
r-devel-windows-ix86+x86_64 0.93 15.00 89.00 104.00 NOTE
r-patched-linux-x86_64 0.93 6.48 40.88 47.36 NOTE
r-patched-solaris-sparc 0.93 506.10 NOTE
r-patched-solaris-x86 0.93 115.90 NOTE
r-release-linux-ix86 0.93 9.33 63.86 73.19 NOTE
r-release-linux-x86_64 0.93 6.24 41.19 47.43 NOTE
r-release-osx-x86_64-mavericks 0.93 WARN
r-release-osx-x86_64-snowleopard 0.93 NOTE
r-release-windows-ix86+x86_64 0.93 16.00 92.00 108.00 NOTE
r-oldrel-windows-ix86+x86_64 0.93 17.00 95.00 112.00 NOTE

Check Details

Version: 0.93
Check: R code for possible problems
Result: NOTE
    NB: .First.lib is obsolete and will not be used in R >= 3.0.0
Flavors: r-devel-linux-x86_64-debian-clang, r-devel-linux-x86_64-debian-gcc, r-devel-linux-x86_64-fedora-clang, r-devel-linux-x86_64-fedora-gcc, r-devel-osx-x86_64-clang, r-devel-windows-ix86+x86_64, r-patched-linux-x86_64, r-patched-solaris-sparc, r-patched-solaris-x86, r-release-linux-ix86, r-release-linux-x86_64, r-release-osx-x86_64-mavericks, r-release-osx-x86_64-snowleopard, r-release-windows-ix86+x86_64, r-oldrel-windows-ix86+x86_64

Version: 0.93
Check: for old-style vignette sources
Result: NOTE
    Vignette sources only in ‘inst/doc’:
     ‘oc.Rnw’
    A ‘vignettes’ directory is required as from R 3.1.0
    and these will not be indexed nor checked
Flavors: r-devel-linux-x86_64-debian-clang, r-devel-linux-x86_64-debian-gcc, r-devel-linux-x86_64-fedora-clang, r-devel-linux-x86_64-fedora-gcc, r-devel-osx-x86_64-clang, r-patched-linux-x86_64, r-patched-solaris-sparc, r-patched-solaris-x86, r-release-linux-ix86, r-release-linux-x86_64, r-release-osx-x86_64-mavericks, r-release-osx-x86_64-snowleopard

Version: 0.93
Check: top-level files
Result: NOTE
    Non-standard file/directory found at top level:
     ‘HISTORY’
Flavors: r-devel-linux-x86_64-fedora-clang, r-devel-linux-x86_64-fedora-gcc

Version: 0.93
Check: Rd line widths
Result: NOTE
    Rd file 'oc.Rd':
     \usage lines wider than 90 characters:
     oc(rcObject, dims=2, minvotes=20, lop=0.025, polarity, verbose=FALSE)
    
    These lines will be truncated in the PDF manual.
Flavors: r-devel-linux-x86_64-fedora-clang, r-devel-linux-x86_64-fedora-gcc

Version: 0.93
Check: for old-style vignette sources
Result: NOTE
    Vignette sources only in 'inst/doc':
     'oc.Rnw'
    A 'vignettes' directory is required as from R 3.1.0
    and these will not be indexed nor checked
    * checking examples ...
Flavors: r-devel-windows-ix86+x86_64, r-release-windows-ix86+x86_64

Version: 0.93
Check: whether package can be installed
Result: WARNING
    Found the following significant warnings:
     Warning: Possible change of value in conversion from REAL(8) to INTEGER(4) at (1)
     Warning: Possible change of value in conversion from REAL(4) to INTEGER(4) at (1)
     Warning: Possible change of value in conversion from REAL(8) to INTEGER(4) at (1)
     Warning: Possible change of value in conversion from REAL(4) to INTEGER(4) at (1)
     Warning: Possible change of value in conversion from REAL(4) to INTEGER(4) at (1)
    See ‘/Builds/CRAN-QA-Simon/packages/mavericks-x86_64/results/3.1/oc.Rcheck/00install.out’ for details.
Flavor: r-release-osx-x86_64-mavericks

Version: 0.93
Check: for old-style vignette sources
Result: NOTE
    Vignette sources only in 'inst/doc':
     'oc.Rnw'
    A 'vignettes' directory will be required as from R 3.1.0
    * checking examples ...
Flavor: r-oldrel-windows-ix86+x86_64