CRAN Package Check Results for Package oc

Last updated on 2014-11-28 12:46:53.

Flavor Version Tinstall Tcheck Ttotal Status Flags
r-devel-linux-x86_64-debian-clang 0.95 5.80 25.42 31.22 OK
r-devel-linux-x86_64-debian-gcc 0.95 5.86 25.35 31.22 OK
r-devel-linux-x86_64-fedora-clang 0.95 56.85 OK
r-devel-linux-x86_64-fedora-gcc 0.95 55.13 OK
r-devel-osx-x86_64-clang 0.95 56.22 OK
r-devel-windows-ix86+x86_64 0.95 15.00 44.00 59.00 OK
r-patched-linux-x86_64 0.95 6.06 25.08 31.14 OK
r-patched-solaris-sparc 0.95 323.00 OK
r-patched-solaris-x86 0.95 77.30 OK
r-release-linux-ix86 0.95 8.43 41.33 49.76 OK
r-release-linux-x86_64 0.95 5.92 27.07 32.99 OK
r-release-osx-x86_64-mavericks 0.95 WARN
r-release-osx-x86_64-snowleopard 0.95 OK
r-release-windows-ix86+x86_64 0.95 17.00 42.00 59.00 OK
r-oldrel-windows-ix86+x86_64 0.95 14.00 50.00 64.00 OK

Check Details

Version: 0.95
Check: whether package can be installed
Result: WARN
    Found the following significant warnings:
     Warning: Possible change of value in conversion from REAL(8) to INTEGER(4) at (1)
     Warning: Possible change of value in conversion from REAL(4) to INTEGER(4) at (1)
Flavor: r-release-osx-x86_64-mavericks