CRAN Package Check Results for Package oc

Last updated on 2016-08-27 15:47:00.

Flavor Version Tinstall Tcheck Ttotal Status Flags
r-devel-linux-x86_64-debian-clang 0.96 5.48 18.36 23.84 WARN
r-devel-linux-x86_64-debian-gcc 0.96 7.53 23.74 31.28 WARN
r-devel-linux-x86_64-fedora-clang 0.96 39.20 WARN
r-devel-linux-x86_64-fedora-gcc 0.96 37.69 WARN
r-devel-osx-x86_64-clang 0.96 33.23 WARN
r-devel-windows-ix86+x86_64 0.96 25.00 47.00 72.00 OK
r-patched-linux-x86_64 0.96 5.28 18.26 23.54 OK
r-patched-solaris-sparc 0.96 242.40 OK
r-patched-solaris-x86 0.96 53.30 OK
r-release-linux-x86_64 0.96 5.77 18.36 24.13 OK
r-release-osx-x86_64-mavericks 0.96 WARN
r-release-windows-ix86+x86_64 0.96 26.00 46.00 72.00 OK
r-oldrel-windows-ix86+x86_64 0.96 16.00 46.00 62.00 OK

Check Details

Version: 0.96
Check: whether package can be installed
Result: WARN
    Found the following significant warnings:
     Warning: GNU Extension: Different type kinds at (1)
Flavors: r-devel-linux-x86_64-debian-clang, r-devel-linux-x86_64-debian-gcc, r-devel-linux-x86_64-fedora-clang, r-devel-linux-x86_64-fedora-gcc, r-devel-osx-x86_64-clang

Version: 0.96
Check: whether package can be installed
Result: WARN
    Found the following significant warnings:
     Warning: Possible change of value in conversion from REAL(8) to INTEGER(4) at (1)
     Warning: Possible change of value in conversion from REAL(4) to INTEGER(4) at (1)
Flavor: r-release-osx-x86_64-mavericks