CRAN Package Check Results for Package oc

Last updated on 2017-01-18 20:50:19.

Flavor Version Tinstall Tcheck Ttotal Status Flags
r-devel-linux-x86_64-debian-clang 0.96 5.75 21.86 27.61 WARN
r-devel-linux-x86_64-debian-gcc 0.96 5.71 21.44 27.15 WARN
r-devel-linux-x86_64-fedora-clang 0.96 44.14 WARN --no-stop-on-test-error
r-devel-linux-x86_64-fedora-gcc 0.96 42.77 WARN --no-stop-on-test-error
r-devel-macos-x86_64-clang 0.96 37.64 WARN --no-stop-on-test-error
r-devel-windows-ix86+x86_64 0.96 32.00 47.00 79.00 WARN
r-patched-linux-x86_64 0.96 5.38 18.51 23.89 OK
r-patched-solaris-sparc 0.96 250.60 OK
r-patched-solaris-x86 0.96 53.10 OK
r-release-linux-x86_64 0.96 5.49 18.86 24.34 OK
r-release-osx-x86_64-mavericks 0.96 WARN
r-release-windows-ix86+x86_64 0.96 19.00 44.00 63.00 OK
r-oldrel-windows-ix86+x86_64 0.96 16.00 69.00 85.00 OK

Check Details

Version: 0.96
Check: whether package can be installed
Result: WARN
    Found the following significant warnings:
     Warning: GNU Extension: Different type kinds at (1)
Flavors: r-devel-linux-x86_64-debian-clang, r-devel-linux-x86_64-debian-gcc, r-devel-windows-ix86+x86_64

Version: 0.96
Flags: --no-stop-on-test-error
Check: whether package can be installed
Result: WARN
    Found the following significant warnings:
     Warning: GNU Extension: Different type kinds at (1)
Flavors: r-devel-linux-x86_64-fedora-clang, r-devel-linux-x86_64-fedora-gcc, r-devel-macos-x86_64-clang

Version: 0.96
Check: whether package can be installed
Result: WARN
    Found the following significant warnings:
     Warning: Possible change of value in conversion from REAL(8) to INTEGER(4) at (1)
     Warning: Possible change of value in conversion from REAL(4) to INTEGER(4) at (1)
Flavor: r-release-osx-x86_64-mavericks