CRAN Package Check Results for Package oc

Last updated on 2016-12-08 22:48:11.

Flavor Version Tinstall Tcheck Ttotal Status Flags
r-devel-linux-x86_64-debian-clang 0.96 5.85 21.88 27.73 WARN
r-devel-linux-x86_64-debian-gcc 0.96 5.84 21.74 27.57 WARN
r-devel-linux-x86_64-fedora-clang 0.96 44.74 WARN --no-stop-on-test-error
r-devel-linux-x86_64-fedora-gcc 0.96 43.93 WARN --no-stop-on-test-error
r-devel-macos-x86_64-clang 0.96 37.77 WARN
r-devel-windows-ix86+x86_64 0.96 25.00 62.00 87.00 WARN
r-patched-linux-x86_64 0.96 5.40 18.64 24.04 OK
r-patched-solaris-sparc 0.96 242.40 OK
r-patched-solaris-x86 0.96 52.30 OK
r-release-linux-x86_64 0.96 5.44 18.45 23.89 OK
r-release-osx-x86_64-mavericks 0.96 WARN
r-release-windows-ix86+x86_64 0.96 16.00 41.00 57.00 OK
r-oldrel-windows-ix86+x86_64 0.96 21.00 47.00 68.00 OK

Check Details

Version: 0.96
Check: whether package can be installed
Result: WARN
    Found the following significant warnings:
     Warning: GNU Extension: Different type kinds at (1)
Flavors: r-devel-linux-x86_64-debian-clang, r-devel-linux-x86_64-debian-gcc, r-devel-macos-x86_64-clang, r-devel-windows-ix86+x86_64

Version: 0.96
Flags: --no-stop-on-test-error
Check: whether package can be installed
Result: WARN
    Found the following significant warnings:
     Warning: GNU Extension: Different type kinds at (1)
Flavors: r-devel-linux-x86_64-fedora-clang, r-devel-linux-x86_64-fedora-gcc

Version: 0.96
Check: whether package can be installed
Result: WARN
    Found the following significant warnings:
     Warning: Possible change of value in conversion from REAL(8) to INTEGER(4) at (1)
     Warning: Possible change of value in conversion from REAL(4) to INTEGER(4) at (1)
Flavor: r-release-osx-x86_64-mavericks