CRAN Package Check Results for Package oc

Last updated on 2016-09-28 11:50:16.

Flavor Version Tinstall Tcheck Ttotal Status Flags
r-devel-linux-x86_64-debian-clang 0.96 5.84 18.99 24.82 WARN
r-devel-linux-x86_64-debian-gcc 0.96 5.81 18.51 24.32 WARN
r-devel-linux-x86_64-fedora-clang 0.96 39.21 WARN
r-devel-linux-x86_64-fedora-gcc 0.96 38.21 WARN
r-devel-macos-x86_64-clang 0.96 33.34 WARN
r-devel-windows-ix86+x86_64 0.96 28.00 60.00 88.00 WARN
r-patched-linux-x86_64 0.96 5.25 18.67 23.92 OK
r-patched-solaris-sparc 0.96 242.40 OK
r-patched-solaris-x86 0.96 52.50 OK
r-release-linux-x86_64 0.96 5.72 18.71 24.43 OK
r-release-osx-x86_64-mavericks 0.96 WARN
r-release-windows-ix86+x86_64 0.96 27.00 59.00 86.00 OK
r-oldrel-windows-ix86+x86_64 0.96 25.00 54.00 79.00 OK

Check Details

Version: 0.96
Check: whether package can be installed
Result: WARN
    Found the following significant warnings:
     Warning: GNU Extension: Different type kinds at (1)
Flavors: r-devel-linux-x86_64-debian-clang, r-devel-linux-x86_64-debian-gcc, r-devel-linux-x86_64-fedora-clang, r-devel-linux-x86_64-fedora-gcc, r-devel-macos-x86_64-clang, r-devel-windows-ix86+x86_64

Version: 0.96
Check: whether package can be installed
Result: WARN
    Found the following significant warnings:
     Warning: Possible change of value in conversion from REAL(8) to INTEGER(4) at (1)
     Warning: Possible change of value in conversion from REAL(4) to INTEGER(4) at (1)
Flavor: r-release-osx-x86_64-mavericks