CRAN Package Check Results for Package oc

Last updated on 2017-02-21 20:49:18.

Flavor Version Tinstall Tcheck Ttotal Status Flags
r-devel-linux-x86_64-debian-clang 0.96 5.82 21.90 27.72 WARN
r-devel-linux-x86_64-debian-gcc 0.96 5.94 21.64 27.58 WARN
r-devel-linux-x86_64-fedora-clang 0.96 43.58 WARN --no-stop-on-test-error
r-devel-linux-x86_64-fedora-gcc 0.96 42.06 WARN --no-stop-on-test-error
r-devel-macos-x86_64-clang 0.96 38.75 WARN --no-stop-on-test-error
r-devel-windows-ix86+x86_64 0.96 35.00 117.00 152.00 WARN
r-patched-linux-x86_64 0.96 5.39 18.51 23.90 OK
r-patched-solaris-sparc 0.96 250.60 OK
r-patched-solaris-x86 0.96 53.00 OK
r-release-linux-x86_64 0.96 5.36 18.65 24.01 OK
r-release-osx-x86_64-mavericks 0.96 WARN
r-release-windows-ix86+x86_64 0.96 26.00 95.00 121.00 OK
r-oldrel-windows-ix86+x86_64 0.96 30.00 65.00 95.00 OK

Check Details

Version: 0.96
Check: whether package can be installed
Result: WARN
    Found the following significant warnings:
     Warning: GNU Extension: Different type kinds at (1)
Flavors: r-devel-linux-x86_64-debian-clang, r-devel-linux-x86_64-debian-gcc, r-devel-windows-ix86+x86_64

Version: 0.96
Check: compiled code
Result: NOTE
    File ‘oc/libs/oc.so’:
     Found no calls to: ‘R_registerRoutines’, ‘R_useDynamicSymbols’
    
    It is good practice to register native routines and to disable symbol
    search.
    
    See ‘Writing portable packages’ in the ‘Writing R Extensions’ manual.
Flavors: r-devel-linux-x86_64-debian-clang, r-devel-linux-x86_64-debian-gcc

Version: 0.96
Flags: --no-stop-on-test-error
Check: whether package can be installed
Result: WARN
    Found the following significant warnings:
     Warning: GNU Extension: Different type kinds at (1)
Flavors: r-devel-linux-x86_64-fedora-clang, r-devel-linux-x86_64-fedora-gcc, r-devel-macos-x86_64-clang

Version: 0.96
Flags: --no-stop-on-test-error
Check: compiled code
Result: NOTE
    File ‘oc/libs/oc.so’:
     Found no calls to: ‘R_registerRoutines’, ‘R_useDynamicSymbols’
    
    It is good practice to register native routines and to disable symbol
    search.
    
    See ‘Writing portable packages’ in the ‘Writing R Extensions’ manual.
Flavors: r-devel-linux-x86_64-fedora-clang, r-devel-linux-x86_64-fedora-gcc, r-devel-macos-x86_64-clang

Version: 0.96
Check: whether package can be installed
Result: WARN
    Found the following significant warnings:
     Warning: Possible change of value in conversion from REAL(8) to INTEGER(4) at (1)
     Warning: Possible change of value in conversion from REAL(4) to INTEGER(4) at (1)
Flavor: r-release-osx-x86_64-mavericks