CRAN Package Check Results for Package oc

Last updated on 2014-12-21 11:46:39.

Flavor Version Tinstall Tcheck Ttotal Status Flags
r-devel-linux-x86_64-debian-clang 0.95 5.83 25.92 31.74 OK
r-devel-linux-x86_64-debian-gcc 0.95 5.80 25.42 31.23 OK
r-devel-linux-x86_64-fedora-clang 0.95 57.87 OK
r-devel-linux-x86_64-fedora-gcc 0.95 48.25 OK
r-devel-osx-x86_64-clang 0.95 54.49 OK
r-devel-windows-ix86+x86_64 0.95 16.00 45.00 61.00 OK
r-patched-linux-x86_64 0.95 5.84 25.28 31.13 OK
r-patched-solaris-sparc 0.95 323.00 OK
r-patched-solaris-x86 0.95 78.70 OK
r-release-linux-ix86 0.95 8.35 39.26 47.60 OK
r-release-linux-x86_64 0.95 5.98 26.81 32.79 OK
r-release-osx-x86_64-mavericks 0.95 WARN
r-release-osx-x86_64-snowleopard 0.95 OK
r-release-windows-ix86+x86_64 0.95 17.00 42.00 59.00 OK
r-oldrel-windows-ix86+x86_64 0.95 16.00 52.00 68.00 OK

Check Details

Version: 0.95
Check: whether package can be installed
Result: WARN
    Found the following significant warnings:
     Warning: Possible change of value in conversion from REAL(8) to INTEGER(4) at (1)
     Warning: Possible change of value in conversion from REAL(4) to INTEGER(4) at (1)
Flavor: r-release-osx-x86_64-mavericks