CRAN Package Check Results for Package oc

Last updated on 2014-10-30 18:47:52.

Flavor Version Tinstall Tcheck Ttotal Status Flags
r-devel-linux-x86_64-debian-clang 0.95 5.87 25.44 31.31 OK
r-devel-linux-x86_64-debian-gcc 0.95 5.73 24.92 30.66 OK
r-devel-linux-x86_64-fedora-clang 0.95 53.96 OK
r-devel-linux-x86_64-fedora-gcc 0.95 53.16 OK
r-devel-osx-x86_64-clang 0.95 53.00 OK
r-devel-windows-ix86+x86_64 0.95 15.00 42.00 57.00 OK
r-patched-linux-x86_64 0.95 5.85 25.36 31.20 OK
r-patched-solaris-sparc 0.95 323.00 OK
r-patched-solaris-x86 0.95 78.20 OK
r-release-linux-ix86 0.95 8.83 43.90 52.73 OK
r-release-linux-x86_64 0.95 5.93 24.99 30.92 OK
r-release-osx-x86_64-mavericks 0.95 WARN
r-release-osx-x86_64-snowleopard 0.95 OK
r-release-windows-ix86+x86_64 0.95 15.00 42.00 57.00 OK
r-oldrel-windows-ix86+x86_64 0.95 16.00 51.00 67.00 OK

Check Details

Version: 0.95
Check: whether package can be installed
Result: WARN
    Found the following significant warnings:
     Warning: Possible change of value in conversion from REAL(8) to INTEGER(4) at (1)
     Warning: Possible change of value in conversion from REAL(4) to INTEGER(4) at (1)
Flavor: r-release-osx-x86_64-mavericks