CRAN Package Check Results for Package oc

Last updated on 2015-01-26 03:52:30.

Flavor Version Tinstall Tcheck Ttotal Status Flags
r-devel-linux-x86_64-debian-clang 0.95 5.80 23.50 29.30 OK
r-devel-linux-x86_64-debian-gcc 0.95 5.81 22.81 28.62 OK
r-devel-linux-x86_64-fedora-clang 0.95 56.00 NOTE
r-devel-linux-x86_64-fedora-gcc 0.95 53.22 NOTE
r-devel-osx-x86_64-clang 0.95 56.11 NOTE
r-devel-windows-ix86+x86_64 0.95 19.00 39.00 58.00 OK
r-patched-linux-x86_64 0.95 7.30 25.00 32.30 OK
r-patched-solaris-sparc 0.95 337.10 OK
r-patched-solaris-x86 0.95 77.80 OK
r-release-linux-ix86 0.95 8.40 42.02 50.42 OK
r-release-linux-x86_64 0.95 5.79 25.29 31.08 OK
r-release-osx-x86_64-mavericks 0.95 WARN
r-release-osx-x86_64-snowleopard 0.95 OK
r-release-windows-ix86+x86_64 0.95 17.00 45.00 62.00 OK
r-oldrel-windows-ix86+x86_64 0.95 18.00 54.00 72.00 OK

Check Details

Version: 0.95
Check: S3 generic/method consistency
Result: NOTE
    Found the following apparent S3 methods exported but not registered:
     plot.OCangles plot.OCcoords plot.OCcutlines plot.OCskree
    See section ‘Registering S3 methods’ in the ‘Writing R Extensions’
    manual.
Flavors: r-devel-linux-x86_64-fedora-clang, r-devel-linux-x86_64-fedora-gcc, r-devel-osx-x86_64-clang

Version: 0.95
Check: whether package can be installed
Result: WARN
    Found the following significant warnings:
     Warning: Possible change of value in conversion from REAL(8) to INTEGER(4) at (1)
     Warning: Possible change of value in conversion from REAL(4) to INTEGER(4) at (1)
Flavor: r-release-osx-x86_64-mavericks