CRAN Package Check Results for Package oc

Last updated on 2015-05-25 08:48:32.

Flavor Version Tinstall Tcheck Ttotal Status Flags
r-devel-linux-x86_64-debian-clang 0.95 5.76 22.79 28.55 NOTE
r-devel-linux-x86_64-debian-gcc 0.95 5.66 22.70 28.36 NOTE
r-devel-linux-x86_64-fedora-clang 0.95 52.26 NOTE
r-devel-linux-x86_64-fedora-gcc 0.95 49.30 NOTE
r-devel-osx-x86_64-clang 0.95 51.06 NOTE
r-devel-windows-ix86+x86_64 0.95 14.00 43.00 57.00 NOTE
r-patched-linux-x86_64 0.95 5.85 22.98 28.83 NOTE
r-patched-solaris-sparc 0.95 337.70 NOTE
r-patched-solaris-x86 0.95 71.80 NOTE
r-release-linux-x86_64 0.95 5.76 22.61 28.36 NOTE
r-release-osx-x86_64-mavericks 0.95 WARN
r-release-osx-x86_64-snowleopard 0.95 NOTE
r-release-windows-ix86+x86_64 0.95 14.00 40.00 54.00 NOTE
r-oldrel-windows-ix86+x86_64 0.95 19.00 55.00 74.00 OK

Check Details

Version: 0.95
Check: DESCRIPTION meta-information
Result: NOTE
    Malformed Title field: should not end in a period.
Flavors: r-devel-linux-x86_64-debian-clang, r-devel-linux-x86_64-debian-gcc, r-devel-linux-x86_64-fedora-clang, r-devel-linux-x86_64-fedora-gcc, r-devel-osx-x86_64-clang, r-devel-windows-ix86+x86_64, r-patched-linux-x86_64, r-patched-solaris-sparc, r-patched-solaris-x86, r-release-linux-x86_64, r-release-osx-x86_64-mavericks, r-release-osx-x86_64-snowleopard, r-release-windows-ix86+x86_64

Version: 0.95
Check: S3 generic/method consistency
Result: NOTE
    Found the following apparent S3 methods exported but not registered:
     plot.OCangles plot.OCcoords plot.OCcutlines plot.OCskree
    See section ‘Registering S3 methods’ in the ‘Writing R Extensions’
    manual.
Flavors: r-devel-linux-x86_64-debian-clang, r-devel-linux-x86_64-debian-gcc, r-devel-linux-x86_64-fedora-clang, r-devel-linux-x86_64-fedora-gcc, r-devel-osx-x86_64-clang, r-patched-linux-x86_64, r-patched-solaris-sparc, r-patched-solaris-x86, r-release-linux-x86_64

Version: 0.95
Check: whether package can be installed
Result: WARN
    Found the following significant warnings:
     Warning: Possible change of value in conversion from REAL(8) to INTEGER(4) at (1)
     Warning: Possible change of value in conversion from REAL(4) to INTEGER(4) at (1)
Flavor: r-release-osx-x86_64-mavericks