CRAN Package Check Results for Package oc

Last updated on 2015-03-29 17:51:41.

Flavor Version Tinstall Tcheck Ttotal Status Flags
r-devel-linux-x86_64-debian-clang 0.95 5.74 22.93 28.67 NOTE
r-devel-linux-x86_64-debian-gcc 0.95 5.67 22.75 28.42 NOTE
r-devel-linux-x86_64-fedora-clang 0.95 50.21 NOTE
r-devel-linux-x86_64-fedora-gcc 0.95 51.47 NOTE
r-devel-osx-x86_64-clang 0.95 55.24 NOTE
r-prerel-windows-ix86+x86_64 0.95 18.00 44.00 62.00 NOTE
r-prerel-linux-x86_64 0.95 5.68 22.89 28.57 NOTE
r-prerel-solaris-sparc 0.95 330.60 NOTE
r-prerel-solaris-x86 0.95 70.90 NOTE
r-release-linux-x86_64 0.95 6.21 25.62 31.83 OK
r-release-osx-x86_64-mavericks 0.95 WARN
r-release-osx-x86_64-snowleopard 0.95 OK
r-release-windows-ix86+x86_64 0.95 16.00 48.00 64.00 OK
r-oldrel-windows-ix86+x86_64 0.95 16.00 80.00 96.00 OK

Check Details

Version: 0.95
Check: DESCRIPTION meta-information
Result: NOTE
    Malformed Title field: should not end in a period.
Flavors: r-devel-linux-x86_64-debian-clang, r-devel-linux-x86_64-debian-gcc, r-devel-linux-x86_64-fedora-clang, r-devel-linux-x86_64-fedora-gcc, r-devel-osx-x86_64-clang, r-prerel-windows-ix86+x86_64, r-prerel-linux-x86_64, r-prerel-solaris-sparc, r-prerel-solaris-x86

Version: 0.95
Check: S3 generic/method consistency
Result: NOTE
    Found the following apparent S3 methods exported but not registered:
     plot.OCangles plot.OCcoords plot.OCcutlines plot.OCskree
    See section ‘Registering S3 methods’ in the ‘Writing R Extensions’
    manual.
Flavors: r-devel-linux-x86_64-debian-clang, r-devel-linux-x86_64-debian-gcc, r-devel-linux-x86_64-fedora-clang, r-devel-linux-x86_64-fedora-gcc, r-devel-osx-x86_64-clang, r-prerel-linux-x86_64

Version: 0.95
Check: whether package can be installed
Result: WARN
    Found the following significant warnings:
     Warning: Possible change of value in conversion from REAL(8) to INTEGER(4) at (1)
     Warning: Possible change of value in conversion from REAL(4) to INTEGER(4) at (1)
Flavor: r-release-osx-x86_64-mavericks