CRAN Package Check Results for Package oc

Last updated on 2017-05-30 14:47:20.

Flavor Version Tinstall Tcheck Ttotal Status Flags
r-devel-linux-x86_64-debian-clang 0.96 5.98 22.06 28.04 WARN
r-devel-linux-x86_64-debian-gcc 0.96 5.70 21.99 27.70 WARN
r-devel-linux-x86_64-fedora-clang 0.96 44.29 WARN
r-devel-linux-x86_64-fedora-gcc 0.96 42.79 WARN
r-devel-windows-ix86+x86_64 0.96 24.00 67.00 91.00 WARN
r-patched-linux-x86_64 0.96 5.69 21.96 27.66 NOTE
r-patched-solaris-sparc 0.96 272.00 OK
r-patched-solaris-x86 0.96 58.40 OK
r-release-linux-x86_64 0.96 8.47 22.00 30.48 NOTE
r-release-windows-ix86+x86_64 0.96 28.00 53.00 81.00 OK
r-release-osx-x86_64 0.96 OK
r-oldrel-windows-ix86+x86_64 0.96 19.00 51.00 70.00 OK
r-oldrel-osx-x86_64 0.96 WARN

Check Details

Version: 0.96
Check: whether package can be installed
Result: WARN
    Found the following significant warnings:
     Warning: GNU Extension: Different type kinds at (1)
Flavors: r-devel-linux-x86_64-debian-clang, r-devel-linux-x86_64-debian-gcc, r-devel-linux-x86_64-fedora-clang, r-devel-linux-x86_64-fedora-gcc, r-devel-windows-ix86+x86_64

Version: 0.96
Check: compiled code
Result: NOTE
    File ‘oc/libs/oc.so’:
     Found no calls to: ‘R_registerRoutines’, ‘R_useDynamicSymbols’
    
    It is good practice to register native routines and to disable symbol
    search.
    
    See ‘Writing portable packages’ in the ‘Writing R Extensions’ manual.
Flavors: r-devel-linux-x86_64-debian-clang, r-devel-linux-x86_64-debian-gcc, r-devel-linux-x86_64-fedora-clang, r-devel-linux-x86_64-fedora-gcc, r-patched-linux-x86_64, r-release-linux-x86_64

Version: 0.96
Check: whether package can be installed
Result: WARN
    Found the following significant warnings:
     Warning: Possible change of value in conversion from REAL(8) to INTEGER(4) at (1)
     Warning: Possible change of value in conversion from REAL(4) to INTEGER(4) at (1)
Flavor: r-oldrel-osx-x86_64