CRAN Package Check Results for Package oc

Last updated on 2016-02-10 11:55:21.

Flavor Version Tinstall Tcheck Ttotal Status Flags
r-devel-linux-x86_64-debian-gcc 0.95 5.34 17.07 22.41 NOTE
r-devel-linux-x86_64-fedora-clang 0.95 39.30 NOTE
r-devel-linux-x86_64-fedora-gcc 0.95 37.40 NOTE
r-devel-osx-x86_64-clang 0.95 45.64 NOTE
r-devel-windows-ix86+x86_64 0.95 22.00 56.00 78.00 NOTE
r-patched-linux-x86_64 0.95 5.54 22.81 28.34 NOTE
r-patched-solaris-sparc 0.95 313.20 NOTE
r-patched-solaris-x86 0.95 64.90 NOTE
r-release-linux-x86_64 0.95 5.48 22.30 27.79 NOTE
r-release-osx-x86_64-mavericks 0.95 WARN
r-release-windows-ix86+x86_64 0.95 22.00 62.00 84.00 NOTE
r-oldrel-windows-ix86+x86_64 0.95 22.00 56.00 78.00 OK

Check Details

Version: 0.95
Check: DESCRIPTION meta-information
Result: NOTE
    Malformed Title field: should not end in a period.
Flavors: r-devel-linux-x86_64-debian-gcc, r-devel-linux-x86_64-fedora-clang, r-devel-linux-x86_64-fedora-gcc, r-devel-osx-x86_64-clang, r-devel-windows-ix86+x86_64, r-patched-linux-x86_64, r-patched-solaris-sparc, r-patched-solaris-x86, r-release-linux-x86_64, r-release-osx-x86_64-mavericks, r-release-windows-ix86+x86_64

Version: 0.95
Check: S3 generic/method consistency
Result: NOTE
    Found the following apparent S3 methods exported but not registered:
     plot.OCangles plot.OCcoords plot.OCcutlines plot.OCskree
    See section ‘Registering S3 methods’ in the ‘Writing R Extensions’
    manual.
Flavors: r-devel-linux-x86_64-debian-gcc, r-devel-linux-x86_64-fedora-clang, r-devel-linux-x86_64-fedora-gcc, r-devel-osx-x86_64-clang, r-patched-linux-x86_64, r-patched-solaris-sparc, r-patched-solaris-x86, r-release-linux-x86_64

Version: 0.95
Check: R code for possible problems
Result: NOTE
    add.OCcutline: no visible global function definition for ‘lines’
    oc: no visible global function definition for ‘flush.console’
    plot.OCangles: no visible global function definition for ‘na.omit’
    plot.OCangles: no visible global function definition for ‘hist’
    plot.OCcoords: no visible global function definition for ‘colors’
    plot.OCcoords: no visible global function definition for ‘plot’
    plot.OCcoords: no visible global function definition for ‘legend’
    plot.OCcoords: no visible global function definition for ‘points’
    plot.OCcoords: no visible global function definition for ‘symbols’
    plot.OCcutlines: no visible global function definition for ‘na.omit’
    plot.OCcutlines: no visible global function definition for ‘symbols’
    plot.OCobject: no visible global function definition for ‘par’
    plot.OCskree: no visible global function definition for ‘plot’
    summary.OCobject: no visible global function definition for ‘na.omit’
    Undefined global functions or variables:
     colors flush.console hist legend lines na.omit par plot points
     symbols
    Consider adding
     importFrom("grDevices", "colors")
     importFrom("graphics", "hist", "legend", "lines", "par", "plot",
     "points", "symbols")
     importFrom("stats", "na.omit")
     importFrom("utils", "flush.console")
    to your NAMESPACE file.
Flavors: r-devel-linux-x86_64-debian-gcc, r-devel-linux-x86_64-fedora-clang, r-devel-linux-x86_64-fedora-gcc, r-devel-osx-x86_64-clang, r-devel-windows-ix86+x86_64

Version: 0.95
Check: whether package can be installed
Result: WARN
    Found the following significant warnings:
     Warning: Possible change of value in conversion from REAL(8) to INTEGER(4) at (1)
     Warning: Possible change of value in conversion from REAL(4) to INTEGER(4) at (1)
Flavor: r-release-osx-x86_64-mavericks