CRAN Package Check Results for Package oc

Last updated on 2017-03-29 11:49:41.

Flavor Version Tinstall Tcheck Ttotal Status Flags
r-devel-linux-x86_64-debian-clang 0.96 5.74 21.93 27.67 WARN
r-devel-linux-x86_64-debian-gcc 0.96 5.67 22.03 27.70 WARN
r-devel-linux-x86_64-fedora-clang 0.96 43.83 WARN --no-stop-on-test-error
r-devel-linux-x86_64-fedora-gcc 0.96 43.16 WARN --no-stop-on-test-error
r-devel-macos-x86_64-clang 0.96 37.35 WARN --no-stop-on-test-error
r-devel-windows-ix86+x86_64 0.96 20.00 74.00 94.00 OK
r-patched-linux-x86_64 0.96 5.60 21.95 27.55 NOTE
r-patched-solaris-sparc 0.96 272.00 OK
r-patched-solaris-x86 0.96 58.60 OK
r-release-linux-x86_64 0.96 5.43 18.46 23.89 OK
r-release-osx-x86_64-mavericks 0.96 WARN
r-release-windows-ix86+x86_64 0.96 28.00 58.00 86.00 OK
r-oldrel-windows-ix86+x86_64 0.96 16.00 86.00 102.00 OK

Check Details

Version: 0.96
Check: whether package can be installed
Result: WARN
    Found the following significant warnings:
     Warning: GNU Extension: Different type kinds at (1)
Flavors: r-devel-linux-x86_64-debian-clang, r-devel-linux-x86_64-debian-gcc

Version: 0.96
Check: compiled code
Result: NOTE
    File ‘oc/libs/oc.so’:
     Found no calls to: ‘R_registerRoutines’, ‘R_useDynamicSymbols’
    
    It is good practice to register native routines and to disable symbol
    search.
    
    See ‘Writing portable packages’ in the ‘Writing R Extensions’ manual.
Flavors: r-devel-linux-x86_64-debian-clang, r-devel-linux-x86_64-debian-gcc, r-patched-linux-x86_64

Version: 0.96
Flags: --no-stop-on-test-error
Check: whether package can be installed
Result: WARN
    Found the following significant warnings:
     Warning: GNU Extension: Different type kinds at (1)
Flavors: r-devel-linux-x86_64-fedora-clang, r-devel-linux-x86_64-fedora-gcc, r-devel-macos-x86_64-clang

Version: 0.96
Flags: --no-stop-on-test-error
Check: compiled code
Result: NOTE
    File ‘oc/libs/oc.so’:
     Found no calls to: ‘R_registerRoutines’, ‘R_useDynamicSymbols’
    
    It is good practice to register native routines and to disable symbol
    search.
    
    See ‘Writing portable packages’ in the ‘Writing R Extensions’ manual.
Flavors: r-devel-linux-x86_64-fedora-clang, r-devel-linux-x86_64-fedora-gcc, r-devel-macos-x86_64-clang

Version: 0.96
Check: whether package can be installed
Result: WARN
    Found the following significant warnings:
     Warning: Possible change of value in conversion from REAL(8) to INTEGER(4) at (1)
     Warning: Possible change of value in conversion from REAL(4) to INTEGER(4) at (1)
Flavor: r-release-osx-x86_64-mavericks