CRAN Package Check Results for Package occCite

Last updated on 2020-12-03 15:49:55 CET.

Flavor Version Tinstall Tcheck Ttotal Status Flags
r-devel-linux-x86_64-debian-clang 0.4.5 10.06 94.86 104.92 OK
r-devel-linux-x86_64-debian-gcc 0.4.5 8.99 71.60 80.59 OK
r-devel-linux-x86_64-fedora-clang 0.4.5 112.13 NOTE
r-devel-linux-x86_64-fedora-gcc 0.4.5 112.03 NOTE
r-devel-windows-ix86+x86_64 0.4.5 23.00 115.00 138.00 OK
r-patched-linux-x86_64 0.4.5 10.63 89.12 99.75 OK
r-patched-solaris-x86 0.4.5 164.30 NOTE
r-release-linux-x86_64 0.4.5 9.12 90.74 99.86 OK
r-release-macos-x86_64 0.4.5 NOTE
r-release-windows-ix86+x86_64 0.4.5 19.00 118.00 137.00 OK
r-oldrel-macos-x86_64 0.4.5 NOTE
r-oldrel-windows-ix86+x86_64 0.4.5 17.00 113.00 130.00 OK

Check Details

Version: 0.4.5
Check: dependencies in R code
Result: NOTE
    Namespaces in Imports field not imported from:
     ‘ape’ ‘bit64’ ‘knitr’ ‘magrittr’
     All declared Imports should be used.
Flavors: r-devel-linux-x86_64-fedora-clang, r-devel-linux-x86_64-fedora-gcc, r-patched-solaris-x86, r-release-macos-x86_64, r-oldrel-macos-x86_64

Version: 0.4.5
Check: data for non-ASCII characters
Result: NOTE
     Note: found 6 marked UTF-8 strings
Flavors: r-devel-linux-x86_64-fedora-clang, r-devel-linux-x86_64-fedora-gcc, r-patched-solaris-x86, r-release-macos-x86_64, r-oldrel-macos-x86_64