CRAN Package Check Results for Package oce

Last updated on 2017-09-20 23:49:02.

Flavor Version Tinstall Tcheck Ttotal Status Flags
r-devel-linux-x86_64-debian-clang 0.9-22 14.34 214.13 228.47 OK
r-devel-linux-x86_64-debian-gcc 0.9-22 14.40 211.07 225.47 OK
r-devel-linux-x86_64-fedora-clang 0.9-22 435.25 NOTE
r-devel-linux-x86_64-fedora-gcc 0.9-22 414.56 NOTE
r-devel-windows-ix86+x86_64 0.9-22 58.00 422.00 480.00 NOTE
r-patched-linux-x86_64 0.9-22 14.67 210.79 225.46 OK
r-patched-solaris-x86 0.9-22 515.40 NOTE
r-release-linux-x86_64 0.9-22 13.86 215.59 229.46 OK
r-release-windows-ix86+x86_64 0.9-22 68.00 472.00 540.00 NOTE
r-release-osx-x86_64 0.9-22 NOTE
r-oldrel-windows-ix86+x86_64 0.9-22 54.00 356.00 410.00 NOTE
r-oldrel-osx-x86_64 0.9-22 NOTE

Check Details

Version: 0.9-22
Check: installed package size
Result: NOTE
     installed size is 5.5Mb
     sub-directories of 1Mb or more:
     help 2.2Mb
Flavors: r-devel-linux-x86_64-fedora-clang, r-devel-linux-x86_64-fedora-gcc, r-devel-windows-ix86+x86_64, r-patched-solaris-x86, r-release-windows-ix86+x86_64, r-release-osx-x86_64, r-oldrel-windows-ix86+x86_64, r-oldrel-osx-x86_64