CRAN Package Check Results for Package oce

Last updated on 2017-11-18 08:52:50.

Flavor Version Tinstall Tcheck Ttotal Status Flags
r-devel-linux-x86_64-debian-clang 0.9-22 14.08 214.49 228.57 OK
r-devel-linux-x86_64-debian-gcc 0.9-22 15.95 220.87 236.82 OK
r-devel-linux-x86_64-fedora-clang 0.9-22 423.46 NOTE
r-devel-linux-x86_64-fedora-gcc 0.9-22 428.57 NOTE
r-devel-windows-ix86+x86_64 0.9-22 76.00 578.00 654.00 NOTE
r-patched-linux-x86_64 0.9-22 14.06 212.07 226.13 OK
r-patched-solaris-x86 0.9-22 495.90 NOTE
r-release-linux-x86_64 0.9-22 14.14 211.55 225.69 OK
r-release-windows-ix86+x86_64 0.9-22 111.00 580.00 691.00 NOTE
r-release-osx-x86_64 0.9-22 NOTE
r-oldrel-windows-ix86+x86_64 0.9-22 54.00 351.00 405.00 NOTE
r-oldrel-osx-x86_64 0.9-22 NOTE

Check Details

Version: 0.9-22
Check: installed package size
Result: NOTE
     installed size is 5.5Mb
     sub-directories of 1Mb or more:
     help 2.2Mb
Flavors: r-devel-linux-x86_64-fedora-clang, r-devel-linux-x86_64-fedora-gcc, r-devel-windows-ix86+x86_64, r-patched-solaris-x86, r-release-windows-ix86+x86_64, r-release-osx-x86_64, r-oldrel-windows-ix86+x86_64, r-oldrel-osx-x86_64