CRAN Package Check Results for Package oce

Last updated on 2018-01-17 01:48:53 CET.

Flavor Version Tinstall Tcheck Ttotal Status Flags
r-devel-linux-x86_64-debian-clang 0.9-22 20.50 372.27 392.77 OK
r-devel-linux-x86_64-debian-gcc 0.9-22 15.06 277.43 292.49 OK
r-devel-linux-x86_64-fedora-clang 0.9-22 423.42 NOTE
r-devel-linux-x86_64-fedora-gcc 0.9-22 413.21 NOTE
r-devel-windows-ix86+x86_64 0.9-22 76.00 451.00 527.00 NOTE
r-patched-linux-x86_64 0.9-22 19.31 370.81 390.12 OK
r-patched-solaris-x86 0.9-22 522.70 NOTE
r-release-linux-x86_64 0.9-22 19.60 368.79 388.39 OK
r-release-windows-ix86+x86_64 0.9-22 78.00 433.00 511.00 NOTE
r-release-osx-x86_64 0.9-22 NOTE
r-oldrel-windows-ix86+x86_64 0.9-22 78.00 364.00 442.00 NOTE
r-oldrel-osx-x86_64 0.9-22 NOTE

Check Details

Version: 0.9-22
Check: installed package size
Result: NOTE
     installed size is 5.5Mb
     sub-directories of 1Mb or more:
     help 2.2Mb
Flavors: r-devel-linux-x86_64-fedora-clang, r-devel-linux-x86_64-fedora-gcc, r-devel-windows-ix86+x86_64, r-patched-solaris-x86, r-release-windows-ix86+x86_64, r-release-osx-x86_64, r-oldrel-windows-ix86+x86_64, r-oldrel-osx-x86_64