CRAN Package Check Results for Package oce

Last updated on 2017-04-24 12:47:48.

Flavor Version Tinstall Tcheck Ttotal Status Flags
r-devel-linux-x86_64-debian-clang 0.9-21 13.69 196.84 210.53 OK
r-devel-linux-x86_64-debian-gcc 0.9-21 13.36 190.98 204.35 OK
r-devel-linux-x86_64-fedora-clang 0.9-21 390.40 NOTE --no-stop-on-test-error
r-devel-linux-x86_64-fedora-gcc 0.9-21 365.33 NOTE --no-stop-on-test-error
r-devel-windows-ix86+x86_64 0.9-21 107.00 390.00 497.00 NOTE
r-patched-linux-x86_64 0.9-21 13.79 191.29 205.09 OK
r-patched-solaris-sparc 0.9-21 2245.40 NOTE
r-patched-solaris-x86 0.9-21 430.10 NOTE
r-release-linux-x86_64 0.9-21 13.31 189.50 202.81 OK
r-release-windows-ix86+x86_64 0.9-21 57.00 381.00 438.00 NOTE
r-release-osx-x86_64 0.9-21 NOTE
r-oldrel-windows-ix86+x86_64 0.9-21 71.00 328.00 399.00 NOTE
r-oldrel-osx-x86_64 0.9-21 NOTE

Check Details

Version: 0.9-21
Flags: --no-stop-on-test-error
Check: installed package size
Result: NOTE
     installed size is 5.3Mb
     sub-directories of 1Mb or more:
     help 2.1Mb
Flavors: r-devel-linux-x86_64-fedora-clang, r-devel-linux-x86_64-fedora-gcc

Version: 0.9-21
Flags: --no-stop-on-test-error
Check: data for non-ASCII characters
Result: NOTE
     Note: found 2 marked UTF-8 strings
Flavors: r-devel-linux-x86_64-fedora-clang, r-devel-linux-x86_64-fedora-gcc

Version: 0.9-21
Check: installed package size
Result: NOTE
     installed size is 6.4Mb
     sub-directories of 1Mb or more:
     help 2.1Mb
     libs 1.6Mb
Flavors: r-devel-windows-ix86+x86_64, r-patched-solaris-sparc, r-patched-solaris-x86, r-release-windows-ix86+x86_64, r-release-osx-x86_64, r-oldrel-windows-ix86+x86_64, r-oldrel-osx-x86_64

Version: 0.9-21
Check: data for non-ASCII characters
Result: NOTE
     Note: found 2 marked UTF-8 strings
Flavors: r-patched-solaris-sparc, r-patched-solaris-x86, r-release-osx-x86_64, r-oldrel-osx-x86_64

Version: 0.9-21
Check: package dependencies
Result: NOTE
    Packages suggested but not available for checking: ‘ncdf4’ ‘rgdal’ ‘marmap’
Flavor: r-release-osx-x86_64

Version: 0.9-21
Check: Rd cross-references
Result: NOTE
    Packages unavailable to check Rd xrefs: ‘rgdal’, ‘marmap’, ‘ncdf4’
Flavor: r-release-osx-x86_64