CRAN Package Check Results for Package oce

Last updated on 2016-05-30 19:47:38.

Flavor Version Tinstall Tcheck Ttotal Status Flags
r-devel-linux-x86_64-debian-gcc 0.9-18 11.46 151.05 162.51 ERROR
r-devel-linux-x86_64-fedora-clang 0.9-18 272.56 ERROR
r-devel-linux-x86_64-fedora-gcc 0.9-18 253.64 ERROR
r-devel-osx-x86_64-clang 0.9-18 334.92 ERROR
r-devel-windows-ix86+x86_64 0.9-18 37.00 292.00 329.00 ERROR
r-patched-linux-x86_64 0.9-18 10.71 147.62 158.33 ERROR
r-patched-solaris-sparc 0.9-18 1850.80 ERROR
r-patched-solaris-x86 0.9-18 337.70 ERROR
r-release-linux-x86_64 0.9-18 10.64 146.91 157.55 ERROR
r-release-osx-x86_64-mavericks 0.9-18 ERROR
r-release-windows-ix86+x86_64 0.9-18 77.00 298.00 375.00 ERROR
r-oldrel-windows-ix86+x86_64 0.9-18 62.00 286.00 348.00 ERROR

Check Details

Version: 0.9-18
Check: tests
Result: ERROR
    Running the tests in ‘tests/testthat.R’ failed.
    Last 13 lines of output:
     > test_check("oce")
     1. Failure: lonlat2map() near Cape Split (@test_map.R#62) ----------------------
     `cs` not equal to `cs2`.
     Component "longitude": names for current but not for target
     Component "latitude": names for current but not for target
    
    
     testthat results ================================================================
     OK: 538 SKIPPED: 1 FAILED: 1
     1. Failure: lonlat2map() near Cape Split (@test_map.R#62)
    
     Error: testthat unit tests failed
     In addition: Warning message:
     Deprecated: please use `expect_lt()` instead
     Execution halted
Flavors: r-devel-linux-x86_64-debian-gcc, r-devel-linux-x86_64-fedora-clang, r-devel-linux-x86_64-fedora-gcc, r-devel-osx-x86_64-clang

Version: 0.9-18
Check: re-building of vignette outputs
Result: WARN
    Error in re-building vignettes:
     ...
    Loading required package: gsw
    Quitting from lines 339-347 (oce.Rmd)
    Error: processing vignette 'oce.Rmd' failed with diagnostics:
    No inverse for this projection
    Execution halted
Flavors: r-devel-linux-x86_64-fedora-clang, r-devel-linux-x86_64-fedora-gcc

Version: 0.9-18
Check: installed package size
Result: NOTE
     installed size is 5.4Mb
     sub-directories of 1Mb or more:
     help 1.3Mb
     libs 1.2Mb
Flavors: r-devel-windows-ix86+x86_64, r-release-windows-ix86+x86_64

Version: 0.9-18
Check: running tests for arch ‘i386’
Result: ERROR
    Running the tests in 'tests/testthat.R' failed.
    Last 13 lines of output:
     > test_check("oce")
     1. Failure: lonlat2map() near Cape Split (@test_map.R#62) ----------------------
     `cs` not equal to `cs2`.
     Component "longitude": names for current but not for target
     Component "latitude": names for current but not for target
    
    
     testthat results ================================================================
     OK: 538 SKIPPED: 1 FAILED: 1
     1. Failure: lonlat2map() near Cape Split (@test_map.R#62)
    
     Error: testthat unit tests failed
     In addition: Warning message:
     Deprecated: please use `expect_lt()` instead
     Execution halted
Flavor: r-devel-windows-ix86+x86_64

Version: 0.9-18
Check: running tests for arch ‘x64’
Result: ERROR
    Running the tests in 'tests/testthat.R' failed.
    Last 13 lines of output:
     > test_check("oce")
     1. Failure: lonlat2map() near Cape Split (@test_map.R#62) ----------------------
     `cs` not equal to `cs2`.
     Component "longitude": names for current but not for target
     Component "latitude": names for current but not for target
    
    
     testthat results ================================================================
     OK: 538 SKIPPED: 1 FAILED: 1
     1. Failure: lonlat2map() near Cape Split (@test_map.R#62)
    
     Error: testthat unit tests failed
     In addition: Warning message:
     Deprecated: please use `expect_lt()` instead
     Execution halted
Flavor: r-devel-windows-ix86+x86_64

Version: 0.9-18
Check: tests
Result: ERROR
    Running the tests in ‘tests/testthat.R’ failed.
    Last 13 lines of output:
     `cs` not equal to `cs2`.
     Component "longitude": names for current but not for target
     Component "latitude": names for current but not for target
    
    
     testthat results ================================================================
     OK: 538 SKIPPED: 1 FAILED: 1
     1. Failure: lonlat2map() near Cape Split (@test_map.R#62)
    
     Error: testthat unit tests failed
     In addition: Warning message:
     Deprecated: please use `expect_lt()` instead
     Execution halted
Flavors: r-patched-linux-x86_64, r-patched-solaris-sparc, r-patched-solaris-x86, r-release-linux-x86_64, r-release-osx-x86_64-mavericks

Version: 0.9-18
Check: re-building of vignette outputs
Result: WARN
    Error in re-building vignettes:
     ...
     4: mapPlot(coastlineWorld, projection = "+proj=wintri", col = "lightgray")
     5: eval(expr, envir, enclos)
     6: eval(expr, envir, enclos)
     7: withVisible(eval(expr, envir, enclos))
     8: withCallingHandlers(withVisible(eval(expr, envir, enclos)), warning = wHandler, error = eHandler, message = mHandler)
     9: handle(ev <- withCallingHandlers(withVisible(eval(expr, envir, enclos)), warning = wHandler, error = eHandler, message = mHandler))
    10: evaluate_call(expr, parsed$src[[i]], envir = envir, enclos = enclos, debug = debug, last = i == length(out), use_try = stop_on_error != 2L, keep_warning = keep_warning, keep_message = keep_message, output_handler = output_handler)
    11: evaluate::evaluate(code, envir = env, new_device = FALSE, keep_warning = !isFALSE(options$warning), keep_message = !isFALSE(options$message), stop_on_error = if (options$error && options$include) 0L else 2L, output_handler = knit_handlers(options$render, options))
    12: in_dir(opts_knit$get("root.dir") %n% input_dir(), evaluate::evaluate(code, envir = env, new_device = FALSE, keep_warning = !isFALSE(options$warning), keep_message = !isFALSE(options$message), stop_on_error = if (options$error && options$include) 0L else 2L, output_handler = knit_handlers(options$render, options)))
    13: block_exec(params)
    14: call_block(x)
    15: process_group.block(group)
    16: process_group(group)
    17: withCallingHandlers(if (tangle) process_tangle(group) else process_group(group), error = function(e) { setwd(wd) cat(res, sep = "\n", file = output %n% "") message("Quitting from lines ", paste(current_lines(i), collapse = "-"), " (", knit_concord$get("infile"), ") ") })
    18: process_file(text, output)
    19: knit(input, text = text, envir = envir, encoding = encoding, quiet = quiet)
    20: (if (grepl("\\.[Rr]md$", file)) knit2html else if (grepl("\\.[Rr]rst$", file)) knit2pdf else knit)(file, encoding = encoding, quiet = quiet, envir = globalenv())
    21: vweave(...)
    22: engine$weave(file, quiet = quiet, encoding = enc)
    23: doTryCatch(return(expr), name, parentenv, handler)
    24: tryCatchOne(expr, names, parentenv, handlers[[1L]])
    25: tryCatchList(expr, classes, parentenv, handlers)
    26: tryCatch({ engine$weave(file, quiet = quiet, encoding = enc) setwd(startdir) find_vignette_product(name, by = "weave", engine = engine)}, error = function(e) { stop(gettextf("processing vignette '%s' failed with diagnostics:\n%s", file, conditionMessage(e)), domain = NA, call. = FALSE)})
    27: buildVignettes(dir = "/Builds/CRAN-QA-Simon/packages/mavericks-x86_64/results/3.3/oce.Rcheck/vign_test/oce")
    An irrecoverable exception occurred. R is aborting now ...
Flavor: r-release-osx-x86_64-mavericks

Version: 0.9-18
Check: running tests for arch ‘i386’
Result: ERROR
    Running the tests in 'tests/testthat.R' failed.
    Last 13 lines of output:
     `cs` not equal to `cs2`.
     Component "longitude": names for current but not for target
     Component "latitude": names for current but not for target
    
    
     testthat results ================================================================
     OK: 538 SKIPPED: 1 FAILED: 1
     1. Failure: lonlat2map() near Cape Split (@test_map.R#62)
    
     Error: testthat unit tests failed
     In addition: Warning message:
     Deprecated: please use `expect_lt()` instead
     Execution halted
Flavors: r-release-windows-ix86+x86_64, r-oldrel-windows-ix86+x86_64

Version: 0.9-18
Check: running tests for arch ‘x64’
Result: ERROR
    Running the tests in 'tests/testthat.R' failed.
    Last 13 lines of output:
     `cs` not equal to `cs2`.
     Component "longitude": names for current but not for target
     Component "latitude": names for current but not for target
    
    
     testthat results ================================================================
     OK: 538 SKIPPED: 1 FAILED: 1
     1. Failure: lonlat2map() near Cape Split (@test_map.R#62)
    
     Error: testthat unit tests failed
     In addition: Warning message:
     Deprecated: please use `expect_lt()` instead
     Execution halted
Flavors: r-release-windows-ix86+x86_64, r-oldrel-windows-ix86+x86_64