CRAN Package Check Results for Package oce

Last updated on 2016-09-28 23:49:27.

Flavor Version Tinstall Tcheck Ttotal Status Flags
r-devel-linux-x86_64-debian-clang 0.9-19 14.05 168.16 182.21 NOTE
r-devel-linux-x86_64-debian-gcc 0.9-19 13.01 165.10 178.10 NOTE
r-devel-linux-x86_64-fedora-clang 0.9-19 318.02 NOTE
r-devel-linux-x86_64-fedora-gcc 0.9-19 301.68 NOTE
r-devel-macos-x86_64-clang 0.9-19 252.01 OK
r-devel-windows-ix86+x86_64 0.9-19 53.00 382.00 435.00 NOTE
r-patched-linux-x86_64 0.9-19 12.10 164.53 176.63 NOTE
r-patched-solaris-sparc 0.9-19 1914.50 NOTE
r-patched-solaris-x86 0.9-19 361.40 NOTE
r-release-linux-x86_64 0.9-19 13.00 164.93 177.93 NOTE
r-release-osx-x86_64-mavericks 0.9-19 NOTE
r-release-windows-ix86+x86_64 0.9-19 82.00 329.00 411.00 NOTE
r-oldrel-windows-ix86+x86_64 0.9-19 99.00 338.00 437.00 NOTE

Check Details

Version: 0.9-19
Check: installed package size
Result: NOTE
     installed size is 5.2Mb
     sub-directories of 1Mb or more:
     help 2.0Mb
Flavors: r-devel-linux-x86_64-debian-clang, r-devel-linux-x86_64-debian-gcc, r-devel-linux-x86_64-fedora-clang, r-devel-linux-x86_64-fedora-gcc, r-devel-windows-ix86+x86_64, r-patched-linux-x86_64, r-patched-solaris-sparc, r-patched-solaris-x86, r-release-linux-x86_64, r-release-osx-x86_64-mavericks, r-release-windows-ix86+x86_64, r-oldrel-windows-ix86+x86_64