CRAN Package Check Results for Package oce

Last updated on 2017-07-28 04:47:13.

Flavor Version Tinstall Tcheck Ttotal Status Flags
r-devel-linux-x86_64-debian-clang 0.9-21 13.73 341.69 355.43 WARN
r-devel-linux-x86_64-debian-gcc 0.9-21 13.65 338.57 352.22 WARN
r-devel-linux-x86_64-fedora-clang 0.9-21 377.54 NOTE
r-devel-linux-x86_64-fedora-gcc 0.9-21 361.55 NOTE
r-devel-windows-ix86+x86_64 0.9-21 70.00 375.00 445.00 NOTE
r-patched-linux-x86_64 0.9-21 13.38 344.22 357.60 WARN
r-patched-solaris-x86 0.9-21 446.10 NOTE
r-release-linux-x86_64 0.9-21 13.30 346.35 359.66 WARN
r-release-windows-ix86+x86_64 0.9-21 64.00 491.00 555.00 NOTE
r-release-osx-x86_64 0.9-21 NOTE
r-oldrel-windows-ix86+x86_64 0.9-21 68.00 363.00 431.00 NOTE
r-oldrel-osx-x86_64 0.9-21 NOTE

Check Details

Version: 0.9-21
Check: PDF version of manual
Result: WARN
    LaTeX errors when creating PDF version.
    This typically indicates Rd problems.
    LaTeX errors found:
Flavors: r-devel-linux-x86_64-debian-clang, r-devel-linux-x86_64-debian-gcc, r-patched-linux-x86_64, r-release-linux-x86_64

Version: 0.9-21
Check: installed package size
Result: NOTE
     installed size is 5.3Mb
     sub-directories of 1Mb or more:
     help 2.1Mb
Flavors: r-devel-linux-x86_64-fedora-clang, r-devel-linux-x86_64-fedora-gcc, r-devel-windows-ix86+x86_64, r-patched-solaris-x86, r-release-windows-ix86+x86_64, r-release-osx-x86_64, r-oldrel-windows-ix86+x86_64, r-oldrel-osx-x86_64

Version: 0.9-21
Check: data for non-ASCII characters
Result: NOTE
     Note: found 2 marked UTF-8 strings
Flavors: r-devel-linux-x86_64-fedora-clang, r-devel-linux-x86_64-fedora-gcc, r-patched-solaris-x86, r-release-osx-x86_64, r-oldrel-osx-x86_64

Version: 0.9-21
Check: package dependencies
Result: NOTE
    Packages suggested but not available for checking: ‘ncdf4’ ‘rgdal’ ‘marmap’
Flavor: r-release-osx-x86_64

Version: 0.9-21
Check: Rd cross-references
Result: NOTE
    Packages unavailable to check Rd xrefs: ‘rgdal’, ‘marmap’, ‘ncdf4’
Flavor: r-release-osx-x86_64