CRAN Package Check Results for Package oce

Last updated on 2018-04-24 11:50:58 CEST.

Flavor Version Tinstall Tcheck Ttotal Status Flags
r-devel-linux-x86_64-debian-clang 0.9-23 58.52 326.46 384.98 OK
r-devel-linux-x86_64-debian-gcc 0.9-23 48.94 248.68 297.62 OK
r-devel-linux-x86_64-fedora-clang 0.9-23 465.36 NOTE
r-devel-linux-x86_64-fedora-gcc 0.9-23 448.68 NOTE
r-devel-windows-ix86+x86_64 0.9-23 133.00 412.00 545.00 NOTE
r-patched-linux-x86_64 0.9-23 61.78 320.94 382.72 OK
r-patched-solaris-x86 0.9-23 615.60 NOTE
r-release-linux-x86_64 0.9-23 61.09 328.09 389.18 OK
r-release-windows-ix86+x86_64 0.9-23 133.00 412.00 545.00 NOTE
r-release-osx-x86_64 0.9-23 NOTE
r-oldrel-windows-ix86+x86_64 0.9-23 62.00 473.00 535.00 NOTE
r-oldrel-osx-x86_64 0.9-23 NOTE

Check Details

Version: 0.9-23
Check: installed package size
Result: NOTE
     installed size is 7.0Mb
     sub-directories of 1Mb or more:
     R 2.0Mb
     help 2.2Mb
Flavors: r-devel-linux-x86_64-fedora-clang, r-devel-linux-x86_64-fedora-gcc, r-devel-windows-ix86+x86_64, r-patched-solaris-x86, r-release-windows-ix86+x86_64, r-release-osx-x86_64, r-oldrel-windows-ix86+x86_64, r-oldrel-osx-x86_64