CRAN Package Check Results for Package oce

Last updated on 2017-01-18 06:48:01.

Flavor Version Tinstall Tcheck Ttotal Status Flags
r-devel-linux-x86_64-debian-clang 0.9-20 13.94 186.29 200.22 OK
r-devel-linux-x86_64-debian-gcc 0.9-20 13.20 181.67 194.87 OK
r-devel-linux-x86_64-fedora-clang 0.9-20 366.70 NOTE --no-stop-on-test-error
r-devel-linux-x86_64-fedora-gcc 0.9-20 345.72 NOTE --no-stop-on-test-error
r-devel-macos-x86_64-clang 0.9-20 293.99 OK --no-stop-on-test-error
r-devel-windows-ix86+x86_64 0.9-20 79.00 373.00 452.00 NOTE
r-patched-linux-x86_64 0.9-20 12.53 166.55 179.08 OK
r-patched-solaris-sparc 0.9-20 2074.60 NOTE
r-patched-solaris-x86 0.9-20 379.60 NOTE
r-release-linux-x86_64 0.9-20 12.15 168.92 181.08 OK
r-release-osx-x86_64-mavericks 0.9-20 NOTE
r-release-windows-ix86+x86_64 0.9-20 260.00 326.00 586.00 NOTE
r-oldrel-windows-ix86+x86_64 0.9-20 72.00 326.00 398.00 NOTE

Memtest notes: clang-ASAN gcc6-ASAN gcc7-ASAN valgrind

Check Details

Version: 0.9-20
Flags: --no-stop-on-test-error
Check: installed package size
Result: NOTE
     installed size is 5.3Mb
     sub-directories of 1Mb or more:
     help 2.1Mb
Flavors: r-devel-linux-x86_64-fedora-clang, r-devel-linux-x86_64-fedora-gcc

Version: 0.9-20
Check: installed package size
Result: NOTE
     installed size is 6.4Mb
     sub-directories of 1Mb or more:
     help 2.1Mb
     libs 1.6Mb
Flavors: r-devel-windows-ix86+x86_64, r-patched-solaris-sparc, r-patched-solaris-x86, r-release-osx-x86_64-mavericks, r-release-windows-ix86+x86_64, r-oldrel-windows-ix86+x86_64