CRAN Package Check Results for Package oce

Last updated on 2016-07-29 05:49:11.

Flavor Version Tinstall Tcheck Ttotal Status Flags
r-devel-linux-x86_64-debian-clang 0.9-19 13.53 166.14 179.67 NOTE
r-devel-linux-x86_64-debian-gcc 0.9-19 15.07 180.87 195.94 NOTE
r-devel-linux-x86_64-fedora-clang 0.9-19 310.92 NOTE
r-devel-linux-x86_64-fedora-gcc 0.9-19 294.26 NOTE
r-devel-osx-x86_64-clang 0.9-19 261.39 OK
r-devel-windows-ix86+x86_64 0.9-19 73.00 314.00 387.00 NOTE
r-patched-linux-x86_64 0.9-19 14.13 182.59 196.72 NOTE
r-patched-solaris-sparc 0.9-19 1914.50 NOTE
r-patched-solaris-x86 0.9-19 372.40 NOTE
r-release-linux-x86_64 0.9-19 13.77 186.60 200.37 NOTE
r-release-osx-x86_64-mavericks 0.9-19 NOTE
r-release-windows-ix86+x86_64 0.9-19 72.00 346.00 418.00 NOTE
r-oldrel-windows-ix86+x86_64 0.9-19 116.00 396.00 512.00 NOTE

Check Details

Version: 0.9-19
Check: installed package size
Result: NOTE
     installed size is 5.2Mb
     sub-directories of 1Mb or more:
     help 2.0Mb
Flavors: r-devel-linux-x86_64-debian-clang, r-devel-linux-x86_64-debian-gcc, r-devel-linux-x86_64-fedora-clang, r-devel-linux-x86_64-fedora-gcc, r-devel-windows-ix86+x86_64, r-patched-linux-x86_64, r-patched-solaris-sparc, r-patched-solaris-x86, r-release-linux-x86_64, r-release-osx-x86_64-mavericks, r-release-windows-ix86+x86_64, r-oldrel-windows-ix86+x86_64