CRAN Package Check Results for Package oce

Last updated on 2017-10-21 13:48:30.

Flavor Version Tinstall Tcheck Ttotal Status Flags
r-devel-linux-x86_64-debian-clang 0.9-22 14.30 216.40 230.70 OK
r-devel-linux-x86_64-debian-gcc 0.9-22 16.35 223.66 240.02 OK
r-devel-linux-x86_64-fedora-clang 0.9-22 432.51 NOTE
r-devel-linux-x86_64-fedora-gcc 0.9-22 428.79 NOTE
r-devel-windows-ix86+x86_64 0.9-22 57.00 430.00 487.00 NOTE
r-patched-linux-x86_64 0.9-22 13.68 214.26 227.94 OK
r-patched-solaris-x86 0.9-22 496.90 NOTE
r-release-linux-x86_64 0.9-22 13.89 214.03 227.92 OK
r-release-windows-ix86+x86_64 0.9-22 75.00 453.00 528.00 NOTE
r-release-osx-x86_64 0.9-22 NOTE
r-oldrel-windows-ix86+x86_64 0.9-22 61.00 487.00 548.00 NOTE
r-oldrel-osx-x86_64 0.9-22 NOTE

Check Details

Version: 0.9-22
Check: installed package size
Result: NOTE
     installed size is 5.5Mb
     sub-directories of 1Mb or more:
     help 2.2Mb
Flavors: r-devel-linux-x86_64-fedora-clang, r-devel-linux-x86_64-fedora-gcc, r-devel-windows-ix86+x86_64, r-patched-solaris-x86, r-release-windows-ix86+x86_64, r-release-osx-x86_64, r-oldrel-windows-ix86+x86_64, r-oldrel-osx-x86_64