CRAN Package Check Results for Package oce

Last updated on 2017-08-22 12:52:24.

Flavor Version Tinstall Tcheck Ttotal Status Flags
r-devel-linux-x86_64-debian-clang 0.9-21 14.32 189.65 203.97 OK
r-devel-linux-x86_64-debian-gcc 0.9-21 13.94 191.77 205.71 OK
r-devel-linux-x86_64-fedora-clang 0.9-21 375.16 NOTE
r-devel-linux-x86_64-fedora-gcc 0.9-21 372.18 NOTE
r-devel-windows-ix86+x86_64 0.9-21 76.00 401.00 477.00 NOTE
r-patched-linux-x86_64 0.9-21 14.23 194.45 208.68 OK
r-patched-solaris-x86 0.9-21 452.00 NOTE
r-release-linux-x86_64 0.9-21 14.51 192.74 207.25 OK
r-release-windows-ix86+x86_64 0.9-21 54.00 408.00 462.00 NOTE
r-release-osx-x86_64 0.9-21 NOTE
r-oldrel-windows-ix86+x86_64 0.9-21 61.00 341.00 402.00 NOTE
r-oldrel-osx-x86_64 0.9-21 NOTE

Check Details

Version: 0.9-21
Check: installed package size
Result: NOTE
     installed size is 5.3Mb
     sub-directories of 1Mb or more:
     help 2.1Mb
Flavors: r-devel-linux-x86_64-fedora-clang, r-devel-linux-x86_64-fedora-gcc, r-devel-windows-ix86+x86_64, r-patched-solaris-x86, r-release-windows-ix86+x86_64, r-release-osx-x86_64, r-oldrel-windows-ix86+x86_64, r-oldrel-osx-x86_64

Version: 0.9-21
Check: data for non-ASCII characters
Result: NOTE
     Note: found 2 marked UTF-8 strings
Flavors: r-devel-linux-x86_64-fedora-clang, r-devel-linux-x86_64-fedora-gcc, r-patched-solaris-x86, r-release-osx-x86_64, r-oldrel-osx-x86_64

Version: 0.9-21
Check: package dependencies
Result: NOTE
    Packages suggested but not available for checking: ‘ncdf4’ ‘rgdal’ ‘marmap’
Flavor: r-release-osx-x86_64

Version: 0.9-21
Check: Rd cross-references
Result: NOTE
    Packages unavailable to check Rd xrefs: ‘rgdal’, ‘marmap’, ‘ncdf4’
Flavor: r-release-osx-x86_64