CRAN Package Check Results for Package oce

Last updated on 2015-05-26 15:47:36.

Flavor Version Tinstall Tcheck Ttotal Status Flags
r-devel-linux-x86_64-debian-clang 0.9-17 19.92 126.06 145.99 OK
r-devel-linux-x86_64-debian-gcc 0.9-17 22.35 121.16 143.52 NOTE
r-devel-linux-x86_64-fedora-clang 0.9-17 270.31 OK
r-devel-linux-x86_64-fedora-gcc 0.9-17 185.69 NOTE
r-devel-osx-x86_64-clang 0.9-17 236.62 OK
r-devel-windows-ix86+x86_64 0.9-17 201.00 219.00 420.00 NOTE
r-patched-linux-x86_64 0.9-17 21.96 119.46 141.42 NOTE
r-patched-solaris-sparc 0.9-17 1667.50 OK
r-patched-solaris-x86 0.9-17 340.70 OK
r-release-linux-x86_64 0.9-17 22.10 122.98 145.08 NOTE
r-release-osx-x86_64-mavericks 0.9-17 OK
r-release-osx-x86_64-snowleopard 0.9-14 NOTE
r-release-windows-ix86+x86_64 0.9-17 200.00 231.00 431.00 NOTE
r-oldrel-windows-ix86+x86_64 0.9-17 167.00 247.00 414.00 NOTE

Check Details

Version: 0.9-17
Check: installed package size
Result: NOTE
     installed size is 5.4Mb
     sub-directories of 1Mb or more:
     help 1.2Mb
     libs 1.8Mb
Flavors: r-devel-linux-x86_64-debian-gcc, r-devel-linux-x86_64-fedora-gcc, r-patched-linux-x86_64, r-release-linux-x86_64

Version: 0.9-17
Check: package dependencies
Result: NOTE
    Package suggested but not available for checking: 'ncdf4'
Flavors: r-devel-windows-ix86+x86_64, r-release-windows-ix86+x86_64, r-oldrel-windows-ix86+x86_64

Version: 0.9-14
Check: dependencies in R code
Result: NOTE
    'library' or 'require' calls in package code:
     ‘foreign’ ‘ncdf4’ ‘tiff’
     Please use :: or requireNamespace() instead.
     See section 'Suggested packages' in the 'Writing R Extensions' manual.
Flavor: r-release-osx-x86_64-snowleopard

Version: 0.9-14
Check: R code for possible problems
Result: NOTE
    map2lonlat: no visible global function definition for
     ‘.Last.projection’
    mapContour: no visible global function definition for
     ‘.Last.projection’
    mapImage: no visible global function definition for ‘.Last.projection’
    mapLongitudeLatitudeXY: no visible global function definition for
     ‘.Last.projection’
Flavor: r-release-osx-x86_64-snowleopard