CRAN Package Check Results for Package oce

Last updated on 2018-06-19 10:49:09 CEST.

Flavor Version Tinstall Tcheck Ttotal Status Flags
r-devel-linux-x86_64-debian-clang 0.9-23 53.22 291.07 344.29 OK
r-devel-linux-x86_64-debian-gcc 0.9-23 45.71 254.65 300.36 OK
r-devel-linux-x86_64-fedora-clang 0.9-23 451.83 NOTE
r-devel-linux-x86_64-fedora-gcc 0.9-23 434.19 OK
r-devel-windows-ix86+x86_64 0.9-23 146.00 535.00 681.00 NOTE
r-patched-linux-x86_64 0.9-23 50.71 325.53 376.24 OK
r-patched-solaris-x86 0.9-23 567.30 NOTE
r-release-linux-x86_64 0.9-23 57.22 316.54 373.76 OK
r-release-windows-ix86+x86_64 0.9-23 105.00 559.00 664.00 NOTE
r-release-osx-x86_64 0.9-23 NOTE
r-oldrel-windows-ix86+x86_64 0.9-23 59.00 590.00 649.00 NOTE
r-oldrel-osx-x86_64 0.9-23 NOTE

Check Details

Version: 0.9-23
Check: installed package size
Result: NOTE
     installed size is 7.0Mb
     sub-directories of 1Mb or more:
     R 2.0Mb
     help 2.2Mb
Flavors: r-devel-linux-x86_64-fedora-clang, r-devel-windows-ix86+x86_64, r-patched-solaris-x86, r-release-windows-ix86+x86_64, r-release-osx-x86_64, r-oldrel-windows-ix86+x86_64, r-oldrel-osx-x86_64