CRAN Package Check Results for Package oce

Last updated on 2017-06-27 08:48:13.

Flavor Version Tinstall Tcheck Ttotal Status Flags
r-devel-linux-x86_64-debian-clang 0.9-21 13.95 197.47 211.42 OK
r-devel-linux-x86_64-debian-gcc 0.9-21 13.52 188.72 202.23 OK
r-devel-linux-x86_64-fedora-clang 0.9-21 380.18 NOTE
r-devel-linux-x86_64-fedora-gcc 0.9-21 363.00 NOTE
r-devel-windows-ix86+x86_64 0.9-21 95.00 382.00 477.00 NOTE
r-patched-linux-x86_64 0.9-21 14.00 187.94 201.94 OK
r-patched-solaris-sparc 0.9-21 2404.10 NOTE
r-patched-solaris-x86 0.9-21 437.20 NOTE
r-release-linux-x86_64 0.9-21 13.43 187.46 200.90 OK
r-release-windows-ix86+x86_64 0.9-21 101.00 521.00 622.00 NOTE
r-release-osx-x86_64 0.9-21 NOTE
r-oldrel-windows-ix86+x86_64 0.9-21 87.00 424.00 511.00 NOTE
r-oldrel-osx-x86_64 0.9-21 NOTE

Check Details

Version: 0.9-21
Check: installed package size
Result: NOTE
     installed size is 5.3Mb
     sub-directories of 1Mb or more:
     help 2.1Mb
Flavors: r-devel-linux-x86_64-fedora-clang, r-devel-linux-x86_64-fedora-gcc, r-devel-windows-ix86+x86_64, r-patched-solaris-sparc, r-patched-solaris-x86, r-release-windows-ix86+x86_64, r-release-osx-x86_64, r-oldrel-windows-ix86+x86_64, r-oldrel-osx-x86_64

Version: 0.9-21
Check: data for non-ASCII characters
Result: NOTE
     Note: found 2 marked UTF-8 strings
Flavors: r-devel-linux-x86_64-fedora-clang, r-devel-linux-x86_64-fedora-gcc, r-patched-solaris-sparc, r-patched-solaris-x86, r-release-osx-x86_64, r-oldrel-osx-x86_64

Version: 0.9-21
Check: package dependencies
Result: NOTE
    Packages suggested but not available for checking: ‘ncdf4’ ‘rgdal’ ‘marmap’
Flavor: r-release-osx-x86_64

Version: 0.9-21
Check: Rd cross-references
Result: NOTE
    Packages unavailable to check Rd xrefs: ‘rgdal’, ‘marmap’, ‘ncdf4’
Flavor: r-release-osx-x86_64