CRAN Package Check Results for Package oce

Last updated on 2015-03-30 11:48:21.

Flavor Version Tinstall Tcheck Ttotal Status Flags
r-devel-linux-x86_64-debian-clang 0.9-14 8.15 111.28 119.43 NOTE
r-devel-linux-x86_64-debian-gcc 0.9-14 9.06 110.05 119.12 NOTE
r-devel-linux-x86_64-fedora-clang 0.9-14 228.23 NOTE
r-devel-linux-x86_64-fedora-gcc 0.9-14 235.14 NOTE
r-devel-osx-x86_64-clang 0.9-14 218.56 NOTE
r-prerel-windows-ix86+x86_64 0.9-14 85.00 217.00 302.00 NOTE
r-prerel-linux-x86_64 0.9-14 8.64 114.95 123.59 NOTE
r-prerel-solaris-sparc 0.9-14 1455.70 NOTE
r-prerel-solaris-x86 0.9-14 282.40 NOTE
r-release-linux-x86_64 0.9-14 9.06 117.56 126.62 NOTE
r-release-osx-x86_64-mavericks 0.9-14 NOTE
r-release-osx-x86_64-snowleopard 0.9-14 OK
r-release-windows-ix86+x86_64 0.9-14 73.00 230.00 303.00 NOTE
r-oldrel-windows-ix86+x86_64 0.9-14 57.00 220.00 277.00 NOTE

Check Details

Version: 0.9-14
Check: dependencies in R code
Result: NOTE
    'library' or 'require' calls in package code:
     ‘foreign’ ‘ncdf4’ ‘tiff’
     Please use :: or requireNamespace() instead.
     See section 'Suggested packages' in the 'Writing R Extensions' manual.
Flavors: r-devel-linux-x86_64-debian-clang, r-devel-linux-x86_64-debian-gcc, r-devel-linux-x86_64-fedora-clang, r-devel-linux-x86_64-fedora-gcc, r-devel-osx-x86_64-clang, r-prerel-windows-ix86+x86_64, r-prerel-linux-x86_64, r-prerel-solaris-sparc, r-prerel-solaris-x86, r-release-linux-x86_64, r-release-windows-ix86+x86_64

Version: 0.9-14
Check: S3 generic/method consistency
Result: NOTE
    Found the following apparent S3 methods exported but not registered:
     +.section predict.tidem time.oce window.oce
    See section ‘Registering S3 methods’ in the ‘Writing R Extensions’
    manual.
Flavors: r-devel-linux-x86_64-debian-clang, r-devel-linux-x86_64-debian-gcc, r-devel-linux-x86_64-fedora-clang, r-devel-linux-x86_64-fedora-gcc, r-devel-osx-x86_64-clang, r-prerel-linux-x86_64

Version: 0.9-14
Check: R code for possible problems
Result: NOTE
    map2lonlat: no visible global function definition for
     ‘.Last.projection’
    mapContour: no visible global function definition for
     ‘.Last.projection’
    mapImage: no visible global function definition for ‘.Last.projection’
    mapLongitudeLatitudeXY: no visible global function definition for
     ‘.Last.projection’
Flavors: r-devel-linux-x86_64-debian-clang, r-devel-linux-x86_64-debian-gcc, r-devel-linux-x86_64-fedora-clang, r-devel-linux-x86_64-fedora-gcc, r-devel-osx-x86_64-clang, r-prerel-windows-ix86+x86_64, r-prerel-linux-x86_64, r-prerel-solaris-sparc, r-prerel-solaris-x86, r-release-linux-x86_64, r-release-osx-x86_64-mavericks, r-release-windows-ix86+x86_64

Version: 0.9-14
Check: package dependencies
Result: NOTE
    Package suggested but not available for checking: 'ncdf4'
Flavors: r-prerel-windows-ix86+x86_64, r-release-windows-ix86+x86_64, r-oldrel-windows-ix86+x86_64

Version: 0.9-14
Check: package dependencies
Result: NOTE
    Package suggested but not available for checking: ‘tiff’
Flavor: r-release-osx-x86_64-mavericks