CRAN Package Check Results for Package oce

Last updated on 2014-04-24 09:49:06.

Flavor Version Tinstall Tcheck Ttotal Status Flags
r-devel-linux-x86_64-debian-clang 0.9-13 9.20 101.76 110.96 NOTE
r-devel-linux-x86_64-debian-gcc 0.9-13 9.59 101.59 111.18 NOTE
r-devel-linux-x86_64-fedora-clang 0.9-13 223.78 NOTE
r-devel-linux-x86_64-fedora-gcc 0.9-13 215.21 NOTE
r-devel-osx-x86_64-clang 0.9-13 168.46 NOTE
r-devel-osx-x86_64-gcc 0.9-13 NOTE
r-devel-windows-ix86+x86_64 0.9-13 43.00 165.00 208.00 NOTE
r-patched-linux-x86_64 0.9-13 9.28 100.69 109.97 NOTE
r-patched-solaris-sparc 0.9-13 1199.80 NOTE
r-patched-solaris-x86 0.9-13 254.40 NOTE
r-release-linux-ix86 0.9-13 17.00 151.00 168.00 NOTE
r-release-linux-x86_64 0.9-13 9.29 101.96 111.25 NOTE
r-release-osx-x86_64-mavericks 0.9-13 WARN
r-release-osx-x86_64-snowleopard 0.9-13 NOTE
r-release-windows-ix86+x86_64 0.9-13 87.00 236.00 323.00 NOTE
r-oldrel-windows-ix86+x86_64 0.9-13 46.00 190.00 236.00 NOTE

Check Details

Version: 0.9-13
Check: installed package size
Result: NOTE
     installed size is 5.7Mb
     sub-directories of 1Mb or more:
     data 3.4Mb
Flavors: r-devel-linux-x86_64-debian-clang, r-devel-linux-x86_64-debian-gcc, r-devel-linux-x86_64-fedora-clang, r-devel-linux-x86_64-fedora-gcc, r-devel-osx-x86_64-clang, r-devel-osx-x86_64-gcc, r-devel-windows-ix86+x86_64, r-patched-linux-x86_64, r-patched-solaris-sparc, r-patched-solaris-x86, r-release-linux-ix86, r-release-linux-x86_64, r-release-osx-x86_64-mavericks, r-release-osx-x86_64-snowleopard, r-release-windows-ix86+x86_64, r-oldrel-windows-ix86+x86_64

Version: 0.9-13
Check: package dependencies
Result: NOTE
    Package suggested but not available for checking: ‘ncdf’
Flavor: r-release-osx-x86_64-mavericks

Version: 0.9-13
Check: R code for possible problems
Result: NOTE
    oceMagic: no visible global function definition for ‘open.ncdf’
    oceMagic: no visible global function definition for ‘get.var.ncdf’
Flavor: r-release-osx-x86_64-mavericks

Version: 0.9-13
Check: re-building of vignette outputs
Result: NOTE
    Error in re-building vignettes:
     ...
    Loading required package: mapproj
    Loading required package: maps
    Fontconfig error: Cannot load default config file
    KernSmooth 2.23 loaded
    Copyright M. P. Wand 1997-2009
    Error in texi2dvi(file = file, pdf = TRUE, clean = clean, quiet = quiet, :
     Running 'texi2dvi' on 'oce.tex' failed.
    LaTeX errors:
    ! LaTeX Error: File `fullpage.sty' not found.
    
    Type X to quit or <RETURN> to proceed,
    or enter new name. (Default extension: sty)
    
    t/oce/vignettes/oce.tex:11: ==> Fatal error occurred, no output PDF file produ
    ced!
    Calls: buildVignettes -> texi2pdf -> texi2dvi
    Execution halted
Flavor: r-release-osx-x86_64-mavericks

Version: 0.9-13
Check: PDF version of manual
Result: WARNING
    LaTeX errors when creating PDF version.
    This typically indicates Rd problems.
    LaTeX errors found:
    ! LaTeX Error: File `upquote.sty' not found.
    
    Type X to quit or <RETURN> to proceed,
    or enter new name. (Default extension: sty)
    
    65f08528/Rd2.tex:8: ==> Fatal error occurred, no output PDF file produced!
Flavor: r-release-osx-x86_64-mavericks