CRAN Package Check Results for Package oce

Last updated on 2017-12-18 01:46:49 CET.

Flavor Version Tinstall Tcheck Ttotal Status Flags
r-devel-linux-x86_64-debian-clang 0.9-22 19.09 316.72 335.81 OK
r-devel-linux-x86_64-debian-gcc OK
r-devel-linux-x86_64-fedora-clang 0.9-22 420.97 NOTE
r-devel-linux-x86_64-fedora-gcc 0.9-22 411.34 NOTE
r-devel-windows-ix86+x86_64 0.9-22 58.00 442.00 500.00 NOTE
r-patched-linux-x86_64 0.9-22 19.29 376.61 395.90 OK
r-patched-solaris-x86 0.9-22 485.50 NOTE
r-release-linux-x86_64 0.9-22 19.58 376.80 396.38 OK
r-release-windows-ix86+x86_64 0.9-22 57.00 420.00 477.00 NOTE
r-release-osx-x86_64 0.9-22 NOTE
r-oldrel-windows-ix86+x86_64 0.9-22 83.00 498.00 581.00 NOTE
r-oldrel-osx-x86_64 0.9-22 NOTE

Check Details

Version: 0.9-22
Check: installed package size
Result: NOTE
     installed size is 5.5Mb
     sub-directories of 1Mb or more:
     help 2.2Mb
Flavors: r-devel-linux-x86_64-fedora-clang, r-devel-linux-x86_64-fedora-gcc, r-devel-windows-ix86+x86_64, r-patched-solaris-x86, r-release-windows-ix86+x86_64, r-release-osx-x86_64, r-oldrel-windows-ix86+x86_64, r-oldrel-osx-x86_64