CRAN Package Check Results for Package oce

Last updated on 2015-01-31 11:51:51.

Flavor Version Tinstall Tcheck Ttotal Status Flags
r-devel-linux-x86_64-debian-clang 0.9-14 8.21 110.30 118.52 NOTE
r-devel-linux-x86_64-debian-gcc 0.9-14 8.84 108.84 117.69 NOTE
r-devel-linux-x86_64-fedora-clang 0.9-14 248.34 NOTE
r-devel-linux-x86_64-fedora-gcc 0.9-14 237.09 NOTE
r-devel-osx-x86_64-clang 0.9-14 221.62 NOTE
r-devel-windows-ix86+x86_64 0.9-14 55.00 215.00 270.00 NOTE
r-patched-linux-x86_64 0.9-14 9.45 118.11 127.56 NOTE
r-patched-solaris-sparc 0.9-14 1475.30 NOTE
r-patched-solaris-x86 0.9-14 311.90 NOTE
r-release-linux-ix86 0.9-14 11.73 146.44 158.17 NOTE
r-release-linux-x86_64 0.9-14 9.32 120.66 129.98 NOTE
r-release-osx-x86_64-mavericks 0.9-14 NOTE
r-release-osx-x86_64-snowleopard 0.9-14 OK
r-release-windows-ix86+x86_64 0.9-14 50.00 226.00 276.00 NOTE
r-oldrel-windows-ix86+x86_64 0.9-14 52.00 224.00 276.00 NOTE

Check Details

Version: 0.9-14
Check: dependencies in R code
Result: NOTE
    'library' or 'require' calls in package code:
     ‘foreign’ ‘ncdf4’ ‘tiff’
     Please use :: or requireNamespace() instead.
     See section 'Suggested packages' in the 'Writing R Extensions' manual.
Flavors: r-devel-linux-x86_64-debian-clang, r-devel-linux-x86_64-debian-gcc, r-devel-linux-x86_64-fedora-clang, r-devel-linux-x86_64-fedora-gcc, r-devel-osx-x86_64-clang, r-devel-windows-ix86+x86_64

Version: 0.9-14
Check: S3 generic/method consistency
Result: NOTE
    Found the following apparent S3 methods exported but not registered:
     predict.tidem time.oce window.oce +.section
    See section ‘Registering S3 methods’ in the ‘Writing R Extensions’
    manual.
Flavors: r-devel-linux-x86_64-debian-clang, r-devel-linux-x86_64-debian-gcc, r-devel-linux-x86_64-fedora-clang, r-devel-linux-x86_64-fedora-gcc, r-devel-osx-x86_64-clang

Version: 0.9-14
Check: R code for possible problems
Result: NOTE
    map2lonlat: no visible global function definition for
     ‘.Last.projection’
    mapContour: no visible global function definition for
     ‘.Last.projection’
    mapImage: no visible global function definition for ‘.Last.projection’
    mapLongitudeLatitudeXY: no visible global function definition for
     ‘.Last.projection’
Flavors: r-devel-linux-x86_64-debian-clang, r-devel-linux-x86_64-debian-gcc, r-devel-linux-x86_64-fedora-clang, r-devel-linux-x86_64-fedora-gcc, r-devel-osx-x86_64-clang, r-devel-windows-ix86+x86_64, r-patched-linux-x86_64, r-patched-solaris-sparc, r-patched-solaris-x86, r-release-linux-ix86, r-release-linux-x86_64, r-release-osx-x86_64-mavericks, r-release-windows-ix86+x86_64

Version: 0.9-14
Check: package dependencies
Result: NOTE
    Package suggested but not available for checking: 'ncdf4'
Flavors: r-devel-windows-ix86+x86_64, r-release-windows-ix86+x86_64, r-oldrel-windows-ix86+x86_64

Version: 0.9-14
Check: package dependencies
Result: NOTE
    Package suggested but not available for checking: ‘tiff’
Flavor: r-release-osx-x86_64-mavericks