CRAN Package Check Results for Package oce

Last updated on 2014-08-02 01:50:05.

Flavor Version Tinstall Tcheck Ttotal Status Flags
r-devel-linux-x86_64-debian-clang 0.9-14 9.10 115.26 124.36 OK
r-devel-linux-x86_64-debian-gcc 0.9-14 9.11 114.43 123.54 OK
r-devel-linux-x86_64-fedora-clang 0.9-14 275.50 OK
r-devel-linux-x86_64-fedora-gcc 0.9-14 247.60 OK
r-devel-osx-x86_64-clang 0.9-14 194.66 OK
r-devel-windows-ix86+x86_64 0.9-14 49.00 208.00 257.00 NOTE
r-patched-linux-x86_64 0.9-14 9.32 114.62 123.94 OK
r-patched-solaris-sparc 0.9-14 1475.30 OK
r-patched-solaris-x86 0.9-14 305.00 OK
r-release-linux-ix86 0.9-14 12.21 144.46 156.67 OK
r-release-linux-x86_64 0.9-14 9.36 114.12 123.48 OK
r-release-osx-x86_64-mavericks 0.9-14 NOTE
r-release-osx-x86_64-snowleopard 0.9-14 OK
r-release-windows-ix86+x86_64 0.9-14 58.00 230.00 288.00 NOTE
r-oldrel-windows-ix86+x86_64 0.9-14 86.00 206.00 292.00 NOTE

Check Details

Version: 0.9-14
Check: package dependencies
Result: NOTE
    Package suggested but not available for checking: 'ncdf4'
Flavors: r-devel-windows-ix86+x86_64, r-release-windows-ix86+x86_64, r-oldrel-windows-ix86+x86_64

Version: 0.9-14
Check: package dependencies
Result: NOTE
    Packages suggested but not available for checking: ncdf4 tiff
Flavor: r-release-osx-x86_64-mavericks

Version: 0.9-14
Check: re-building of vignette outputs
Result: NOTE
    Error in re-building vignettes:
     ...
    Loading required package: mapproj
    Loading required package: maps
    KernSmooth 2.23 loaded
    Copyright M. P. Wand 1997-2009
    Erreur dans texi2dvi(file = file, pdf = TRUE, clean = clean, quiet = quiet, :
     l'ex cution de 'texi2dvi' sur 'oce.tex' a chou .
    LaTeX errors:
    ! LaTeX Error: File `fullpage.sty' not found.
    
    Type X to quit or <RETURN> to proceed,
    or enter new name. (Default extension: sty)
    
    t/oce/vignettes/oce.tex:11: ==> Fatal error occurred, no output PDF file produ
    ced!
    Calls: buildVignettes -> texi2pdf -> texi2dvi
    Ex cution arr t e
Flavor: r-release-osx-x86_64-mavericks