CRAN Package Check Results for Package oce

Last updated on 2015-07-03 23:47:43.

Flavor Version Tinstall Tcheck Ttotal Status Flags
r-devel-linux-x86_64-debian-clang 0.9-17 19.82 120.91 140.72 NOTE
r-devel-linux-x86_64-debian-gcc 0.9-17 22.25 118.72 140.97 NOTE
r-devel-linux-x86_64-fedora-clang 0.9-17 279.34 NOTE
r-devel-linux-x86_64-fedora-gcc 0.9-17 265.10 NOTE
r-devel-osx-x86_64-clang 0.9-17 258.88 OK
r-devel-windows-ix86+x86_64 0.9-17 326.00 362.00 688.00 NOTE
r-patched-linux-x86_64 0.9-17 22.80 118.94 141.74 NOTE
r-patched-solaris-sparc 0.9-17 1667.50 OK
r-patched-solaris-x86 0.9-17 343.10 OK
r-release-linux-x86_64 0.9-17 22.42 120.74 143.16 NOTE
r-release-osx-x86_64-mavericks 0.9-17 OK
r-release-windows-ix86+x86_64 0.9-17 262.00 241.00 503.00 NOTE
r-oldrel-windows-ix86+x86_64 0.9-17 203.00 254.00 457.00 NOTE

Check Details

Version: 0.9-17
Check: R code for possible problems
Result: NOTE
    approx3d : equispaced: no visible global function definition for ‘sd’
    as.windrose: no visible global function definition for ‘fivenum’
    badFillFix2: no visible global function definition for ‘par’
    binmapAdp: no visible global function definition for ‘approx’
    colormap: no visible global function definition for ‘col2rgb’
    colormap: no visible global function definition for ‘colorRamp’
    colormap: no visible global function definition for ‘rgb’
    colormapFromGmt: no visible global function definition for ‘read.table’
    colormapFromGmt: no visible global function definition for ‘rgb’
    colormapFromGmt: no visible global function definition for ‘gray’
    colormapGMT: no visible global function definition for
     ‘colorRampPalette’
    colormap_colorize: no visible global function definition for
     ‘colorRampPalette’
    colormap_colormap: no visible global function definition for
     ‘colorRampPalette’
    ctdDecimate: no visible global function definition for ‘approx’
    ctdDecimate: no visible global function definition for ‘lm’
    ctdFindProfiles: no visible global function definition for
     ‘smooth.spline’
    ctdFindProfiles: no visible global function definition for ‘median’
    ctdTrim: no visible global function definition for ‘smooth’
    ctdTrim: no visible global function definition for ‘optim’
    ctdTrim: no visible global function definition for ‘nls’
    ctdTrim: no visible global function definition for ‘coef’
    decimate: no visible global function definition for ‘runmed’
    despikeColumn: no visible global function definition for ‘approx’
    despikeColumn: no visible global function definition for ‘runmed’
    despikeColumn: no visible global function definition for ‘smooth’
    despikeColumn: no visible global function definition for ‘var’
    drawDirectionField: no visible global function definition for ‘par’
    drawDirectionField: no visible global function definition for ‘points’
    drawDirectionField: no visible global function definition for
     ‘segments’
    drawDirectionField: no visible global function definition for ‘arrows’
    drawIsopycnals: no visible global function definition for ‘par’
    drawIsopycnals: no visible global function definition for ‘lines’
    drawIsopycnals: no visible global function definition for ‘mtext’
    drawIsopycnals: no visible global function definition for ‘text’
    drawPalette: no visible global function definition for ‘par’
    drawPalette: no visible global function definition for ‘image’
    drawPalette: no visible global function definition for ‘abline’
    drawPalette: no visible global function definition for ‘box’
    drawPalette: no visible global function definition for ‘polygon’
    drawPalette: no visible global function definition for ‘lines’
    drawPalette: no visible global function definition for ‘mtext’
    drifterGrid: no visible binding for global variable ‘median’
    drifterGrid: no visible global function definition for ‘approx’
    errorbars: no visible global function definition for ‘segments’
    errorbars: no visible global function definition for ‘arrows’
    formatCI: no visible global function definition for ‘confint’
    heading: no visible global function definition for ‘approx’
    hydrographyLocal: no visible global function definition for ‘approx’
    imagep: no visible global function definition for ‘par’
    imagep: no visible global function definition for ‘median’
    imagep: no visible global function definition for ‘hist’
    imagep: no visible global function definition for ‘approx’
    imagep: no visible global function definition for ‘plot.new’
    imagep: no visible global function definition for ‘plot.window’
    imagep: no visible global function definition for ‘.filled.contour’
    imagep: no visible global function definition for ‘mtext’
    imagep: no visible global function definition for ‘image’
    imagep: no visible global function definition for ‘box’
    imagep: no visible global function definition for ‘axis’
    imagep: no visible global function definition for ‘contour’
    interpBarnes: no visible global function definition for ‘quantile’
    loggerPatm: no visible global function definition for ‘median’
    loggerPatm: no visible global function definition for ‘weighted.mean’
    makeFilter: no visible global function definition for ‘kernel’
    map2lonlat: no visible global function definition for ‘optim’
    mapArrows: no visible global function definition for ‘par’
    mapArrows: no visible global function definition for ‘arrows’
    mapAxis: no visible global function definition for ‘par’
    mapAxis: no visible global function definition for ‘optimize’
    mapContour: no visible global function definition for ‘par’
    mapContour: no visible global function definition for ‘contourLines’
    mapDirectionField: no visible global function definition for ‘par’
    mapDirectionField: no visible global function definition for ‘arrows’
    mapGrid: no visible global function definition for ‘par’
    mapGrid: no visible global function definition for ‘median’
    mapGrid: no visible global function definition for ‘lines’
    mapImage: no visible global function definition for ‘par’
    mapImage: no visible global function definition for ‘.filled.contour’
    mapImage: no visible global function definition for ‘polygon’
    mapLines: no visible global function definition for ‘par’
    mapLines: no visible global function definition for ‘lines’
    mapLocator: no visible global function definition for ‘locator’
    mapMeridians: no visible global function definition for ‘par’
    mapMeridians: no visible global function definition for ‘lines’
    mapPlot: Error while checking: invalid ‘envir’ argument
    mapPoints: no visible global function definition for ‘points’
    mapPoints: no visible global function definition for ‘par’
    mapPolygon: no visible global function definition for ‘par’
    mapPolygon: no visible global function definition for ‘polygon’
    mapScalebar: no visible global function definition for ‘par’
    mapScalebar: no visible global function definition for ‘xinch’
    mapScalebar: no visible global function definition for ‘yinch’
    mapScalebar: no visible global function definition for ‘polygon’
    mapScalebar: no visible global function definition for ‘lines’
    mapScalebar: no visible global function definition for ‘text’
    mapText: no visible global function definition for ‘text’
    mapZones: no visible global function definition for ‘par’
    mapZones: no visible global function definition for ‘lines’
    oce.axis.POSIXct: no visible global function definition for ‘par’
    oce.axis.POSIXct: no visible global function definition for ‘mtext’
    oce.axis.POSIXct: no visible global function definition for ‘axis’
    oce.colors9B: no visible global function definition for
     ‘colorRampPalette’
    oce.colorsGebco: no visible global function definition for ‘col2rgb’
    oce.colorsGebco: no visible global function definition for ‘approx’
    oce.colorsGebco: no visible global function definition for ‘rgb’
    oce.colorsJet: no visible global function definition for
     ‘colorRampPalette’
    oce.colorsPalette: no visible global function definition for ‘approx’
    oce.colorsTwo: no visible global function definition for ‘hsv’
    oce.contour: no visible global function definition for ‘contour’
    oce.contour: no visible global function definition for ‘par’
    oce.contour: no visible global function definition for ‘Axis’
    oce.contour: no visible global function definition for ‘box’
    oce.debug: no visible global function definition for ‘flush.console’
    oce.grid: no visible global function definition for ‘par’
    oce.grid: no visible global function definition for ‘grid’
    oce.grid: no visible global function definition for ‘abline’
    oce.plot.ts: no visible global function definition for ‘par’
    oce.plot.ts: no visible binding for global variable ‘polygon’
    oce.plot.ts: no visible global function definition for ‘abline’
    oce.plot.ts: no visible global function definition for ‘box’
    oce.plot.ts: no visible global function definition for ‘axis’
    oce.smooth: no visible global function definition for ‘smooth’
    oce.spectrum: no visible binding for global variable ‘spectrum’
    oce.spectrum: no visible global function definition for ‘var’
    oce.write.table: no visible global function definition for
     ‘write.table’
    oceColors9B: no visible global function definition for
     ‘colorRampPalette’
    oceColorsGebco: no visible global function definition for ‘col2rgb’
    oceColorsGebco: no visible global function definition for ‘approx’
    oceColorsGebco: no visible global function definition for ‘rgb’
    oceColorsJet: no visible global function definition for
     ‘colorRampPalette’
    oceColorsPalette: no visible global function definition for ‘approx’
    oceColorsTwo: no visible global function definition for ‘hsv’
    oceContour: no visible global function definition for ‘contour’
    oceContour: no visible global function definition for ‘par’
    oceContour: no visible global function definition for ‘Axis’
    oceContour: no visible global function definition for ‘box’
    oceDebug: no visible global function definition for ‘flush.console’
    oceSmooth: no visible global function definition for ‘smooth’
    oceSpectrum: no visible binding for global variable ‘spectrum’
    oceSpectrum: no visible global function definition for ‘var’
    palette2breakscolor: no visible global function definition for ‘rgb’
    palette2breakscolor: no visible global function definition for
     ‘colorRampPalette’
    paletteCalculations: no visible global function definition for ‘par’
    paletteCalculations: no visible global function definition for ‘frame’
    pitch: no visible global function definition for ‘approx’
    plot.lobo.timeseries.TS: no visible global function definition for
     ‘par’
    plot.lobo.timeseries.TS: no visible global function definition for
     ‘axis’
    plot.lobo.timeseries.TS: no visible global function definition for
     ‘axis.POSIXct’
    plot.lobo.timeseries.TS: no visible global function definition for
     ‘mtext’
    plot.lobo.timeseries.TS: no visible global function definition for
     ‘box’
    plot.lobo.timeseries.TS: no visible global function definition for
     ‘lines’
    plot.lobo.timeseries.TS: no visible global function definition for
     ‘legend’
    plot.lobo.timeseries.biology: no visible global function definition for
     ‘axis’
    plot.lobo.timeseries.biology: no visible global function definition for
     ‘axis.POSIXct’
    plot.lobo.timeseries.biology: no visible global function definition for
     ‘par’
    plot.lobo.timeseries.biology: no visible global function definition for
     ‘mtext’
    plot.lobo.timeseries.biology: no visible global function definition for
     ‘box’
    plot.lobo.timeseries.biology: no visible global function definition for
     ‘lines’
    plot.lobo.timeseries.biology: no visible global function definition for
     ‘legend’
    plot.lobo.timeseries.uv: no visible global function definition for
     ‘box’
    plot.lobo.timeseries.uv: no visible global function definition for
     ‘lines’
    plot.lobo.timeseries.uv: no visible global function definition for
     ‘axis.POSIXct’
    plot.lobo.timeseries.uv: no visible global function definition for
     ‘axis’
    plot.lobo.timeseries.uv: no visible global function definition for
     ‘par’
    plot.lobo.timeseries.uv: no visible global function definition for
     ‘mtext’
    plot.lobo.timeseries.uv: no visible global function definition for
     ‘legend’
    plotInset: no visible global function definition for ‘par’
    plotInset: no visible global function definition for ‘str’
    plotPolar: no visible global function definition for ‘plot.new’
    plotPolar: no visible global function definition for ‘plot.window’
    plotPolar: no visible global function definition for ‘points’
    plotPolar: no visible global function definition for ‘axis’
    plotPolar: no visible global function definition for ‘abline’
    plotPolar: no visible global function definition for ‘lines’
    plotProfile: no visible global function definition for ‘par’
    plotProfile : plotJustProfile: no visible global function definition
     for ‘par’
    plotProfile : plotJustProfile: no visible global function definition
     for ‘lines’
    plotProfile : plotJustProfile: no visible global function definition
     for ‘points’
    plotProfile: no visible global function definition for ‘axis’
    plotProfile: no visible global function definition for ‘mtext’
    plotProfile: no visible global function definition for ‘box’
    plotProfile: no visible global function definition for ‘lines’
    plotProfile: no visible global function definition for ‘abline’
    plotProfile: no visible global function definition for ‘smooth.spline’
    plotProfile: no visible global function definition for ‘smoothScatter’
    plotProfile: no visible global function definition for ‘points’
    plotScan: no visible global function definition for ‘par’
    plotSticks: no visible global function definition for ‘par’
    plotSticks: no visible global function definition for ‘arrows’
    plotTS: no visible global function definition for ‘par’
    plotTS: no visible global function definition for ‘smoothScatter’
    plotTS: no visible global function definition for ‘points’
    plotTS: no visible global function definition for ‘lines’
    plotTS: no visible global function definition for ‘rect’
    plotTS: no visible global function definition for ‘box’
    plotTaylor: no visible global function definition for ‘sd’
    plotTaylor: no visible global function definition for ‘plot.new’
    plotTaylor: no visible global function definition for ‘plot.window’
    plotTaylor: no visible global function definition for ‘lines’
    plotTaylor: no visible global function definition for ‘axis’
    plotTaylor: no visible global function definition for ‘par’
    plotTaylor: no visible global function definition for ‘text’
    plotTaylor: no visible global function definition for ‘points’
    plotTaylor: no visible global function definition for ‘cor’
    pwelch: no visible global function definition for ‘is.ts’
    pwelch: no visible global function definition for ‘frequency’
    pwelch: no visible global function definition for ‘ts’
    pwelch: no visible binding for global variable ‘spectrum’
    rangeLimit: no visible global function definition for ‘quantile’
    read.adp.sontek: no visible global function definition for ‘approx’
    read.adv.nortek: no visible global function definition for ‘str’
    read.adv.nortek: no visible global function definition for ‘var’
    read.adv.sontek.adr: no visible global function definition for ‘approx’
    read.adv.sontek.text: no visible global function definition for
     ‘read.table’
    read.adv.sontek.text: no visible global function definition for
     ‘fivenum’
    read.adv.sontek.text: no visible global function definition for
     ‘approx’
    read.cm.s4: no visible global function definition for ‘read.table’
    read.coastline: no visible global function definition for ‘read.table’
    read.ctd.itp: no visible global function definition for ‘read.table’
    read.ctd.sbe: no visible global function definition for
     ‘txtProgressBar’
    read.ctd.sbe: no visible global function definition for
     ‘setTxtProgressBar’
    read.ctd.sbe: no visible global function definition for ‘read.table’
    read.ctd.sbe: no visible global function definition for ‘median’
    read.ctd.woce: no visible global function definition for
     ‘txtProgressBar’
    read.ctd.woce: no visible global function definition for
     ‘setTxtProgressBar’
    read.ctd.woce: no visible global function definition for ‘read.table’
    read.ctd.woce.other: no visible global function definition for
     ‘read.table’
    read.echosounder : approx2: no visible global function definition for
     ‘approx’
    read.gps: no visible global function definition for ‘read.table’
    read.index: no visible global function definition for ‘read.table’
    read.lisst: no visible global function definition for ‘read.table’
    read.lobo: no visible global function definition for ‘read.table’
    read.logger: no visible global function definition for ‘median’
    read.met: no visible global function definition for ‘read.csv’
    read.observatory.ctd: no visible global function definition for
     ‘read.csv’
    read.oce: no visible global function definition for ‘read.table’
    read.odf: no visible global function definition for ‘read.table’
    read.sealevel: no visible global function definition for ‘read.csv’
    read.topo: no visible global function definition for ‘read.table’
    resizableLabel: no visible global function definition for ‘strwidth’
    resizableLabel: no visible global function definition for ‘par’
    roll: no visible global function definition for ‘approx’
    runlm: no visible global function definition for ‘median’
    sectionSmooth: no visible global function definition for
     ‘smooth.spline’
    smoothSomething: no visible global function definition for ‘smooth’
    swDynamicHeight : height: no visible global function definition for
     ‘approxfun’
    swDynamicHeight : height: no visible global function definition for
     ‘integrate’
    swN2: no visible global function definition for ‘median’
    swN2: no visible global function definition for ‘smooth.spline’
    swN2: no visible global function definition for ‘smooth’
    swN2: no visible global function definition for ‘approx’
    swPressure: no visible global function definition for ‘uniroot’
    swRrho: no visible global function definition for ‘smooth.spline’
    swRrho: no visible global function definition for ‘approx’
    tidem: no visible binding for global variable ‘lm’
    tidem: no visible binding for global variable ‘na.exclude’
    tidemVuf: Error while checking: invalid ‘envir’ argument
    undriftTime: no visible global function definition for ‘approx’
    unwrapAngle: no visible global function definition for ‘median’
    useHeading: no visible global function definition for ‘approx’
    velocityStatistics: no visible global function definition for ‘cov’
    webtide: no visible global function definition for ‘read.table’
    webtide: no visible global function definition for ‘par’
    webtide: Error while checking: invalid ‘envir’ argument
    write.ctd: no visible global function definition for ‘write.table’
    xyzToEnuAdv: no visible global function definition for ‘approx’
    Undefined global functions or variables:
     .filled.contour Axis abline approx approxfun arrows axis axis.POSIXct
     box coef col2rgb colorRamp colorRampPalette confint contour
     contourLines cor cov fivenum flush.console frame frequency gray grid
     hist hsv image integrate is.ts kernel legend lines lm locator median
     mtext na.exclude nls optim optimize par plot.new plot.window points
     polygon quantile read.csv read.table rect rgb runmed sd segments
     setTxtProgressBar smooth smooth.spline smoothScatter spectrum str
     strwidth text ts txtProgressBar uniroot var weighted.mean write.table
     xinch yinch
Flavors: r-devel-linux-x86_64-debian-clang, r-devel-linux-x86_64-debian-gcc

Version: 0.9-17
Check: installed package size
Result: NOTE
     installed size is 5.5Mb
     sub-directories of 1Mb or more:
     help 1.2Mb
     libs 1.8Mb
Flavors: r-devel-linux-x86_64-debian-gcc, r-devel-linux-x86_64-fedora-gcc, r-patched-linux-x86_64, r-release-linux-x86_64

Version: 0.9-17
Check: R code for possible problems
Result: NOTE
    approx3d : equispaced: no visible global function definition for ‘sd’
    as.windrose: no visible global function definition for ‘fivenum’
    badFillFix2: no visible global function definition for ‘par’
    binmapAdp: no visible global function definition for ‘approx’
    colormap: no visible global function definition for ‘col2rgb’
    colormap: no visible global function definition for ‘colorRamp’
    colormap: no visible global function definition for ‘rgb’
    colormapFromGmt: no visible global function definition for ‘read.table’
    colormapFromGmt: no visible global function definition for ‘rgb’
    colormapFromGmt: no visible global function definition for ‘gray’
    colormapGMT: no visible global function definition for
     ‘colorRampPalette’
    colormap_colorize: no visible global function definition for
     ‘colorRampPalette’
    colormap_colormap: no visible global function definition for
     ‘colorRampPalette’
    ctdDecimate: no visible global function definition for ‘approx’
    ctdDecimate: no visible global function definition for ‘lm’
    ctdFindProfiles: no visible global function definition for
     ‘smooth.spline’
    ctdFindProfiles: no visible global function definition for ‘median’
    ctdTrim: no visible global function definition for ‘smooth’
    ctdTrim: no visible global function definition for ‘optim’
    ctdTrim: no visible global function definition for ‘nls’
    ctdTrim: no visible global function definition for ‘coef’
    decimate: no visible global function definition for ‘runmed’
    despikeColumn: no visible global function definition for ‘approx’
    despikeColumn: no visible global function definition for ‘runmed’
    despikeColumn: no visible global function definition for ‘smooth’
    despikeColumn: no visible global function definition for ‘var’
    drawDirectionField: no visible global function definition for ‘par’
    drawDirectionField: no visible global function definition for ‘points’
    drawDirectionField: no visible global function definition for
     ‘segments’
    drawDirectionField: no visible global function definition for ‘arrows’
    drawIsopycnals: no visible global function definition for ‘par’
    drawIsopycnals: no visible global function definition for ‘lines’
    drawIsopycnals: no visible global function definition for ‘mtext’
    drawIsopycnals: no visible global function definition for ‘text’
    drawPalette: no visible global function definition for ‘par’
    drawPalette: no visible global function definition for ‘image’
    drawPalette: no visible global function definition for ‘abline’
    drawPalette: no visible global function definition for ‘box’
    drawPalette: no visible global function definition for ‘polygon’
    drawPalette: no visible global function definition for ‘lines’
    drawPalette: no visible global function definition for ‘mtext’
    drifterGrid: no visible binding for global variable ‘median’
    drifterGrid: no visible global function definition for ‘approx’
    errorbars: no visible global function definition for ‘segments’
    errorbars: no visible global function definition for ‘arrows’
    formatCI: no visible global function definition for ‘confint’
    heading: no visible global function definition for ‘approx’
    hydrographyLocal: no visible global function definition for ‘approx’
    imagep: no visible global function definition for ‘par’
    imagep: no visible global function definition for ‘median’
    imagep: no visible global function definition for ‘hist’
    imagep: no visible global function definition for ‘approx’
    imagep: no visible global function definition for ‘plot.new’
    imagep: no visible global function definition for ‘plot.window’
    imagep: no visible global function definition for ‘.filled.contour’
    imagep: no visible global function definition for ‘mtext’
    imagep: no visible global function definition for ‘image’
    imagep: no visible global function definition for ‘box’
    imagep: no visible global function definition for ‘axis’
    imagep: no visible global function definition for ‘contour’
    interpBarnes: no visible global function definition for ‘quantile’
    loggerPatm: no visible global function definition for ‘median’
    loggerPatm: no visible global function definition for ‘weighted.mean’
    makeFilter: no visible global function definition for ‘kernel’
    map2lonlat: no visible global function definition for ‘optim’
    mapArrows: no visible global function definition for ‘par’
    mapArrows: no visible global function definition for ‘arrows’
    mapAxis: no visible global function definition for ‘par’
    mapAxis: no visible global function definition for ‘optimize’
    mapContour: no visible global function definition for ‘par’
    mapContour: no visible global function definition for ‘contourLines’
    mapDirectionField: no visible global function definition for ‘par’
    mapDirectionField: no visible global function definition for ‘arrows’
    mapGrid: no visible global function definition for ‘par’
    mapGrid: no visible global function definition for ‘median’
    mapGrid: no visible global function definition for ‘lines’
    mapImage: no visible global function definition for ‘par’
    mapImage: no visible global function definition for ‘.filled.contour’
    mapImage: no visible global function definition for ‘polygon’
    mapLines: no visible global function definition for ‘par’
    mapLines: no visible global function definition for ‘lines’
    mapLocator: no visible global function definition for ‘locator’
    mapMeridians: no visible global function definition for ‘par’
    mapMeridians: no visible global function definition for ‘lines’
    mapPlot: Error while checking: invalid 'envir' argument
    mapPoints: no visible global function definition for ‘points’
    mapPoints: no visible global function definition for ‘par’
    mapPolygon: no visible global function definition for ‘par’
    mapPolygon: no visible global function definition for ‘polygon’
    mapScalebar: no visible global function definition for ‘par’
    mapScalebar: no visible global function definition for ‘xinch’
    mapScalebar: no visible global function definition for ‘yinch’
    mapScalebar: no visible global function definition for ‘polygon’
    mapScalebar: no visible global function definition for ‘lines’
    mapScalebar: no visible global function definition for ‘text’
    mapText: no visible global function definition for ‘text’
    mapZones: no visible global function definition for ‘par’
    mapZones: no visible global function definition for ‘lines’
    oce.axis.POSIXct: no visible global function definition for ‘par’
    oce.axis.POSIXct: no visible global function definition for ‘mtext’
    oce.axis.POSIXct: no visible global function definition for ‘axis’
    oce.colors9B: no visible global function definition for
     ‘colorRampPalette’
    oce.colorsGebco: no visible global function definition for ‘col2rgb’
    oce.colorsGebco: no visible global function definition for ‘approx’
    oce.colorsGebco: no visible global function definition for ‘rgb’
    oce.colorsJet: no visible global function definition for
     ‘colorRampPalette’
    oce.colorsPalette: no visible global function definition for ‘approx’
    oce.colorsTwo: no visible global function definition for ‘hsv’
    oce.contour: no visible global function definition for ‘contour’
    oce.contour: no visible global function definition for ‘par’
    oce.contour: no visible global function definition for ‘Axis’
    oce.contour: no visible global function definition for ‘box’
    oce.debug: no visible global function definition for ‘flush.console’
    oce.grid: no visible global function definition for ‘par’
    oce.grid: no visible global function definition for ‘grid’
    oce.grid: no visible global function definition for ‘abline’
    oce.plot.ts: no visible global function definition for ‘par’
    oce.plot.ts: no visible binding for global variable ‘polygon’
    oce.plot.ts: no visible global function definition for ‘abline’
    oce.plot.ts: no visible global function definition for ‘box’
    oce.plot.ts: no visible global function definition for ‘axis’
    oce.smooth: no visible global function definition for ‘smooth’
    oce.spectrum: no visible binding for global variable ‘spectrum’
    oce.spectrum: no visible global function definition for ‘var’
    oce.write.table: no visible global function definition for
     ‘write.table’
    oceColors9B: no visible global function definition for
     ‘colorRampPalette’
    oceColorsGebco: no visible global function definition for ‘col2rgb’
    oceColorsGebco: no visible global function definition for ‘approx’
    oceColorsGebco: no visible global function definition for ‘rgb’
    oceColorsJet: no visible global function definition for
     ‘colorRampPalette’
    oceColorsPalette: no visible global function definition for ‘approx’
    oceColorsTwo: no visible global function definition for ‘hsv’
    oceContour: no visible global function definition for ‘contour’
    oceContour: no visible global function definition for ‘par’
    oceContour: no visible global function definition for ‘Axis’
    oceContour: no visible global function definition for ‘box’
    oceDebug: no visible global function definition for ‘flush.console’
    oceSmooth: no visible global function definition for ‘smooth’
    oceSpectrum: no visible binding for global variable ‘spectrum’
    oceSpectrum: no visible global function definition for ‘var’
    palette2breakscolor: no visible global function definition for ‘rgb’
    palette2breakscolor: no visible global function definition for
     ‘colorRampPalette’
    paletteCalculations: no visible global function definition for ‘par’
    paletteCalculations: no visible global function definition for ‘frame’
    pitch: no visible global function definition for ‘approx’
    plot.lobo.timeseries.TS: no visible global function definition for
     ‘par’
    plot.lobo.timeseries.TS: no visible global function definition for
     ‘axis’
    plot.lobo.timeseries.TS: no visible global function definition for
     ‘axis.POSIXct’
    plot.lobo.timeseries.TS: no visible global function definition for
     ‘mtext’
    plot.lobo.timeseries.TS: no visible global function definition for
     ‘box’
    plot.lobo.timeseries.TS: no visible global function definition for
     ‘lines’
    plot.lobo.timeseries.TS: no visible global function definition for
     ‘legend’
    plot.lobo.timeseries.biology: no visible global function definition for
     ‘axis’
    plot.lobo.timeseries.biology: no visible global function definition for
     ‘axis.POSIXct’
    plot.lobo.timeseries.biology: no visible global function definition for
     ‘par’
    plot.lobo.timeseries.biology: no visible global function definition for
     ‘mtext’
    plot.lobo.timeseries.biology: no visible global function definition for
     ‘box’
    plot.lobo.timeseries.biology: no visible global function definition for
     ‘lines’
    plot.lobo.timeseries.biology: no visible global function definition for
     ‘legend’
    plot.lobo.timeseries.uv: no visible global function definition for
     ‘box’
    plot.lobo.timeseries.uv: no visible global function definition for
     ‘lines’
    plot.lobo.timeseries.uv: no visible global function definition for
     ‘axis.POSIXct’
    plot.lobo.timeseries.uv: no visible global function definition for
     ‘axis’
    plot.lobo.timeseries.uv: no visible global function definition for
     ‘par’
    plot.lobo.timeseries.uv: no visible global function definition for
     ‘mtext’
    plot.lobo.timeseries.uv: no visible global function definition for
     ‘legend’
    plotInset: no visible global function definition for ‘par’
    plotInset: no visible global function definition for ‘str’
    plotPolar: no visible global function definition for ‘plot.new’
    plotPolar: no visible global function definition for ‘plot.window’
    plotPolar: no visible global function definition for ‘points’
    plotPolar: no visible global function definition for ‘axis’
    plotPolar: no visible global function definition for ‘abline’
    plotPolar: no visible global function definition for ‘lines’
    plotProfile: no visible global function definition for ‘par’
    plotProfile : plotJustProfile: no visible global function definition
     for ‘par’
    plotProfile : plotJustProfile: no visible global function definition
     for ‘lines’
    plotProfile : plotJustProfile: no visible global function definition
     for ‘points’
    plotProfile: no visible global function definition for ‘axis’
    plotProfile: no visible global function definition for ‘mtext’
    plotProfile: no visible global function definition for ‘box’
    plotProfile: no visible global function definition for ‘lines’
    plotProfile: no visible global function definition for ‘abline’
    plotProfile: no visible global function definition for ‘smooth.spline’
    plotProfile: no visible global function definition for ‘smoothScatter’
    plotProfile: no visible global function definition for ‘points’
    plotScan: no visible global function definition for ‘par’
    plotSticks: no visible global function definition for ‘par’
    plotSticks: no visible global function definition for ‘arrows’
    plotTS: no visible global function definition for ‘par’
    plotTS: no visible global function definition for ‘smoothScatter’
    plotTS: no visible global function definition for ‘points’
    plotTS: no visible global function definition for ‘lines’
    plotTS: no visible global function definition for ‘rect’
    plotTS: no visible global function definition for ‘box’
    plotTaylor: no visible global function definition for ‘sd’
    plotTaylor: no visible global function definition for ‘plot.new’
    plotTaylor: no visible global function definition for ‘plot.window’
    plotTaylor: no visible global function definition for ‘lines’
    plotTaylor: no visible global function definition for ‘axis’
    plotTaylor: no visible global function definition for ‘par’
    plotTaylor: no visible global function definition for ‘text’
    plotTaylor: no visible global function definition for ‘points’
    plotTaylor: no visible global function definition for ‘cor’
    pwelch: no visible global function definition for ‘is.ts’
    pwelch: no visible global function definition for ‘frequency’
    pwelch: no visible global function definition for ‘ts’
    pwelch: no visible binding for global variable ‘spectrum’
    rangeLimit: no visible global function definition for ‘quantile’
    read.adp.sontek: no visible global function definition for ‘approx’
    read.adv.nortek: no visible global function definition for ‘str’
    read.adv.nortek: no visible global function definition for ‘var’
    read.adv.sontek.adr: no visible global function definition for ‘approx’
    read.adv.sontek.text: no visible global function definition for
     ‘read.table’
    read.adv.sontek.text: no visible global function definition for
     ‘fivenum’
    read.adv.sontek.text: no visible global function definition for
     ‘approx’
    read.cm.s4: no visible global function definition for ‘read.table’
    read.coastline: no visible global function definition for ‘read.table’
    read.ctd.itp: no visible global function definition for ‘read.table’
    read.ctd.sbe: no visible global function definition for
     ‘txtProgressBar’
    read.ctd.sbe: no visible global function definition for
     ‘setTxtProgressBar’
    read.ctd.sbe: no visible global function definition for ‘read.table’
    read.ctd.sbe: no visible global function definition for ‘median’
    read.ctd.woce: no visible global function definition for
     ‘txtProgressBar’
    read.ctd.woce: no visible global function definition for
     ‘setTxtProgressBar’
    read.ctd.woce: no visible global function definition for ‘read.table’
    read.ctd.woce.other: no visible global function definition for
     ‘read.table’
    read.echosounder : approx2: no visible global function definition for
     ‘approx’
    read.gps: no visible global function definition for ‘read.table’
    read.index: no visible global function definition for ‘read.table’
    read.lisst: no visible global function definition for ‘read.table’
    read.lobo: no visible global function definition for ‘read.table’
    read.logger: no visible global function definition for ‘median’
    read.met: no visible global function definition for ‘read.csv’
    read.observatory.ctd: no visible global function definition for
     ‘read.csv’
    read.oce: no visible global function definition for ‘read.table’
    read.odf: no visible global function definition for ‘read.table’
    read.sealevel: no visible global function definition for ‘read.csv’
    read.topo: no visible global function definition for ‘read.table’
    resizableLabel: no visible global function definition for ‘strwidth’
    resizableLabel: no visible global function definition for ‘par’
    roll: no visible global function definition for ‘approx’
    runlm: no visible global function definition for ‘median’
    sectionSmooth: no visible global function definition for
     ‘smooth.spline’
    smoothSomething: no visible global function definition for ‘smooth’
    swDynamicHeight : height: no visible global function definition for
     ‘approxfun’
    swDynamicHeight : height: no visible global function definition for
     ‘integrate’
    swN2: no visible global function definition for ‘median’
    swN2: no visible global function definition for ‘smooth.spline’
    swN2: no visible global function definition for ‘smooth’
    swN2: no visible global function definition for ‘approx’
    swPressure: no visible global function definition for ‘uniroot’
    swRrho: no visible global function definition for ‘smooth.spline’
    swRrho: no visible global function definition for ‘approx’
    tidem: no visible binding for global variable ‘lm’
    tidem: no visible binding for global variable ‘na.exclude’
    tidemVuf: Error while checking: invalid 'envir' argument
    undriftTime: no visible global function definition for ‘approx’
    unwrapAngle: no visible global function definition for ‘median’
    useHeading: no visible global function definition for ‘approx’
    velocityStatistics: no visible global function definition for ‘cov’
    webtide: no visible global function definition for ‘read.table’
    webtide: no visible global function definition for ‘par’
    webtide: Error while checking: invalid 'envir' argument
    write.ctd: no visible global function definition for ‘write.table’
    xyzToEnuAdv: no visible global function definition for ‘approx’
    [[,ctd: no visible binding for global variable ‘ctd’
    plot,adp: no visible global function definition for ‘par’
    plot,adp: no visible global function definition for ‘layout’
    plot,adp: no visible global function definition for ‘lcm’
    plot,adp: no visible binding for global variable ‘breaksGIven’
    plot,adp: no visible global function definition for ‘lines’
    plot,adp: possible error in resizableLabel("distance", domain =
     "R-oce"): unused argument (domain = "R-oce")
    plot,adp: no visible global function definition for ‘points’
    plot,adp: no visible global function definition for ‘smoothScatter’
    plot,adp: no visible global function definition for ‘mtext’
    plot,adp: no visible global function definition for ‘cov’
    plot,adp: no visible global function definition for ‘arrows’
    plot,adp: Error while checking: invalid 'envir' argument
    plot,adv: no visible global function definition for ‘par’
    plot,adv: no visible global function definition for ‘layout’
    plot,adv: no visible global function definition for ‘lcm’
    plot,adv: no visible global function definition for ‘points’
    plot,adv: no visible global function definition for ‘abline’
    plot,adv: no visible global function definition for ‘smoothScatter’
    plot,adv: no visible global function definition for ‘mtext’
    plot,adv: no visible global function definition for ‘cov’
    plot,adv: no visible global function definition for ‘lines’
    plot,adv: no visible global function definition for ‘arrows’
    plot,cm: no visible global function definition for ‘par’
    plot,cm: no visible global function definition for ‘smoothScatter’
    plot,cm: no visible global function definition for ‘cov’
    plot,cm: no visible global function definition for ‘lines’
    plot,cm: no visible global function definition for ‘arrows’
    plot,coastline: no visible global function definition for ‘par’
    plot,coastline: no visible global function definition for ‘polygon’
    plot,coastline: no visible global function definition for ‘box’
    plot,coastline: no visible global function definition for ‘lines’
    plot,coastline: no visible global function definition for ‘plot.window’
    plot,coastline: no visible global function definition for ‘rect’
    plot,coastline: no visible global function definition for ‘axis’
    plot,ctd: no visible global function definition for ‘par’
    plot,ctd: no visible global function definition for ‘layout’
    plot,ctd : text.item: no visible global function definition for ‘text’
    plot,ctd: no visible global function definition for ‘plot.new’
    plot,ctd: no visible global function definition for ‘plot.window’
    plot,ctd: no visible global function definition for ‘text’
    plot,ctd: Error while checking: invalid 'envir' argument
    plot,drifter: no visible global function definition for ‘par’
    plot,drifter: Error while checking: invalid 'envir' argument
    plot,echosounder: no visible global function definition for ‘par’
    plot,echosounder: no visible global function definition for ‘layout’
    plot,echosounder: no visible binding for global variable ‘smooth’
    plot,echosounder: no visible global function definition for ‘approx’
    plot,echosounder: no visible global function definition for ‘polygon’
    plot,echosounder: no visible global function definition for ‘axis’
    plot,echosounder: no visible global function definition for ‘rnorm’
    plot,echosounder: no visible global function definition for ‘mtext’
    plot,echosounder: no visible global function definition for ‘box’
    plot,echosounder: no visible global function definition for ‘lines’
    plot,gps: no visible global function definition for ‘par’
    plot,gps: no visible global function definition for ‘lines’
    plot,gps: no visible global function definition for ‘plot.window’
    plot,gps: no visible global function definition for ‘rect’
    plot,gps: no visible global function definition for ‘axis’
    plot,gps: no visible global function definition for ‘points’
    plot,landsat: no visible global function definition for ‘rgb’
    plot,landsat: no visible global function definition for ‘adjustcolor’
    plot,landsat: no visible global function definition for ‘quantile’
    plot,landsat: no visible global function definition for ‘mtext’
    plot,landsat: no visible global function definition for ‘hist’
    plot,lisst: no visible global function definition for ‘par’
    plot,lobo: no visible global function definition for ‘par’
    plot,logger: no visible global function definition for ‘par’
    plot,logger: no visible global function definition for ‘layout’
    plot,logger: no visible global function definition for ‘axis’
    plot,logger : text.item: no visible global function definition for
     ‘par’
    plot,logger : text.item: no visible global function definition for
     ‘text’
    plot,logger: no visible binding for global variable ‘smoothScatter’
    plot,logger: no visible global function definition for ‘box’
    plot,logger: no visible global function definition for ‘mtext’
    plot,met: no visible global function definition for ‘par’
    plot,odf: no visible global function definition for ‘par’
    plot,sealevel : titlePlot: no visible global function definition for
     ‘mtext’
    plot,sealevel : drawConstituent: no visible global function definition
     for ‘abline’
    plot,sealevel : drawConstituent: no visible global function definition
     for ‘mtext’
    plot,sealevel : drawConstituent: no visible global function definition
     for ‘par’
    plot,sealevel: no visible global function definition for ‘par’
    plot,sealevel: no visible global function definition for ‘layout’
    plot,sealevel: no visible global function definition for ‘lcm’
    plot,sealevel: no visible global function definition for ‘box’
    plot,sealevel: no visible global function definition for ‘axis’
    plot,sealevel: no visible global function definition for ‘abline’
    plot,sealevel: no visible global function definition for ‘mtext’
    plot,sealevel: no visible global function definition for ‘ts’
    plot,sealevel: no visible global function definition for ‘spectrum’
    plot,sealevel: no visible global function definition for ‘grid’
    plot,section: no visible global function definition for ‘par’
    plot,section : plotSubsection: no visible global function definition
     for ‘par’
    plot,section: Error while checking: invalid 'envir' argument
    plot,tidem : drawConstituent: no visible global function definition for
     ‘abline’
    plot,tidem : drawConstituent: no visible global function definition for
     ‘par’
    plot,tidem : drawConstituent: no visible global function definition for
     ‘mtext’
    plot,tidem : drawConstituents: no visible global function definition
     for ‘abline’
    plot,tidem : drawConstituents: no visible global function definition
     for ‘mtext’
    plot,tidem: no visible global function definition for ‘par’
    plot,tidem: no visible global function definition for ‘segments’
    plot,tidem: no visible global function definition for ‘title’
    plot,topo: no visible global function definition for ‘par’
    plot,topo: no visible global function definition for ‘points’
    plot,topo: no visible global function definition for ‘lines’
    plot,topo: no visible global function definition for ‘axis’
    plot,topo: no visible global function definition for ‘mtext’
    plot,topo: no visible global function definition for ‘text’
    plot,topo: no visible global function definition for ‘contour’
    plot,windrose: no visible global function definition for ‘par’
    plot,windrose: no visible global function definition for ‘plot.new’
    plot,windrose: no visible global function definition for ‘plot.window’
    plot,windrose: no visible global function definition for ‘lines’
    plot,windrose: no visible global function definition for ‘text’
    plot,windrose: no visible global function definition for ‘polygon’
    plot,windrose: no visible global function definition for ‘title’
    summary,tidem: no visible global function definition for ‘var’
    summary,tidem: no visible global function definition for ‘printCoefmat’
    Undefined global functions or variables:
     .filled.contour Axis abline adjustcolor approx approxfun arrows axis
     axis.POSIXct box breaksGIven coef col2rgb colorRamp colorRampPalette
     confint contour contourLines cor cov ctd fivenum flush.console frame
     frequency gray grid hist hsv image integrate is.ts kernel layout lcm
     legend lines lm locator median mtext na.exclude nls optim optimize
     par plot.new plot.window points polygon printCoefmat quantile
     read.csv read.table rect rgb rnorm runmed sd segments
     setTxtProgressBar smooth smooth.spline smoothScatter spectrum str
     strwidth text title ts txtProgressBar uniroot var weighted.mean
     write.table xinch yinch
Flavors: r-devel-linux-x86_64-fedora-clang, r-devel-linux-x86_64-fedora-gcc

Version: 0.9-17
Check: package dependencies
Result: NOTE
    Package suggested but not available for checking: 'ncdf4'
Flavors: r-devel-windows-ix86+x86_64, r-release-windows-ix86+x86_64, r-oldrel-windows-ix86+x86_64

Version: 0.9-17
Check: R code for possible problems
Result: NOTE
    approx3d : equispaced: no visible global function definition for 'sd'
    as.windrose: no visible global function definition for 'fivenum'
    badFillFix2: no visible global function definition for 'par'
    binmapAdp: no visible global function definition for 'approx'
    colormap: no visible global function definition for 'col2rgb'
    colormap: no visible global function definition for 'colorRamp'
    colormap: no visible global function definition for 'rgb'
    colormapFromGmt: no visible global function definition for 'read.table'
    colormapFromGmt: no visible global function definition for 'rgb'
    colormapFromGmt: no visible global function definition for 'gray'
    colormapGMT: no visible global function definition for
     'colorRampPalette'
    colormap_colorize: no visible global function definition for
     'colorRampPalette'
    colormap_colormap: no visible global function definition for
     'colorRampPalette'
    ctdDecimate: no visible global function definition for 'approx'
    ctdDecimate: no visible global function definition for 'lm'
    ctdFindProfiles: no visible global function definition for
     'smooth.spline'
    ctdFindProfiles: no visible global function definition for 'median'
    ctdTrim: no visible global function definition for 'smooth'
    ctdTrim: no visible global function definition for 'optim'
    ctdTrim: no visible global function definition for 'nls'
    ctdTrim: no visible global function definition for 'coef'
    decimate: no visible global function definition for 'runmed'
    despikeColumn: no visible global function definition for 'approx'
    despikeColumn: no visible global function definition for 'runmed'
    despikeColumn: no visible global function definition for 'smooth'
    despikeColumn: no visible global function definition for 'var'
    drawDirectionField: no visible global function definition for 'par'
    drawDirectionField: no visible global function definition for 'points'
    drawDirectionField: no visible global function definition for
     'segments'
    drawDirectionField: no visible global function definition for 'arrows'
    drawIsopycnals: no visible global function definition for 'par'
    drawIsopycnals: no visible global function definition for 'lines'
    drawIsopycnals: no visible global function definition for 'mtext'
    drawIsopycnals: no visible global function definition for 'text'
    drawPalette: no visible global function definition for 'par'
    drawPalette: no visible global function definition for 'image'
    drawPalette: no visible global function definition for 'abline'
    drawPalette: no visible global function definition for 'box'
    drawPalette: no visible global function definition for 'polygon'
    drawPalette: no visible global function definition for 'lines'
    drawPalette: no visible global function definition for 'mtext'
    drifterGrid: no visible binding for global variable 'median'
    drifterGrid: no visible global function definition for 'approx'
    errorbars: no visible global function definition for 'segments'
    errorbars: no visible global function definition for 'arrows'
    formatCI: no visible global function definition for 'confint'
    heading: no visible global function definition for 'approx'
    hydrographyLocal: no visible global function definition for 'approx'
    imagep: no visible global function definition for 'par'
    imagep: no visible global function definition for 'median'
    imagep: no visible global function definition for 'hist'
    imagep: no visible global function definition for 'approx'
    imagep: no visible global function definition for 'plot.new'
    imagep: no visible global function definition for 'plot.window'
    imagep: no visible global function definition for '.filled.contour'
    imagep: no visible global function definition for 'mtext'
    imagep: no visible global function definition for 'image'
    imagep: no visible global function definition for 'box'
    imagep: no visible global function definition for 'axis'
    imagep: no visible global function definition for 'contour'
    interpBarnes: no visible global function definition for 'quantile'
    loggerPatm: no visible global function definition for 'median'
    loggerPatm: no visible global function definition for 'weighted.mean'
    makeFilter: no visible global function definition for 'kernel'
    map2lonlat: no visible global function definition for 'optim'
    mapArrows: no visible global function definition for 'par'
    mapArrows: no visible global function definition for 'arrows'
    mapAxis: no visible global function definition for 'par'
    mapAxis: no visible global function definition for 'optimize'
    mapContour: no visible global function definition for 'par'
    mapContour: no visible global function definition for 'contourLines'
    mapDirectionField: no visible global function definition for 'par'
    mapDirectionField: no visible global function definition for 'arrows'
    mapGrid: no visible global function definition for 'par'
    mapGrid: no visible global function definition for 'median'
    mapGrid: no visible global function definition for 'lines'
    mapImage: no visible global function definition for 'par'
    mapImage: no visible global function definition for '.filled.contour'
    mapImage: no visible global function definition for 'polygon'
    mapLines: no visible global function definition for 'par'
    mapLines: no visible global function definition for 'lines'
    mapLocator: no visible global function definition for 'locator'
    mapMeridians: no visible global function definition for 'par'
    mapMeridians: no visible global function definition for 'lines'
    mapPlot: no visible global function definition for 'data'
    mapPlot: no visible global function definition for 'polygon'
    mapPlot: no visible global function definition for 'par'
    mapPoints: no visible global function definition for 'points'
    mapPoints: no visible global function definition for 'par'
    mapPolygon: no visible global function definition for 'par'
    mapPolygon: no visible global function definition for 'polygon'
    mapScalebar: no visible global function definition for 'par'
    mapScalebar: no visible global function definition for 'xinch'
    mapScalebar: no visible global function definition for 'yinch'
    mapScalebar: no visible global function definition for 'polygon'
    mapScalebar: no visible global function definition for 'lines'
    mapScalebar: no visible global function definition for 'text'
    mapText: no visible global function definition for 'text'
    mapZones: no visible global function definition for 'par'
    mapZones: no visible global function definition for 'lines'
    oce.axis.POSIXct: no visible global function definition for 'par'
    oce.axis.POSIXct: no visible global function definition for 'mtext'
    oce.axis.POSIXct: no visible global function definition for 'axis'
    oce.colors9B: no visible global function definition for
     'colorRampPalette'
    oce.colorsGebco: no visible global function definition for 'col2rgb'
    oce.colorsGebco: no visible global function definition for 'approx'
    oce.colorsGebco: no visible global function definition for 'rgb'
    oce.colorsJet: no visible global function definition for
     'colorRampPalette'
    oce.colorsPalette: no visible global function definition for 'approx'
    oce.colorsTwo: no visible global function definition for 'hsv'
    oce.contour: no visible global function definition for 'contour'
    oce.contour: no visible global function definition for 'par'
    oce.contour: no visible global function definition for 'Axis'
    oce.contour: no visible global function definition for 'box'
    oce.debug: no visible global function definition for 'flush.console'
    oce.grid: no visible global function definition for 'par'
    oce.grid: no visible global function definition for 'grid'
    oce.grid: no visible global function definition for 'abline'
    oce.plot.ts: no visible global function definition for 'par'
    oce.plot.ts: no visible binding for global variable 'polygon'
    oce.plot.ts: no visible global function definition for 'abline'
    oce.plot.ts: no visible global function definition for 'box'
    oce.plot.ts: no visible global function definition for 'axis'
    oce.smooth: no visible global function definition for 'smooth'
    oce.spectrum: no visible binding for global variable 'spectrum'
    oce.spectrum: no visible global function definition for 'var'
    oce.write.table: no visible global function definition for
     'write.table'
    oceColors9B: no visible global function definition for
     'colorRampPalette'
    oceColorsGebco: no visible global function definition for 'col2rgb'
    oceColorsGebco: no visible global function definition for 'approx'
    oceColorsGebco: no visible global function definition for 'rgb'
    oceColorsJet: no visible global function definition for
     'colorRampPalette'
    oceColorsPalette: no visible global function definition for 'approx'
    oceColorsTwo: no visible global function definition for 'hsv'
    oceContour: no visible global function definition for 'contour'
    oceContour: no visible global function definition for 'par'
    oceContour: no visible global function definition for 'Axis'
    oceContour: no visible global function definition for 'box'
    oceDebug: no visible global function definition for 'flush.console'
    oceSmooth: no visible global function definition for 'smooth'
    oceSpectrum: no visible binding for global variable 'spectrum'
    oceSpectrum: no visible global function definition for 'var'
    palette2breakscolor: no visible global function definition for 'rgb'
    palette2breakscolor: no visible global function definition for
     'colorRampPalette'
    paletteCalculations: no visible global function definition for 'par'
    paletteCalculations: no visible global function definition for 'frame'
    pitch: no visible global function definition for 'approx'
    plot.lobo.timeseries.TS: no visible global function definition for
     'par'
    plot.lobo.timeseries.TS: no visible global function definition for
     'axis'
    plot.lobo.timeseries.TS: no visible global function definition for
     'axis.POSIXct'
    plot.lobo.timeseries.TS: no visible global function definition for
     'mtext'
    plot.lobo.timeseries.TS: no visible global function definition for
     'box'
    plot.lobo.timeseries.TS: no visible global function definition for
     'lines'
    plot.lobo.timeseries.TS: no visible global function definition for
     'legend'
    plot.lobo.timeseries.biology: no visible global function definition for
     'axis'
    plot.lobo.timeseries.biology: no visible global function definition for
     'axis.POSIXct'
    plot.lobo.timeseries.biology: no visible global function definition for
     'par'
    plot.lobo.timeseries.biology: no visible global function definition for
     'mtext'
    plot.lobo.timeseries.biology: no visible global function definition for
     'box'
    plot.lobo.timeseries.biology: no visible global function definition for
     'lines'
    plot.lobo.timeseries.biology: no visible global function definition for
     'legend'
    plot.lobo.timeseries.uv: no visible global function definition for
     'box'
    plot.lobo.timeseries.uv: no visible global function definition for
     'lines'
    plot.lobo.timeseries.uv: no visible global function definition for
     'axis.POSIXct'
    plot.lobo.timeseries.uv: no visible global function definition for
     'axis'
    plot.lobo.timeseries.uv: no visible global function definition for
     'par'
    plot.lobo.timeseries.uv: no visible global function definition for
     'mtext'
    plot.lobo.timeseries.uv: no visible global function definition for
     'legend'
    plotInset: no visible global function definition for 'par'
    plotInset: no visible global function definition for 'str'
    plotPolar: no visible global function definition for 'plot.new'
    plotPolar: no visible global function definition for 'plot.window'
    plotPolar: no visible global function definition for 'points'
    plotPolar: no visible global function definition for 'axis'
    plotPolar: no visible global function definition for 'abline'
    plotPolar: no visible global function definition for 'lines'
    plotProfile: no visible global function definition for 'par'
    plotProfile : plotJustProfile: no visible global function definition
     for 'par'
    plotProfile : plotJustProfile: no visible global function definition
     for 'lines'
    plotProfile : plotJustProfile: no visible global function definition
     for 'points'
    plotProfile: no visible global function definition for 'axis'
    plotProfile: no visible global function definition for 'mtext'
    plotProfile: no visible global function definition for 'box'
    plotProfile: no visible global function definition for 'lines'
    plotProfile: no visible global function definition for 'abline'
    plotProfile: no visible global function definition for 'smooth.spline'
    plotProfile: no visible global function definition for 'smoothScatter'
    plotProfile: no visible global function definition for 'points'
    plotScan: no visible global function definition for 'par'
    plotSticks: no visible global function definition for 'par'
    plotSticks: no visible global function definition for 'arrows'
    plotTS: no visible global function definition for 'par'
    plotTS: no visible global function definition for 'smoothScatter'
    plotTS: no visible global function definition for 'points'
    plotTS: no visible global function definition for 'lines'
    plotTS: no visible global function definition for 'rect'
    plotTS: no visible global function definition for 'box'
    plotTaylor: no visible global function definition for 'sd'
    plotTaylor: no visible global function definition for 'plot.new'
    plotTaylor: no visible global function definition for 'plot.window'
    plotTaylor: no visible global function definition for 'lines'
    plotTaylor: no visible global function definition for 'axis'
    plotTaylor: no visible global function definition for 'par'
    plotTaylor: no visible global function definition for 'text'
    plotTaylor: no visible global function definition for 'points'
    plotTaylor: no visible global function definition for 'cor'
    pwelch: no visible global function definition for 'is.ts'
    pwelch: no visible global function definition for 'frequency'
    pwelch: no visible global function definition for 'ts'
    pwelch: no visible binding for global variable 'spectrum'
    rangeLimit: no visible global function definition for 'quantile'
    read.adp.sontek: no visible global function definition for 'approx'
    read.adv.nortek: no visible global function definition for 'str'
    read.adv.nortek: no visible global function definition for 'var'
    read.adv.sontek.adr: no visible global function definition for 'approx'
    read.adv.sontek.text: no visible global function definition for
     'read.table'
    read.adv.sontek.text: no visible global function definition for
     'fivenum'
    read.adv.sontek.text: no visible global function definition for
     'approx'
    read.cm.s4: no visible global function definition for 'read.table'
    read.coastline: no visible global function definition for 'read.table'
    read.ctd.itp: no visible global function definition for 'read.table'
    read.ctd.sbe: no visible global function definition for
     'txtProgressBar'
    read.ctd.sbe: no visible global function definition for
     'setTxtProgressBar'
    read.ctd.sbe: no visible global function definition for 'read.table'
    read.ctd.sbe: no visible global function definition for 'median'
    read.ctd.woce: no visible global function definition for
     'txtProgressBar'
    read.ctd.woce: no visible global function definition for
     'setTxtProgressBar'
    read.ctd.woce: no visible global function definition for 'read.table'
    read.ctd.woce.other: no visible global function definition for
     'read.table'
    read.echosounder : approx2: no visible global function definition for
     'approx'
    read.gps: no visible global function definition for 'read.table'
    read.index: no visible global function definition for 'read.table'
    read.lisst: no visible global function definition for 'read.table'
    read.lobo: no visible global function definition for 'read.table'
    read.logger: no visible global function definition for 'median'
    read.met: no visible global function definition for 'read.csv'
    read.observatory.ctd: no visible global function definition for
     'read.csv'
    read.oce: no visible global function definition for 'read.table'
    read.odf: no visible global function definition for 'read.table'
    read.sealevel: no visible global function definition for 'read.csv'
    read.topo: no visible global function definition for 'read.table'
    resizableLabel: no visible global function definition for 'strwidth'
    resizableLabel: no visible global function definition for 'par'
    roll: no visible global function definition for 'approx'
    runlm: no visible global function definition for 'median'
    sectionSmooth: no visible global function definition for
     'smooth.spline'
    smoothSomething: no visible global function definition for 'smooth'
    swDynamicHeight : height: no visible global function definition for
     'approxfun'
    swDynamicHeight : height: no visible global function definition for
     'integrate'
    swN2: no visible global function definition for 'median'
    swN2: no visible global function definition for 'smooth.spline'
    swN2: no visible global function definition for 'smooth'
    swN2: no visible global function definition for 'approx'
    swPressure: no visible global function definition for 'uniroot'
    swRrho: no visible global function definition for 'smooth.spline'
    swRrho: no visible global function definition for 'approx'
    tidem: no visible binding for global variable 'lm'
    tidem: no visible binding for global variable 'na.exclude'
    tidemVuf: no visible global function definition for 'data'
    undriftTime: no visible global function definition for 'approx'
    unwrapAngle: no visible global function definition for 'median'
    useHeading: no visible global function definition for 'approx'
    velocityStatistics: no visible global function definition for 'cov'
    webtide: no visible global function definition for 'read.table'
    webtide: no visible global function definition for 'par'
    webtide: no visible global function definition for 'data'
    webtide: no visible global function definition for 'lines'
    webtide: no visible global function definition for 'locator'
    webtide: no visible global function definition for 'points'
    webtide: no visible global function definition for 'legend'
    webtide: no visible global function definition for 'abline'
    write.ctd: no visible global function definition for 'write.table'
    xyzToEnuAdv: no visible global function definition for 'approx'
    [[,ctd: no visible binding for global variable 'ctd'
    plot,adp: no visible global function definition for 'par'
    plot,adp: no visible global function definition for 'layout'
    plot,adp: no visible global function definition for 'lcm'
    plot,adp: no visible binding for global variable 'breaksGIven'
    plot,adp: no visible global function definition for 'lines'
    plot,adp: possible error in resizableLabel("distance", domain =
     "R-oce"): unused argument (domain = "R-oce")
    plot,adp: no visible global function definition for 'points'
    plot,adp: no visible global function definition for 'smoothScatter'
    plot,adp: no visible global function definition for 'mtext'
    plot,adp: no visible global function definition for 'cov'
    plot,adp: no visible global function definition for 'arrows'
    plot,adp: no visible global function definition for 'data'
    plot,adp: no visible binding for global variable 'coastlineWorld'
    plot,adp: no visible binding for global variable 'coastlineWorldFine'
    plot,adp: no visible binding for global variable 'coastlineWorldMedium'
    plot,adv: no visible global function definition for 'par'
    plot,adv: no visible global function definition for 'layout'
    plot,adv: no visible global function definition for 'lcm'
    plot,adv: no visible global function definition for 'points'
    plot,adv: no visible global function definition for 'abline'
    plot,adv: no visible global function definition for 'smoothScatter'
    plot,adv: no visible global function definition for 'mtext'
    plot,adv: no visible global function definition for 'cov'
    plot,adv: no visible global function definition for 'lines'
    plot,adv: no visible global function definition for 'arrows'
    plot,cm: no visible global function definition for 'par'
    plot,cm: no visible global function definition for 'smoothScatter'
    plot,cm: no visible global function definition for 'cov'
    plot,cm: no visible global function definition for 'lines'
    plot,cm: no visible global function definition for 'arrows'
    plot,coastline: no visible global function definition for 'par'
    plot,coastline: no visible global function definition for 'polygon'
    plot,coastline: no visible global function definition for 'box'
    plot,coastline: no visible global function definition for 'lines'
    plot,coastline: no visible global function definition for 'plot.window'
    plot,coastline: no visible global function definition for 'rect'
    plot,coastline: no visible global function definition for 'axis'
    plot,ctd: no visible global function definition for 'par'
    plot,ctd: no visible global function definition for 'layout'
    plot,ctd : text.item: no visible global function definition for 'text'
    plot,ctd: no visible global function definition for 'plot.new'
    plot,ctd: no visible global function definition for 'plot.window'
    plot,ctd: no visible global function definition for 'text'
    plot,ctd: no visible global function definition for 'data'
    plot,ctd: no visible binding for global variable 'coastlineWorld'
    plot,ctd: no visible binding for global variable 'coastlineWorldFine'
    plot,ctd: no visible binding for global variable 'coastlineWorldMedium'
    plot,ctd: no visible global function definition for 'mtext'
    plot,ctd: no visible global function definition for 'points'
    plot,drifter: no visible global function definition for 'par'
    plot,drifter: no visible global function definition for 'data'
    plot,drifter: no visible binding for global variable 'coastlineWorld'
    plot,drifter: no visible binding for global variable
     'coastlineWorldFine'
    plot,drifter: no visible binding for global variable
     'coastlineWorldMedium'
    plot,drifter: no visible binding for global variable 'meanLon'
    plot,drifter: no visible global function definition for 'polygon'
    plot,drifter: no visible global function definition for 'lines'
    plot,drifter: no visible global function definition for 'points'
    plot,drifter: no visible global function definition for 'quantile'
    plot,echosounder: no visible global function definition for 'par'
    plot,echosounder: no visible global function definition for 'layout'
    plot,echosounder: no visible binding for global variable 'smooth'
    plot,echosounder: no visible global function definition for 'approx'
    plot,echosounder: no visible global function definition for 'polygon'
    plot,echosounder: no visible global function definition for 'axis'
    plot,echosounder: no visible global function definition for 'rnorm'
    plot,echosounder: no visible global function definition for 'mtext'
    plot,echosounder: no visible global function definition for 'box'
    plot,echosounder: no visible global function definition for 'lines'
    plot,gps: no visible global function definition for 'par'
    plot,gps: no visible global function definition for 'lines'
    plot,gps: no visible global function definition for 'plot.window'
    plot,gps: no visible global function definition for 'rect'
    plot,gps: no visible global function definition for 'axis'
    plot,gps: no visible global function definition for 'points'
    plot,landsat: no visible global function definition for 'rgb'
    plot,landsat: no visible global function definition for 'adjustcolor'
    plot,landsat: no visible global function definition for 'quantile'
    plot,landsat: no visible global function definition for 'mtext'
    plot,landsat: no visible global function definition for 'hist'
    plot,lisst: no visible global function definition for 'par'
    plot,lobo: no visible global function definition for 'par'
    plot,logger: no visible global function definition for 'par'
    plot,logger: no visible global function definition for 'layout'
    plot,logger: no visible global function definition for 'axis'
    plot,logger : text.item: no visible global function definition for
     'par'
    plot,logger : text.item: no visible global function definition for
     'text'
    plot,logger: no visible binding for global variable 'smoothScatter'
    plot,logger: no visible global function definition for 'box'
    plot,logger: no visible global function definition for 'mtext'
    plot,met: no visible global function definition for 'par'
    plot,odf: no visible global function definition for 'par'
    plot,sealevel : titlePlot: no visible global function definition for
     'mtext'
    plot,sealevel : drawConstituent: no visible global function definition
     for 'abline'
    plot,sealevel : drawConstituent: no visible global function definition
     for 'mtext'
    plot,sealevel : drawConstituent: no visible global function definition
     for 'par'
    plot,sealevel: no visible global function definition for 'par'
    plot,sealevel: no visible global function definition for 'layout'
    plot,sealevel: no visible global function definition for 'lcm'
    plot,sealevel: no visible global function definition for 'box'
    plot,sealevel: no visible global function definition for 'axis'
    plot,sealevel: no visible global function definition for 'abline'
    plot,sealevel: no visible global function definition for 'mtext'
    plot,sealevel: no visible global function definition for 'ts'
    plot,sealevel: no visible global function definition for 'spectrum'
    plot,sealevel: no visible global function definition for 'grid'
    plot,section: no visible global function definition for 'par'
    plot,section : plotSubsection: no visible global function definition
     for 'par'
    plot,section : plotSubsection: no visible global function definition
     for 'data'
    plot,section : plotSubsection: no visible binding for global variable
     'coastlineWorld'
    plot,section : plotSubsection: no visible binding for global variable
     'coastlineWorldFine'
    plot,section : plotSubsection: no visible binding for global variable
     'coastlineWorldMedium'
    plot,section : plotSubsection: no visible global function definition
     for 'polygon'
    plot,section : plotSubsection: no visible global function definition
     for 'lines'
    plot,section : plotSubsection: no visible global function definition
     for 'points'
    plot,section : plotSubsection: no visible global function definition
     for 'text'
    plot,section : plotSubsection: no visible global function definition
     for 'resizabelLabel'
    plot,section : plotSubsection: no visible global function definition
     for 'axis'
    plot,section : plotSubsection: no visible global function definition
     for 'box'
    plot,section : plotSubsection: no visible global function definition
     for 'Axis'
    plot,section : plotSubsection: no visible global function definition
     for 'contour'
    plot,section : plotSubsection: no visible global function definition
     for '.filled.contour'
    plot,section: no visible global function definition for 'layout'
    plot,tidem : drawConstituent: no visible global function definition for
     'abline'
    plot,tidem : drawConstituent: no visible global function definition for
     'par'
    plot,tidem : drawConstituent: no visible global function definition for
     'mtext'
    plot,tidem : drawConstituents: no visible global function definition
     for 'abline'
    plot,tidem : drawConstituents: no visible global function definition
     for 'mtext'
    plot,tidem: no visible global function definition for 'par'
    plot,tidem: no visible global function definition for 'segments'
    plot,tidem: no visible global function definition for 'title'
    plot,topo: no visible global function definition for 'par'
    plot,topo: no visible global function definition for 'points'
    plot,topo: no visible global function definition for 'lines'
    plot,topo: no visible global function definition for 'axis'
    plot,topo: no visible global function definition for 'mtext'
    plot,topo: no visible global function definition for 'text'
    plot,topo: no visible global function definition for 'contour'
    plot,windrose: no visible global function definition for 'par'
    plot,windrose: no visible global function definition for 'plot.new'
    plot,windrose: no visible global function definition for 'plot.window'
    plot,windrose: no visible global function definition for 'lines'
    plot,windrose: no visible global function definition for 'text'
    plot,windrose: no visible global function definition for 'polygon'
    plot,windrose: no visible global function definition for 'title'
    summary,tidem: no visible global function definition for 'var'
    summary,tidem: no visible global function definition for 'printCoefmat'
    Undefined global functions or variables:
     .filled.contour Axis abline adjustcolor approx approxfun arrows axis
     axis.POSIXct box breaksGIven coastlineWorld coastlineWorldFine
     coastlineWorldMedium coef col2rgb colorRamp colorRampPalette confint
     contour contourLines cor cov ctd data fivenum flush.console frame
     frequency gray grid hist hsv image integrate is.ts kernel layout lcm
     legend lines lm locator meanLon median mtext na.exclude nls optim
     optimize par plot.new plot.window points polygon printCoefmat
     quantile read.csv read.table rect resizabelLabel rgb rnorm runmed sd
     segments setTxtProgressBar smooth smooth.spline smoothScatter
     spectrum str strwidth text title ts txtProgressBar uniroot var
     weighted.mean write.table xinch yinch
Flavor: r-devel-windows-ix86+x86_64