CRAN Package Check Results for Package oce

Last updated on 2017-05-25 04:47:04.

Flavor Version Tinstall Tcheck Ttotal Status Flags
r-devel-linux-x86_64-debian-clang 0.9-21 14.56 190.57 205.13 OK
r-devel-linux-x86_64-debian-gcc 0.9-21 13.84 190.44 204.28 OK
r-devel-linux-x86_64-fedora-clang 0.9-21 380.56 NOTE --no-stop-on-test-error
r-devel-linux-x86_64-fedora-gcc 0.9-21 355.63 NOTE --no-stop-on-test-error
r-devel-windows-ix86+x86_64 0.9-21 69.00 390.00 459.00 NOTE
r-patched-linux-x86_64 0.9-21 12.89 186.38 199.26 OK
r-patched-solaris-sparc 0.9-21 2404.10 NOTE --no-stop-on-test-error
r-patched-solaris-x86 0.9-21 422.50 NOTE --no-stop-on-test-error
r-release-linux-x86_64 0.9-21 13.39 189.77 203.16 OK
r-release-windows-ix86+x86_64 0.9-21 110.00 419.00 529.00 NOTE
r-release-osx-x86_64 0.9-21 NOTE
r-oldrel-windows-ix86+x86_64 0.9-21 90.00 421.00 511.00 NOTE
r-oldrel-osx-x86_64 0.9-21 NOTE

Check Details

Version: 0.9-21
Flags: --no-stop-on-test-error
Check: installed package size
Result: NOTE
     installed size is 5.3Mb
     sub-directories of 1Mb or more:
     help 2.1Mb
Flavors: r-devel-linux-x86_64-fedora-clang, r-devel-linux-x86_64-fedora-gcc, r-patched-solaris-sparc, r-patched-solaris-x86

Version: 0.9-21
Flags: --no-stop-on-test-error
Check: data for non-ASCII characters
Result: NOTE
     Note: found 2 marked UTF-8 strings
Flavors: r-devel-linux-x86_64-fedora-clang, r-devel-linux-x86_64-fedora-gcc, r-patched-solaris-sparc, r-patched-solaris-x86

Version: 0.9-21
Check: installed package size
Result: NOTE
     installed size is 6.5Mb
     sub-directories of 1Mb or more:
     help 2.1Mb
     libs 1.6Mb
Flavors: r-devel-windows-ix86+x86_64, r-release-windows-ix86+x86_64, r-release-osx-x86_64, r-oldrel-windows-ix86+x86_64, r-oldrel-osx-x86_64

Version: 0.9-21
Check: package dependencies
Result: NOTE
    Packages suggested but not available for checking: ‘ncdf4’ ‘rgdal’ ‘marmap’
Flavor: r-release-osx-x86_64

Version: 0.9-21
Check: Rd cross-references
Result: NOTE
    Packages unavailable to check Rd xrefs: ‘rgdal’, ‘marmap’, ‘ncdf4’
Flavor: r-release-osx-x86_64

Version: 0.9-21
Check: data for non-ASCII characters
Result: NOTE
     Note: found 2 marked UTF-8 strings
Flavors: r-release-osx-x86_64, r-oldrel-osx-x86_64