CRAN Package Check Results for Package oce

Last updated on 2014-12-22 09:54:21.

Flavor Version Tinstall Tcheck Ttotal Status Flags
r-devel-linux-x86_64-debian-clang 0.9-14 8.27 115.62 123.89 NOTE
r-devel-linux-x86_64-debian-gcc 0.9-14 8.60 114.44 123.04 NOTE
r-devel-linux-x86_64-fedora-clang 0.9-14 251.27 NOTE
r-devel-linux-x86_64-fedora-gcc 0.9-14 240.19 NOTE
r-devel-osx-x86_64-clang 0.9-14 222.07 NOTE
r-devel-windows-ix86+x86_64 0.9-14 56.00 236.00 292.00 NOTE
r-patched-linux-x86_64 0.9-14 8.89 120.74 129.63 NOTE
r-patched-solaris-sparc 0.9-14 1476.60 NOTE
r-patched-solaris-x86 0.9-14 308.10 NOTE
r-release-linux-ix86 0.9-14 11.60 142.05 153.65 NOTE
r-release-linux-x86_64 0.9-14 9.49 119.64 129.13 NOTE
r-release-osx-x86_64-mavericks 0.9-14 NOTE
r-release-osx-x86_64-snowleopard 0.9-14 OK
r-release-windows-ix86+x86_64 0.9-14 47.00 211.00 258.00 NOTE
r-oldrel-windows-ix86+x86_64 0.9-14 51.00 213.00 264.00 NOTE

Check Details

Version: 0.9-14
Check: R code for possible problems
Result: NOTE
    map2lonlat: no visible global function definition for
     ‘.Last.projection’
    mapContour: no visible global function definition for
     ‘.Last.projection’
    mapImage: no visible global function definition for ‘.Last.projection’
    mapLongitudeLatitudeXY: no visible global function definition for
     ‘.Last.projection’
Flavors: r-devel-linux-x86_64-debian-clang, r-devel-linux-x86_64-debian-gcc, r-devel-linux-x86_64-fedora-clang, r-devel-linux-x86_64-fedora-gcc, r-devel-osx-x86_64-clang, r-devel-windows-ix86+x86_64, r-patched-linux-x86_64, r-patched-solaris-sparc, r-patched-solaris-x86, r-release-linux-ix86, r-release-linux-x86_64, r-release-windows-ix86+x86_64

Version: 0.9-14
Check: package dependencies
Result: NOTE
    Package suggested but not available for checking: 'ncdf4'
Flavors: r-devel-windows-ix86+x86_64, r-release-windows-ix86+x86_64, r-oldrel-windows-ix86+x86_64

Version: 0.9-14
Check: package dependencies
Result: NOTE
    Packages suggested but not available for checking: ‘ncdf4’ ‘tiff’
Flavor: r-release-osx-x86_64-mavericks

Version: 0.9-14
Check: re-building of vignette outputs
Result: NOTE
    Error in re-building vignettes:
     ...
    Loading required package: mapproj
    Loading required package: maps
    KernSmooth 2.23 loaded
    Copyright M. P. Wand 1997-2009
    Erreur dans texi2dvi(file = file, pdf = TRUE, clean = clean, quiet = quiet, :
     l'exécution de 'texi2dvi' sur 'oce.tex' a échoué.
    LaTeX errors:
    ! LaTeX Error: File `fullpage.sty' not found.
    
    Type X to quit or <RETURN> to proceed,
    or enter new name. (Default extension: sty)
    
    t/oce/vignettes/oce.tex:11: ==> Fatal error occurred, no output PDF file produ
    ced!
    Calls: buildVignettes -> texi2pdf -> texi2dvi
    Exécution arrêtée
Flavor: r-release-osx-x86_64-mavericks