CRAN Package Check Results for Package oce

Last updated on 2016-12-11 11:48:39.

Flavor Version Tinstall Tcheck Ttotal Status Flags
r-devel-linux-x86_64-debian-clang 0.9-20 13.82 195.76 209.59 OK
r-devel-linux-x86_64-debian-gcc 0.9-20 13.26 186.53 199.79 OK
r-devel-linux-x86_64-fedora-clang 0.9-20 376.97 NOTE --no-stop-on-test-error
r-devel-linux-x86_64-fedora-gcc 0.9-20 358.38 NOTE --no-stop-on-test-error
r-devel-macos-x86_64-clang 0.9-20 296.89 OK --no-stop-on-test-error
r-devel-windows-ix86+x86_64 0.9-20 46.00 499.00 545.00 NOTE
r-patched-linux-x86_64 0.9-20 12.52 169.06 181.58 OK
r-patched-solaris-sparc 0.9-20 1967.20 NOTE
r-patched-solaris-x86 0.9-20 380.40 NOTE
r-release-linux-x86_64 0.9-20 12.50 167.57 180.07 OK
r-release-osx-x86_64-mavericks 0.9-20 NOTE
r-release-windows-ix86+x86_64 0.9-20 71.00 310.00 381.00 NOTE
r-oldrel-windows-ix86+x86_64 0.9-20 98.00 330.00 428.00 NOTE

Memtest notes: clang-ASAN gcc6-ASAN gcc7-ASAN valgrind

Check Details

Version: 0.9-20
Flags: --no-stop-on-test-error
Check: installed package size
Result: NOTE
     installed size is 5.3Mb
     sub-directories of 1Mb or more:
     help 2.1Mb
Flavors: r-devel-linux-x86_64-fedora-clang, r-devel-linux-x86_64-fedora-gcc

Version: 0.9-20
Check: installed package size
Result: NOTE
     installed size is 6.4Mb
     sub-directories of 1Mb or more:
     help 2.1Mb
     libs 1.6Mb
Flavors: r-devel-windows-ix86+x86_64, r-patched-solaris-sparc, r-patched-solaris-x86, r-release-osx-x86_64-mavericks, r-release-windows-ix86+x86_64, r-oldrel-windows-ix86+x86_64