CRAN Package Check Results for Package oce

Last updated on 2015-04-21 06:47:33.

Flavor Version Tinstall Tcheck Ttotal Status Flags
r-devel-linux-x86_64-debian-clang 0.9-14 8.62 110.85 119.47 ERROR
r-devel-linux-x86_64-debian-gcc 0.9-14 8.81 107.52 116.33 ERROR
r-devel-linux-x86_64-fedora-clang 0.9-14 229.03 ERROR
r-devel-linux-x86_64-fedora-gcc 0.9-14 180.49 ERROR
r-devel-osx-x86_64-clang 0.9-14 200.68 ERROR
r-devel-windows-ix86+x86_64 0.9-14 57.00 236.00 293.00 NOTE
r-patched-linux-x86_64 0.9-14 8.58 110.34 118.92 NOTE
r-patched-solaris-sparc 0.9-14 1364.90 NOTE
r-patched-solaris-x86 0.9-14 281.50 NOTE
r-release-linux-x86_64 0.9-14 8.91 109.64 118.55 NOTE
r-release-osx-x86_64-mavericks 0.9-14 NOTE
r-release-osx-x86_64-snowleopard 0.9-14 NOTE
r-release-windows-ix86+x86_64 0.9-14 40.00 264.00 304.00 NOTE
r-oldrel-windows-ix86+x86_64 0.9-14 73.00 230.00 303.00 NOTE

Check Details

Version: 0.9-14
Check: dependencies in R code
Result: NOTE
    'library' or 'require' calls in package code:
     ‘foreign’ ‘ncdf4’ ‘tiff’
     Please use :: or requireNamespace() instead.
     See section 'Suggested packages' in the 'Writing R Extensions' manual.
Flavors: r-devel-linux-x86_64-debian-clang, r-devel-linux-x86_64-debian-gcc, r-devel-linux-x86_64-fedora-clang, r-devel-linux-x86_64-fedora-gcc, r-devel-osx-x86_64-clang, r-devel-windows-ix86+x86_64, r-patched-linux-x86_64, r-patched-solaris-sparc, r-patched-solaris-x86, r-release-linux-x86_64, r-release-osx-x86_64-mavericks, r-release-osx-x86_64-snowleopard, r-release-windows-ix86+x86_64, r-oldrel-windows-ix86+x86_64

Version: 0.9-14
Check: S3 generic/method consistency
Result: NOTE
    Found the following apparent S3 methods exported but not registered:
     +.section predict.tidem time.oce window.oce
    See section ‘Registering S3 methods’ in the ‘Writing R Extensions’
    manual.
Flavors: r-devel-linux-x86_64-debian-clang, r-devel-linux-x86_64-debian-gcc, r-devel-linux-x86_64-fedora-clang, r-devel-linux-x86_64-fedora-gcc, r-devel-osx-x86_64-clang, r-patched-linux-x86_64, r-release-linux-x86_64

Version: 0.9-14
Check: R code for possible problems
Result: NOTE
    map2lonlat: no visible global function definition for
     ‘.Last.projection’
    mapContour: no visible global function definition for
     ‘.Last.projection’
    mapImage: no visible global function definition for ‘.Last.projection’
    mapLongitudeLatitudeXY: no visible global function definition for
     ‘.Last.projection’
Flavors: r-devel-linux-x86_64-debian-clang, r-devel-linux-x86_64-debian-gcc, r-devel-linux-x86_64-fedora-clang, r-devel-linux-x86_64-fedora-gcc, r-devel-osx-x86_64-clang, r-devel-windows-ix86+x86_64, r-patched-linux-x86_64, r-patched-solaris-sparc, r-patched-solaris-x86, r-release-linux-x86_64, r-release-osx-x86_64-mavericks, r-release-osx-x86_64-snowleopard, r-release-windows-ix86+x86_64, r-oldrel-windows-ix86+x86_64

Version: 0.9-14
Check: tests
Result: ERROR
    Running the tests in ‘tests/tide.R’ failed.
    Last 13 lines of output:
     + stopifnot(all.equal(c(vuf$u), c(0)))
     + stopifnot(all.equal(c(vuf$f), c(1)))
     +
     + vuf <- tidemVuf(t, c(48, 49), 45)
     + stopifnot(all.equal(vuf$v, c(0.57722632857477,0.62841490855698)))
     + stopifnot(all.equal(vuf$u, c(0.00295677805220,0.00180270946435)))
     + stopifnot(all.equal(vuf$f, c(0.96893771510868,0.98142639461951)))
     +
     + }
     Loading required package: mapproj
     Loading required package: maps
     Error: all.equal(a$astro, c(1.28861316428, 0.33390620851, 0.83751937277, .... are not all TRUE
     Execution halted
Flavors: r-devel-linux-x86_64-debian-clang, r-devel-linux-x86_64-debian-gcc, r-devel-linux-x86_64-fedora-clang, r-devel-linux-x86_64-fedora-gcc, r-devel-osx-x86_64-clang

Version: 0.9-14
Check: package dependencies
Result: NOTE
    Package suggested but not available for checking: 'ncdf4'
Flavors: r-devel-windows-ix86+x86_64, r-release-windows-ix86+x86_64, r-oldrel-windows-ix86+x86_64