CRAN Package Check Results for Package oce

Last updated on 2018-02-20 13:50:03 CET.

Flavor Version Tinstall Tcheck Ttotal Status Flags
r-devel-linux-x86_64-debian-clang 0.9-23 58.07 334.43 392.50 OK
r-devel-linux-x86_64-debian-gcc 0.9-23 51.54 250.94 302.48 OK
r-devel-linux-x86_64-fedora-clang 0.9-23 485.61 NOTE
r-devel-linux-x86_64-fedora-gcc 0.9-23 444.39 NOTE
r-devel-windows-ix86+x86_64 0.9-23 109.00 381.00 490.00 NOTE
r-patched-linux-x86_64 0.9-23 18.81 371.48 390.29 OK
r-patched-solaris-x86 0.9-23 527.90 NOTE
r-release-linux-x86_64 0.9-23 18.93 365.73 384.66 OK
r-release-windows-ix86+x86_64 0.9-23 85.00 580.00 665.00 NOTE
r-release-osx-x86_64 0.9-23 NOTE
r-oldrel-windows-ix86+x86_64 0.9-23 75.00 490.00 565.00 NOTE
r-oldrel-osx-x86_64 0.9-22 NOTE

Check Details

Version: 0.9-23
Check: installed package size
Result: NOTE
     installed size is 7.0Mb
     sub-directories of 1Mb or more:
     R 2.0Mb
     help 2.2Mb
Flavors: r-devel-linux-x86_64-fedora-clang, r-devel-linux-x86_64-fedora-gcc, r-devel-windows-ix86+x86_64, r-patched-solaris-x86, r-release-windows-ix86+x86_64, r-release-osx-x86_64, r-oldrel-windows-ix86+x86_64

Version: 0.9-22
Check: installed package size
Result: NOTE
     installed size is 5.4Mb
     sub-directories of 1Mb or more:
     help 2.2Mb
Flavor: r-oldrel-osx-x86_64