CRAN Package Check Results for Package oce

Last updated on 2018-05-24 09:49:49 CEST.

Flavor Version Tinstall Tcheck Ttotal Status Flags
r-devel-linux-x86_64-debian-clang 0.9-23 60.36 294.18 354.54 OK
r-devel-linux-x86_64-debian-gcc 0.9-23 47.47 253.54 301.01 OK
r-devel-linux-x86_64-fedora-clang 0.9-23 459.28 NOTE
r-devel-linux-x86_64-fedora-gcc 0.9-23 449.74 NOTE
r-devel-windows-ix86+x86_64 0.9-23 100.00 527.00 627.00 NOTE
r-patched-linux-x86_64 0.9-23 60.64 321.33 381.97 OK
r-patched-solaris-x86 0.9-23 585.80 NOTE
r-release-linux-x86_64 0.9-23 51.38 320.93 372.31 OK
r-release-windows-ix86+x86_64 0.9-23 143.00 522.00 665.00 NOTE
r-release-osx-x86_64 0.9-23 NOTE
r-oldrel-windows-ix86+x86_64 0.9-23 71.00 458.00 529.00 NOTE
r-oldrel-osx-x86_64 0.9-23 NOTE

Check Details

Version: 0.9-23
Check: installed package size
Result: NOTE
     installed size is 7.0Mb
     sub-directories of 1Mb or more:
     R 2.0Mb
     help 2.2Mb
Flavors: r-devel-linux-x86_64-fedora-clang, r-devel-linux-x86_64-fedora-gcc, r-devel-windows-ix86+x86_64, r-patched-solaris-x86, r-release-windows-ix86+x86_64, r-release-osx-x86_64, r-oldrel-windows-ix86+x86_64, r-oldrel-osx-x86_64