CRAN Package Check Results for Package oceCens

Last updated on 2024-06-12 17:57:25 CEST.

Flavor Version Tinstall Tcheck Ttotal Status Flags
r-devel-linux-x86_64-debian-clang 0.1.2 6.97 77.10 84.07 OK
r-devel-linux-x86_64-debian-gcc 0.1.2 6.48 56.87 63.35 ERROR
r-devel-linux-x86_64-fedora-clang 0.1.2 110.39 OK
r-devel-linux-x86_64-fedora-gcc 0.1.2 113.69 OK
r-devel-windows-x86_64 0.1.2 7.00 76.00 83.00 OK
r-patched-linux-x86_64 0.1.2 6.32 75.81 82.13 OK
r-release-linux-x86_64 0.1.2 6.67 75.47 82.14 OK
r-release-macos-arm64 0.1.2 40.00 OK
r-release-macos-x86_64 0.1.2 60.00 OK
r-release-windows-x86_64 0.1.2 7.00 80.00 87.00 OK
r-oldrel-macos-arm64 0.1.2 43.00 OK
r-oldrel-macos-x86_64 0.1.2 83.00 OK
r-oldrel-windows-x86_64 0.1.2 9.00 87.00 96.00 OK

Check Details

Version: 0.1.2
Check: package dependencies
Result: NOTE Package suggested but not available for checking: ‘testthat’ Flavor: r-devel-linux-x86_64-debian-gcc

Version: 0.1.2
Check: tests
Result: ERROR Running ‘testthat.R’ [0s/1s] Running the tests in ‘tests/testthat.R’ failed. Complete output: > # This file is part of the standard setup for testthat. > # It is recommended that you do not modify it. > # > # Where should you do additional test configuration? > # Learn more about the roles of various files in: > # * https://r-pkgs.org/tests.html > # * https://testthat.r-lib.org/reference/test_package.html#special-files > > library(testthat) Error in library(testthat) : there is no package called 'testthat' Execution halted Flavor: r-devel-linux-x86_64-debian-gcc