CRAN Package Check Results for Package oceanis

Last updated on 2020-02-21 09:51:36 CET.

Flavor Version Tinstall Tcheck Ttotal Status Flags
r-devel-linux-x86_64-debian-clang 1.0.6 50.97 275.67 326.64 OK
r-devel-linux-x86_64-debian-gcc 1.0.6 40.47 203.18 243.65 OK
r-devel-linux-x86_64-fedora-clang 1.0.6 369.00 NOTE
r-devel-linux-x86_64-fedora-gcc 1.0.6 361.58 NOTE
r-devel-windows-ix86+x86_64 1.0.6 72.00 243.00 315.00 OK
r-devel-windows-ix86+x86_64-gcc8 1.0.6 107.00 338.00 445.00 OK
r-patched-linux-x86_64 1.0.6 39.66 239.41 279.07 OK
r-patched-solaris-x86 1.0.6 439.60 NOTE
r-release-linux-x86_64 1.0.6 43.12 241.92 285.04 OK
r-release-windows-ix86+x86_64 1.0.6 63.00 234.00 297.00 OK
r-release-osx-x86_64 1.0.6 NOTE
r-oldrel-windows-ix86+x86_64 1.0.6 46.00 206.00 252.00 OK
r-oldrel-osx-x86_64 1.0.6 NOTE

Check Details

Version: 1.0.6
Check: dependencies in R code
Result: NOTE
    Namespaces in Imports field not imported from:
     ‘readODS’ ‘xlsx’
     All declared Imports should be used.
Flavors: r-devel-linux-x86_64-fedora-clang, r-devel-linux-x86_64-fedora-gcc, r-patched-solaris-x86, r-release-osx-x86_64, r-oldrel-osx-x86_64