Last updated on 2022-05-29 12:55:21 CEST.
Flavor | Version | Tinstall | Tcheck | Ttotal | Status | Flags |
---|---|---|---|---|---|---|
r-devel-linux-x86_64-debian-clang | 1.8.4 | 78.47 | 532.35 | 610.82 | OK | |
r-devel-linux-x86_64-debian-gcc | 1.8.4 | 56.16 | 387.68 | 443.84 | OK | |
r-devel-linux-x86_64-fedora-clang | 1.8.4 | 698.64 | NOTE | |||
r-devel-linux-x86_64-fedora-gcc | 1.8.4 | 673.39 | OK | |||
r-devel-windows-x86_64 | 1.8.4 | 107.00 | 461.00 | 568.00 | NOTE | |
r-patched-linux-x86_64 | 1.8.4 | 65.40 | 496.46 | 561.86 | OK | |
r-release-linux-x86_64 | 1.8.4 | 74.90 | 495.19 | 570.09 | OK | |
r-release-macos-arm64 | 1.8.4 | 132.00 | NOTE | |||
r-release-macos-x86_64 | 1.8.4 | 264.00 | NOTE | |||
r-release-windows-x86_64 | 1.8.4 | 114.00 | 472.00 | 586.00 | NOTE | |
r-oldrel-macos-arm64 | 1.8.4 | 232.00 | NOTE | |||
r-oldrel-macos-x86_64 | 1.8.4 | 195.00 | NOTE | |||
r-oldrel-windows-ix86+x86_64 | 1.8.4 | 133.00 | 511.00 | 644.00 | NOTE |
Version: 1.8.4
Check: installed package size
Result: NOTE
installed size is 5.3Mb
sub-directories of 1Mb or more:
R 1.5Mb
doc 1.2Mb
extdata 1.9Mb
Flavors: r-devel-linux-x86_64-fedora-clang, r-devel-windows-x86_64, r-release-macos-arm64, r-release-macos-x86_64, r-release-windows-x86_64, r-oldrel-macos-arm64, r-oldrel-macos-x86_64, r-oldrel-windows-ix86+x86_64