CRAN Package Check Results for Package ocomposition

Last updated on 2015-09-03 14:48:27.

Flavor Version Tinstall Tcheck Ttotal Status Flags
r-devel-linux-x86_64-debian-clang 1.1 0.88 14.47 15.35 OK
r-devel-linux-x86_64-debian-gcc 1.1 0.80 14.26 15.07 OK
r-devel-linux-x86_64-fedora-clang 1.1 30.16 OK
r-devel-linux-x86_64-fedora-gcc 1.1 28.03 OK
r-devel-osx-x86_64-clang 1.1 27.18 OK
r-devel-windows-ix86+x86_64 1.1 5.00 29.00 34.00 OK
r-patched-linux-x86_64 1.1 0.94 15.16 16.10 OK
r-patched-solaris-sparc 1.1 179.60 OK
r-patched-solaris-x86 1.1 48.70 OK
r-release-linux-x86_64 1.1 0.88 15.30 16.18 OK
r-release-osx-x86_64-mavericks 1.1 ERROR
r-release-windows-ix86+x86_64 1.1 4.00 26.00 30.00 OK

Check Details

Version: 1.1
Check: whether package can be installed
Result: ERROR
    Installation failed.
Flavor: r-release-osx-x86_64-mavericks