CRAN Package Check Results for Package odfWeave

Last updated on 2014-09-15 08:49:42.

Flavor Version Tinstall Tcheck Ttotal Status Flags
r-devel-linux-x86_64-debian-clang 0.8.4 1.67 26.34 28.01 OK
r-devel-linux-x86_64-debian-gcc 0.8.4 1.45 25.74 27.18 OK
r-devel-linux-x86_64-fedora-clang 0.8.4 56.58 OK
r-devel-linux-x86_64-fedora-gcc 0.8.4 52.41 OK
r-devel-osx-x86_64-clang 0.8.4 49.28 OK
r-devel-windows-ix86+x86_64 0.8.4 5.00 40.00 45.00 OK
r-patched-linux-x86_64 0.8.4 1.62 26.87 28.50 OK
r-patched-solaris-sparc 0.8.4 349.90 OK
r-patched-solaris-x86 0.8.4 74.00 OK
r-release-linux-ix86 0.8.4 2.09 35.96 38.05 OK
r-release-linux-x86_64 0.8.4 1.56 26.66 28.22 OK
r-release-osx-x86_64-mavericks 0.8.4 NOTE
r-release-osx-x86_64-snowleopard 0.8.4 OK
r-release-windows-ix86+x86_64 0.8.4 5.00 39.00 44.00 OK
r-oldrel-windows-ix86+x86_64 0.8.4 5.00 41.00 46.00 OK

Check Details

Version: 0.8.4
Check: re-building of vignette outputs
Result: NOTE
    Error in re-building vignettes:
     ...
    Loading required package: lattice
    Loading required package: XML
    
    Attaching package: ‘XML’
    
    The following object is masked from ‘package:tools’:
    
     toHTML
    
    Error in texi2dvi(file = file, pdf = TRUE, clean = clean, quiet = quiet, :
     Running 'texi2dvi' on 'odfWeave.tex' failed.
    LaTeX errors:
    ! LaTeX Error: File `lastpage.sty' not found.
    
    Type X to quit or <RETURN> to proceed,
    or enter new name. (Default extension: sty)
    
    n_test/odfWeave/vignettes/odfWeave.tex:13: ==> Fatal error occurred, no output
     PDF file produced!
    Calls: buildVignettes -> texi2pdf -> texi2dvi
    Execution halted
Flavor: r-release-osx-x86_64-mavericks