CRAN Package Check Results for Package odfWeave

Last updated on 2014-04-24 03:47:49.

Flavor Version Tinstall Tcheck Ttotal Status Flags
r-devel-linux-x86_64-debian-clang 0.8.4 1.75 27.85 29.60 OK
r-devel-linux-x86_64-debian-gcc 0.8.4 1.74 27.70 29.44 OK
r-devel-linux-x86_64-fedora-clang 0.8.4 61.10 OK
r-devel-linux-x86_64-fedora-gcc 0.8.4 57.90 OK
r-devel-osx-x86_64-clang 0.8.4 54.21 OK
r-devel-osx-x86_64-gcc 0.8.4 ERROR
r-devel-windows-ix86+x86_64 0.8.4 5.00 41.00 46.00 OK
r-patched-linux-x86_64 0.8.4 1.62 28.08 29.70 OK
r-patched-solaris-sparc 0.8.4 320.00 OK
r-patched-solaris-x86 0.8.4 77.80 OK
r-release-linux-ix86 0.8.4 3.00 49.00 52.00 OK
r-release-linux-x86_64 0.8.4 1.67 27.85 29.52 OK
r-release-osx-x86_64-mavericks 0.8.4 WARN
r-release-osx-x86_64-snowleopard 0.8.4 OK
r-release-windows-ix86+x86_64 0.8.4 4.00 42.00 46.00 OK
r-oldrel-windows-ix86+x86_64 0.8.4 7.00 42.00 49.00 OK

Check Details

Version: 0.8.4
Check: package dependencies
Result: ERROR
    Package required but not available: ‘XML’
    
    See the information on DESCRIPTION files in the chapter ‘Creating R
    packages’ of the ‘Writing R Extensions’ manual.
Flavor: r-devel-osx-x86_64-gcc

Version: 0.8.4
Check: re-building of vignette outputs
Result: NOTE
    Error in re-building vignettes:
     ...
    Loading required package: lattice
    Loading required package: XML
    
    Attaching package: ‘XML’
    
    The following object is masked from ‘package:tools’:
    
     toHTML
    
    Error in texi2dvi(file = file, pdf = TRUE, clean = clean, quiet = quiet, :
     Running 'texi2dvi' on 'odfWeave.tex' failed.
    LaTeX errors:
    ! LaTeX Error: File `lastpage.sty' not found.
    
    Type X to quit or <RETURN> to proceed,
    or enter new name. (Default extension: sty)
    
    n_test/odfWeave/vignettes/odfWeave.tex:13: ==> Fatal error occurred, no output
     PDF file produced!
    Calls: buildVignettes -> texi2pdf -> texi2dvi
    Execution halted
Flavor: r-release-osx-x86_64-mavericks

Version: 0.8.4
Check: PDF version of manual
Result: WARNING
    LaTeX errors when creating PDF version.
    This typically indicates Rd problems.
    LaTeX errors found:
    ! LaTeX Error: File `upquote.sty' not found.
    
    Type X to quit or <RETURN> to proceed,
    or enter new name. (Default extension: sty)
    
    49358a9/Rd2.tex:8: ==> Fatal error occurred, no output PDF file produced!
Flavor: r-release-osx-x86_64-mavericks