CRAN Package Check Results for Package odfWeave

Last updated on 2015-08-31 12:47:51.

Flavor Version Tinstall Tcheck Ttotal Status Flags
r-devel-linux-x86_64-debian-clang 0.8.4 1.35 23.70 25.05 NOTE
r-devel-linux-x86_64-debian-gcc 0.8.4 1.24 22.73 23.97 NOTE
r-devel-linux-x86_64-fedora-clang 0.8.4 49.74 NOTE
r-devel-linux-x86_64-fedora-gcc 0.8.4 44.66 NOTE
r-devel-osx-x86_64-clang 0.8.4 43.57 NOTE
r-devel-windows-ix86+x86_64 0.8.4 8.00 61.00 69.00 NOTE
r-patched-linux-x86_64 0.8.4 1.31 23.96 25.27 NOTE
r-patched-solaris-sparc 0.8.4 308.10 NOTE
r-patched-solaris-x86 0.8.4 71.30 NOTE
r-release-linux-x86_64 0.8.4 1.35 24.03 25.38 NOTE
r-release-osx-x86_64-mavericks 0.8.4 NOTE
r-release-windows-ix86+x86_64 0.8.4 7.00 64.00 71.00 NOTE
r-oldrel-windows-ix86+x86_64 0.8.4 9.00 48.00 57.00 OK

Check Details

Version: 0.8.4
Check: DESCRIPTION meta-information
Result: NOTE
    Malformed Description field: should contain one or more complete sentences.
Flavors: r-devel-linux-x86_64-debian-clang, r-devel-linux-x86_64-debian-gcc, r-devel-linux-x86_64-fedora-clang, r-devel-linux-x86_64-fedora-gcc, r-devel-osx-x86_64-clang, r-devel-windows-ix86+x86_64, r-patched-linux-x86_64, r-patched-solaris-sparc, r-patched-solaris-x86, r-release-linux-x86_64, r-release-osx-x86_64-mavericks, r-release-windows-ix86+x86_64

Version: 0.8.4
Check: R code for possible problems
Result: NOTE
    RweaveOdfRuncode: no visible global function definition for
     ‘RweaveChunkPrefix’
    RweaveOdfRuncode: no visible global function definition for
     ‘SweaveHooks’
    RweaveOdfRuncode: no visible global function definition for
     ‘RweaveTryStop’
    RweaveOdfRuncode: no visible global function definition for
     ‘RweaveEvalWithOpt’
    RweaveOdfRuncode: no visible global function definition for ‘dev.off’
    announce: no visible global function definition for ‘flush.console’
    canonicalDirPath: no visible global function definition for ‘file_test’
    canonicalFilePath: no visible global function definition for
     ‘file_test’
    debug: no visible global function definition for ‘flush.console’
    figGen: no visible global function definition for ‘runif’
    listString: no visible global function definition for ‘flush.console’
    odfInsertPlot: no visible global function definition for ‘runif’
    odfTable.character: no visible global function definition for ‘runif’
    odfTable.data.frame: no visible global function definition for ‘runif’
    odfTable.factor: no visible global function definition for ‘runif’
    odfTable.matrix: no visible global function definition for ‘runif’
    odfTable.numeric: no visible global function definition for ‘runif’
    odfTmpDir: no visible global function definition for ‘runif’
    odfWeave: no visible global function definition for ‘Sweave’
    pkgVersions: no visible binding for global variable
     ‘packageDescription’
    setImageDefs: no visible global function definition for ‘flush.console’
    withCaptionXML: no visible global function definition for ‘runif’
    Undefined global functions or variables:
     RweaveChunkPrefix RweaveEvalWithOpt RweaveTryStop Sweave SweaveHooks
     dev.off file_test flush.console packageDescription runif
    Consider adding
     importFrom("grDevices", "dev.off")
     importFrom("stats", "runif")
     importFrom("utils", "RweaveChunkPrefix", "RweaveEvalWithOpt",
     "RweaveTryStop", "Sweave", "SweaveHooks", "file_test",
     "flush.console", "packageDescription")
    to your NAMESPACE.
Flavors: r-devel-linux-x86_64-debian-clang, r-devel-linux-x86_64-debian-gcc, r-devel-linux-x86_64-fedora-clang, r-devel-linux-x86_64-fedora-gcc, r-devel-windows-ix86+x86_64