CRAN Package Check Results for Package odfWeave.survey

Last updated on 2015-05-25 08:48:32.

Flavor Version Tinstall Tcheck Ttotal Status Flags
r-devel-linux-x86_64-debian-clang 1.0 1.03 13.86 14.88 OK
r-devel-linux-x86_64-debian-gcc 1.0 1.02 13.78 14.80 OK
r-devel-linux-x86_64-fedora-clang 1.0 31.34 OK
r-devel-linux-x86_64-fedora-gcc 1.0 28.65 OK
r-devel-osx-x86_64-clang 1.0 30.50 OK
r-devel-windows-ix86+x86_64 1.0 4.00 25.00 29.00 OK
r-patched-linux-x86_64 1.0 1.01 13.82 14.83 OK
r-patched-solaris-sparc 1.0 188.60 OK
r-patched-solaris-x86 1.0 46.80 OK
r-release-linux-x86_64 1.0 1.02 13.67 14.69 OK
r-release-osx-x86_64-mavericks 1.0 OK
r-release-osx-x86_64-snowleopard 1.0 ERROR
r-release-windows-ix86+x86_64 1.0 4.00 22.00 26.00 OK
r-oldrel-windows-ix86+x86_64 1.0 6.00 31.00 37.00 OK

Check Details

Version: 1.0
Check: package dependencies
Result: ERROR
    Packages required but not available: ‘odfWeave’ ‘survey’
    
    See section ‘The DESCRIPTION file’ in the ‘Writing R Extensions’
    manual.
Flavor: r-release-osx-x86_64-snowleopard