CRAN Package Check Results for Package odfWeave.survey

Last updated on 2016-07-27 03:49:54.

Flavor Version Tinstall Tcheck Ttotal Status Flags
r-devel-linux-x86_64-debian-clang 1.0 1.40 16.52 17.92 NOTE
r-devel-linux-x86_64-debian-gcc 1.0 1.12 15.61 16.73 NOTE
r-devel-linux-x86_64-fedora-clang 1.0 24.90 NOTE
r-devel-linux-x86_64-fedora-gcc 1.0 23.63 NOTE
r-devel-osx-x86_64-clang 1.0 21.80 NOTE
r-devel-windows-ix86+x86_64 1.0 4.00 42.00 46.00 NOTE
r-patched-linux-x86_64 1.0 1.33 16.19 17.53 NOTE
r-patched-solaris-sparc 1.0 153.30 NOTE
r-patched-solaris-x86 1.0 34.50 NOTE
r-release-linux-x86_64 1.0 1.57 16.47 18.03 NOTE
r-release-osx-x86_64-mavericks 1.0 NOTE
r-release-windows-ix86+x86_64 1.0 5.00 41.00 46.00 NOTE
r-oldrel-windows-ix86+x86_64 1.0 6.00 43.00 49.00 OK

Check Details

Version: 1.0
Check: R code for possible problems
Result: NOTE
    odfTable.table: no visible global function definition for ‘runif’
    Undefined global functions or variables:
     runif
    Consider adding
     importFrom("stats", "runif")
    to your NAMESPACE file.
Flavors: r-devel-linux-x86_64-debian-clang, r-devel-linux-x86_64-debian-gcc, r-devel-linux-x86_64-fedora-clang, r-devel-linux-x86_64-fedora-gcc, r-devel-osx-x86_64-clang, r-devel-windows-ix86+x86_64, r-patched-linux-x86_64, r-patched-solaris-sparc, r-patched-solaris-x86, r-release-linux-x86_64, r-release-osx-x86_64-mavericks, r-release-windows-ix86+x86_64