CRAN Package Check Results for Package odfWeave.survey

Last updated on 2017-09-19 23:48:01.

Flavor Version Tinstall Tcheck Ttotal Status Flags
r-devel-linux-x86_64-debian-clang 1.0 2.67 31.79 34.46 NOTE
r-devel-linux-x86_64-debian-gcc 1.0 2.66 30.99 33.65 NOTE
r-devel-linux-x86_64-fedora-clang 1.0 74.66 NOTE
r-devel-linux-x86_64-fedora-gcc 1.0 73.27 NOTE
r-devel-windows-ix86+x86_64 1.0 8.00 79.00 87.00 NOTE
r-patched-linux-x86_64 1.0 2.93 31.50 34.43 NOTE
r-patched-solaris-x86 1.0 104.70 NOTE
r-release-linux-x86_64 1.0 2.83 31.40 34.23 NOTE
r-release-windows-ix86+x86_64 1.0 7.00 59.00 66.00 NOTE
r-release-osx-x86_64 1.0 NOTE
r-oldrel-windows-ix86+x86_64 1.0 8.00 54.00 62.00 NOTE
r-oldrel-osx-x86_64 1.0 NOTE

Check Details

Version: 1.0
Check: R code for possible problems
Result: NOTE
    odfTable.table: no visible global function definition for ‘runif’
    Undefined global functions or variables:
     runif
    Consider adding
     importFrom("stats", "runif")
    to your NAMESPACE file.
Flavors: r-devel-linux-x86_64-debian-clang, r-devel-linux-x86_64-debian-gcc, r-devel-linux-x86_64-fedora-clang, r-devel-linux-x86_64-fedora-gcc, r-devel-windows-ix86+x86_64, r-patched-linux-x86_64, r-patched-solaris-x86, r-release-linux-x86_64, r-release-windows-ix86+x86_64, r-release-osx-x86_64, r-oldrel-windows-ix86+x86_64, r-oldrel-osx-x86_64