CRAN Package Check Results for Package odfWeave.survey

Last updated on 2017-11-21 08:57:30 CET.

Flavor Version Tinstall Tcheck Ttotal Status Flags
r-devel-linux-x86_64-debian-clang 1.0 2.32 27.93 30.25 NOTE
r-devel-linux-x86_64-debian-gcc 1.0 3.00 56.79 59.79 NOTE
r-devel-linux-x86_64-fedora-clang 1.0 55.62 NOTE
r-devel-linux-x86_64-fedora-gcc 1.0 103.15 NOTE
r-devel-windows-ix86+x86_64 1.0 7.00 59.00 66.00 NOTE
r-patched-linux-x86_64 1.0 2.67 31.46 34.14 NOTE
r-patched-solaris-x86 1.0 103.60 NOTE
r-release-linux-x86_64 1.0 2.80 31.24 34.04 NOTE
r-release-windows-ix86+x86_64 1.0 7.00 54.00 61.00 NOTE
r-release-osx-x86_64 1.0 NOTE
r-oldrel-windows-ix86+x86_64 1.0 7.00 75.00 82.00 NOTE
r-oldrel-osx-x86_64 1.0 NOTE

Check Details

Version: 1.0
Check: R code for possible problems
Result: NOTE
    odfTable.table: no visible global function definition for ‘runif’
    Undefined global functions or variables:
     runif
    Consider adding
     importFrom("stats", "runif")
    to your NAMESPACE file.
Flavors: r-devel-linux-x86_64-debian-clang, r-devel-linux-x86_64-debian-gcc, r-devel-linux-x86_64-fedora-clang, r-devel-linux-x86_64-fedora-gcc, r-devel-windows-ix86+x86_64, r-patched-linux-x86_64, r-patched-solaris-x86, r-release-linux-x86_64, r-release-windows-ix86+x86_64, r-release-osx-x86_64, r-oldrel-windows-ix86+x86_64, r-oldrel-osx-x86_64