CRAN Package Check Results for Package odfWeave.survey

Last updated on 2016-09-29 00:47:17.

Flavor Version Tinstall Tcheck Ttotal Status Flags
r-devel-linux-x86_64-debian-clang 1.0 2.65 26.94 29.59 NOTE
r-devel-linux-x86_64-debian-gcc 1.0 2.28 26.31 28.58 NOTE
r-devel-linux-x86_64-fedora-clang 1.0 63.18 NOTE
r-devel-linux-x86_64-fedora-gcc 1.0 61.15 NOTE
r-devel-macos-x86_64-clang 1.0 47.67 NOTE
r-devel-windows-ix86+x86_64 1.0 12.00 79.00 91.00 NOTE
r-patched-linux-x86_64 1.0 2.70 26.77 29.47 NOTE
r-patched-solaris-sparc 1.0 153.30 NOTE
r-patched-solaris-x86 1.0 85.70 NOTE
r-release-linux-x86_64 1.0 2.63 26.82 29.46 NOTE
r-release-osx-x86_64-mavericks 1.0 NOTE
r-release-windows-ix86+x86_64 1.0 9.00 71.00 80.00 NOTE
r-oldrel-windows-ix86+x86_64 1.0 7.00 57.00 64.00 OK

Check Details

Version: 1.0
Check: R code for possible problems
Result: NOTE
    odfTable.table: no visible global function definition for ‘runif’
    Undefined global functions or variables:
     runif
    Consider adding
     importFrom("stats", "runif")
    to your NAMESPACE file.
Flavors: r-devel-linux-x86_64-debian-clang, r-devel-linux-x86_64-debian-gcc, r-devel-linux-x86_64-fedora-clang, r-devel-linux-x86_64-fedora-gcc, r-devel-macos-x86_64-clang, r-devel-windows-ix86+x86_64, r-patched-linux-x86_64, r-patched-solaris-sparc, r-patched-solaris-x86, r-release-linux-x86_64, r-release-osx-x86_64-mavericks, r-release-windows-ix86+x86_64