CRAN Package Check Results for Package odfWeave.survey

Last updated on 2016-06-28 14:48:32.

Flavor Version Tinstall Tcheck Ttotal Status Flags
r-devel-linux-x86_64-debian-gcc 1.0 0.92 13.21 14.13 NOTE
r-devel-linux-x86_64-fedora-clang 1.0 25.33 NOTE
r-devel-linux-x86_64-fedora-gcc 1.0 23.71 NOTE
r-devel-osx-x86_64-clang 1.0 21.85 NOTE
r-devel-windows-ix86+x86_64 1.0 5.00 31.00 36.00 NOTE
r-patched-linux-x86_64 1.0 1.02 13.95 14.96 NOTE
r-patched-solaris-sparc 1.0 153.30 NOTE
r-patched-solaris-x86 1.0 35.00 NOTE
r-release-linux-x86_64 1.0 1.02 12.95 13.97 NOTE
r-release-osx-x86_64-mavericks 1.0 NOTE
r-release-windows-ix86+x86_64 1.0 5.00 30.00 35.00 NOTE
r-oldrel-windows-ix86+x86_64 1.0 5.00 30.00 35.00 OK

Check Details

Version: 1.0
Check: R code for possible problems
Result: NOTE
    odfTable.table: no visible global function definition for ‘runif’
    Undefined global functions or variables:
     runif
    Consider adding
     importFrom("stats", "runif")
    to your NAMESPACE file.
Flavors: r-devel-linux-x86_64-debian-gcc, r-devel-linux-x86_64-fedora-clang, r-devel-linux-x86_64-fedora-gcc, r-devel-osx-x86_64-clang, r-devel-windows-ix86+x86_64, r-patched-linux-x86_64, r-patched-solaris-sparc, r-patched-solaris-x86, r-release-linux-x86_64, r-release-osx-x86_64-mavericks, r-release-windows-ix86+x86_64