CRAN Package Check Results for Package odfWeave.survey

Last updated on 2016-12-03 23:47:49.

Flavor Version Tinstall Tcheck Ttotal Status Flags
r-devel-linux-x86_64-debian-clang 1.0 2.75 30.86 33.60 NOTE
r-devel-linux-x86_64-debian-gcc 1.0 2.66 30.20 32.87 NOTE
r-devel-linux-x86_64-fedora-clang 1.0 73.53 NOTE
r-devel-linux-x86_64-fedora-gcc 1.0 76.90 NOTE
r-devel-macos-x86_64-clang 1.0 56.79 NOTE
r-devel-windows-ix86+x86_64 1.0 8.00 76.00 84.00 NOTE
r-patched-linux-x86_64 1.0 2.49 27.06 29.55 NOTE
r-patched-solaris-sparc 1.0 153.30 NOTE
r-patched-solaris-x86 1.0 85.70 NOTE
r-release-linux-x86_64 1.0 2.45 26.95 29.40 NOTE
r-release-osx-x86_64-mavericks 1.0 NOTE
r-release-windows-ix86+x86_64 1.0 29.00 69.00 98.00 NOTE
r-oldrel-windows-ix86+x86_64 1.0 10.00 77.00 87.00 OK

Check Details

Version: 1.0
Check: R code for possible problems
Result: NOTE
    odfTable.table: no visible global function definition for ‘runif’
    Undefined global functions or variables:
     runif
    Consider adding
     importFrom("stats", "runif")
    to your NAMESPACE file.
Flavors: r-devel-linux-x86_64-debian-clang, r-devel-linux-x86_64-debian-gcc, r-devel-linux-x86_64-fedora-clang, r-devel-linux-x86_64-fedora-gcc, r-devel-macos-x86_64-clang, r-devel-windows-ix86+x86_64, r-patched-linux-x86_64, r-patched-solaris-sparc, r-patched-solaris-x86, r-release-linux-x86_64, r-release-osx-x86_64-mavericks, r-release-windows-ix86+x86_64