CRAN Package Check Results for Package odfWeave.survey

Last updated on 2018-02-24 10:48:59 CET.

Flavor Version Tinstall Tcheck Ttotal Status Flags
r-devel-linux-x86_64-debian-clang 1.0 4.02 49.22 53.24 NOTE
r-devel-linux-x86_64-debian-gcc 1.0 3.69 39.78 43.47 NOTE
r-devel-linux-x86_64-fedora-clang 1.0 68.89 NOTE
r-devel-linux-x86_64-fedora-gcc 1.0 63.56 NOTE
r-devel-windows-ix86+x86_64 1.0 10.00 80.00 90.00 NOTE
r-patched-linux-x86_64 1.0 3.50 49.22 52.72 NOTE
r-patched-solaris-x86 1.0 102.90 NOTE
r-release-linux-x86_64 1.0 4.05 49.33 53.38 NOTE
r-release-windows-ix86+x86_64 1.0 12.00 81.00 93.00 NOTE
r-release-osx-x86_64 1.0 NOTE
r-oldrel-windows-ix86+x86_64 1.0 7.00 52.00 59.00 NOTE
r-oldrel-osx-x86_64 1.0 NOTE

Check Details

Version: 1.0
Check: R code for possible problems
Result: NOTE
    odfTable.table: no visible global function definition for ‘runif’
    Undefined global functions or variables:
     runif
    Consider adding
     importFrom("stats", "runif")
    to your NAMESPACE file.
Flavors: r-devel-linux-x86_64-debian-clang, r-devel-linux-x86_64-debian-gcc, r-devel-linux-x86_64-fedora-clang, r-devel-linux-x86_64-fedora-gcc, r-devel-windows-ix86+x86_64, r-patched-linux-x86_64, r-patched-solaris-x86, r-release-linux-x86_64, r-release-windows-ix86+x86_64, r-release-osx-x86_64, r-oldrel-windows-ix86+x86_64, r-oldrel-osx-x86_64