CRAN Package Check Results for Package odfWeave.survey

Last updated on 2016-02-13 07:49:54.

Flavor Version Tinstall Tcheck Ttotal Status Flags
r-devel-linux-x86_64-debian-gcc 1.0 0.92 12.47 13.39 NOTE
r-devel-linux-x86_64-fedora-clang 1.0 24.76 NOTE
r-devel-linux-x86_64-fedora-gcc 1.0 23.57 NOTE
r-devel-osx-x86_64-clang 1.0 29.21 NOTE
r-devel-windows-ix86+x86_64 1.0 4.00 33.00 37.00 NOTE
r-patched-linux-x86_64 1.0 1.06 13.70 14.76 OK
r-patched-solaris-sparc 1.0 171.70 OK
r-patched-solaris-x86 1.0 41.90 OK
r-release-linux-x86_64 1.0 1.06 13.85 14.91 OK
r-release-osx-x86_64-mavericks 1.0 OK
r-release-windows-ix86+x86_64 1.0 5.00 24.00 29.00 OK
r-oldrel-windows-ix86+x86_64 1.0 8.00 31.00 39.00 OK

Check Details

Version: 1.0
Check: R code for possible problems
Result: NOTE
    odfTable.table: no visible global function definition for ‘runif’
    Undefined global functions or variables:
     runif
    Consider adding
     importFrom("stats", "runif")
    to your NAMESPACE file.
Flavors: r-devel-linux-x86_64-debian-gcc, r-devel-linux-x86_64-fedora-clang, r-devel-linux-x86_64-fedora-gcc, r-devel-osx-x86_64-clang, r-devel-windows-ix86+x86_64