CRAN Package Check Results for Package odfWeave.survey

Last updated on 2016-08-27 23:48:17.

Flavor Version Tinstall Tcheck Ttotal Status Flags
r-devel-linux-x86_64-debian-clang 1.0 2.96 31.50 34.46 NOTE
r-devel-linux-x86_64-debian-gcc 1.0 2.88 30.90 33.78 NOTE
r-devel-linux-x86_64-fedora-clang 1.0 65.26 NOTE
r-devel-linux-x86_64-fedora-gcc 1.0 63.07 NOTE
r-devel-osx-x86_64-clang 1.0 51.99 NOTE
r-devel-windows-ix86+x86_64 1.0 11.00 52.00 63.00 NOTE
r-patched-linux-x86_64 1.0 3.22 30.46 33.68 NOTE
r-patched-solaris-sparc 1.0 153.30 NOTE
r-patched-solaris-x86 1.0 88.80 NOTE
r-release-linux-x86_64 1.0 2.92 30.71 33.63 NOTE
r-release-osx-x86_64-mavericks 1.0 NOTE
r-release-windows-ix86+x86_64 1.0 10.00 85.00 95.00 NOTE
r-oldrel-windows-ix86+x86_64 1.0 8.00 85.00 93.00 OK

Check Details

Version: 1.0
Check: R code for possible problems
Result: NOTE
    odfTable.table: no visible global function definition for ‘runif’
    Undefined global functions or variables:
     runif
    Consider adding
     importFrom("stats", "runif")
    to your NAMESPACE file.
Flavors: r-devel-linux-x86_64-debian-clang, r-devel-linux-x86_64-debian-gcc, r-devel-linux-x86_64-fedora-clang, r-devel-linux-x86_64-fedora-gcc, r-devel-osx-x86_64-clang, r-devel-windows-ix86+x86_64, r-patched-linux-x86_64, r-patched-solaris-sparc, r-patched-solaris-x86, r-release-linux-x86_64, r-release-osx-x86_64-mavericks, r-release-windows-ix86+x86_64