CRAN Package Check Results for Package odfWeave.survey

Last updated on 2015-09-04 11:47:44.

Flavor Version Tinstall Tcheck Ttotal Status Flags
r-devel-linux-x86_64-debian-clang 1.0 0.98 12.95 13.93 NOTE
r-devel-linux-x86_64-debian-gcc 1.0 0.98 12.67 13.65 NOTE
r-devel-linux-x86_64-fedora-clang 1.0 27.70 NOTE
r-devel-linux-x86_64-fedora-gcc 1.0 26.96 NOTE
r-devel-osx-x86_64-clang 1.0 25.47 OK
r-devel-windows-ix86+x86_64 1.0 3.00 25.00 28.00 NOTE
r-patched-linux-x86_64 1.0 1.08 14.54 15.63 OK
r-patched-solaris-sparc 1.0 189.90 OK
r-patched-solaris-x86 1.0 47.10 OK
r-release-linux-x86_64 1.0 1.19 13.90 15.09 OK
r-release-osx-x86_64-mavericks 1.0 OK
r-release-windows-ix86+x86_64 1.0 5.00 23.00 28.00 OK
r-oldrel-windows-ix86+x86_64 1.0 5.00 48.00 53.00 OK

Check Details

Version: 1.0
Check: R code for possible problems
Result: NOTE
    odfTable.table: no visible global function definition for ‘runif’
    Undefined global functions or variables:
     runif
    Consider adding
     importFrom("stats", "runif")
    to your NAMESPACE.
Flavors: r-devel-linux-x86_64-debian-clang, r-devel-linux-x86_64-debian-gcc, r-devel-linux-x86_64-fedora-clang, r-devel-linux-x86_64-fedora-gcc, r-devel-windows-ix86+x86_64