CRAN Package Check Results for Package odfWeave.survey

Last updated on 2015-04-27 03:47:27.

Flavor Version Tinstall Tcheck Ttotal Status Flags
r-devel-linux-x86_64-debian-clang 1.0 1.03 14.70 15.73 OK
r-devel-linux-x86_64-debian-gcc 1.0 1.01 13.81 14.82 OK
r-devel-linux-x86_64-fedora-clang 1.0 30.67 OK
r-devel-linux-x86_64-fedora-gcc 1.0 28.54 OK
r-devel-osx-x86_64-clang 1.0 30.35 OK
r-devel-windows-ix86+x86_64 1.0 4.00 24.00 28.00 OK
r-patched-linux-x86_64 1.0 0.99 13.72 14.71 OK
r-patched-solaris-sparc 1.0 183.50 OK
r-patched-solaris-x86 1.0 43.10 OK
r-release-linux-x86_64 1.0 1.01 13.79 14.80 OK
r-release-osx-x86_64-mavericks 1.0 OK
r-release-osx-x86_64-snowleopard 1.0 ERROR
r-release-windows-ix86+x86_64 1.0 4.00 24.00 28.00 OK
r-oldrel-windows-ix86+x86_64 1.0 5.00 29.00 34.00 OK

Check Details

Version: 1.0
Check: package dependencies
Result: ERROR
    Packages required but not available: ‘odfWeave’ ‘survey’
    
    See section ‘The DESCRIPTION file’ in the ‘Writing R Extensions’
    manual.
Flavor: r-release-osx-x86_64-snowleopard