CRAN Package Check Results for Package odfWeave.survey

Last updated on 2017-07-21 18:46:59.

Flavor Version Tinstall Tcheck Ttotal Status Flags
r-devel-linux-x86_64-debian-clang 1.0 2.66 36.91 39.57 NOTE
r-devel-linux-x86_64-debian-gcc 1.0 2.61 36.09 38.70 NOTE
r-devel-linux-x86_64-fedora-clang 1.0 75.67 NOTE
r-devel-linux-x86_64-fedora-gcc 1.0 72.73 NOTE
r-devel-windows-ix86+x86_64 1.0 10.00 74.00 84.00 NOTE
r-patched-linux-x86_64 1.0 2.76 36.97 39.74 NOTE
r-patched-solaris-x86 1.0 102.40 NOTE
r-release-linux-x86_64 1.0 2.70 36.55 39.25 NOTE
r-release-windows-ix86+x86_64 1.0 10.00 78.00 88.00 NOTE
r-release-osx-x86_64 1.0 NOTE
r-oldrel-windows-ix86+x86_64 1.0 6.00 73.00 79.00 NOTE
r-oldrel-osx-x86_64 1.0 NOTE

Check Details

Version: 1.0
Check: R code for possible problems
Result: NOTE
    odfTable.table: no visible global function definition for ‘runif’
    Undefined global functions or variables:
     runif
    Consider adding
     importFrom("stats", "runif")
    to your NAMESPACE file.
Flavors: r-devel-linux-x86_64-debian-clang, r-devel-linux-x86_64-debian-gcc, r-devel-linux-x86_64-fedora-clang, r-devel-linux-x86_64-fedora-gcc, r-devel-windows-ix86+x86_64, r-patched-linux-x86_64, r-patched-solaris-x86, r-release-linux-x86_64, r-release-windows-ix86+x86_64, r-release-osx-x86_64, r-oldrel-windows-ix86+x86_64, r-oldrel-osx-x86_64