CRAN Package Check Results for Package odfWeave.survey

Last updated on 2014-04-20 03:47:32.

Flavor Version Tinstall Tcheck Ttotal Status Flags
r-devel-linux-x86_64-debian-clang 1.0 1.48 17.06 18.54 OK
r-devel-linux-x86_64-debian-gcc 1.0 1.44 17.29 18.73 OK
r-devel-linux-x86_64-fedora-clang 1.0 38.57 OK
r-devel-linux-x86_64-fedora-gcc 1.0 36.04 OK
r-devel-macosx-x86_64-clang 1.0 38.41 OK
r-devel-macosx-x86_64-gcc 1.0 ERROR
r-devel-windows-ix86+x86_64 1.0 5.00 30.00 35.00 OK
r-patched-linux-x86_64 1.0 1.39 17.30 18.70 OK
r-patched-solaris-sparc 1.0 206.20 OK
r-patched-solaris-x86 1.0 54.00 OK
r-release-linux-ix86 OK
r-release-linux-x86_64 1.0 1.34 17.14 18.48 OK
r-release-macosx-x86_64 1.0 OK
r-release-windows-ix86+x86_64 1.0 6.00 28.00 34.00 OK
r-oldrel-windows-ix86+x86_64 1.0 5.00 28.00 33.00 OK

Check Details

Version: 1.0
Check: package dependencies
Result: ERROR
    Packages required but not available: ‘odfWeave’ ‘survey’
    
    See the information on DESCRIPTION files in the chapter ‘Creating R
    packages’ of the ‘Writing R Extensions’ manual.
Flavor: r-devel-macosx-x86_64-gcc