CRAN Package Check Results for Package odfWeave.survey

Last updated on 2015-07-29 17:48:08.

Flavor Version Tinstall Tcheck Ttotal Status Flags
r-devel-linux-x86_64-debian-clang 1.0 1.00 13.70 14.70 NOTE
r-devel-linux-x86_64-debian-gcc 1.0 1.01 13.66 14.67 NOTE
r-devel-linux-x86_64-fedora-clang 1.0 30.42 NOTE
r-devel-linux-x86_64-fedora-gcc 1.0 27.49 NOTE
r-devel-osx-x86_64-clang 1.0 25.39 OK
r-devel-windows-ix86+x86_64 1.0 4.00 24.00 28.00 NOTE
r-patched-linux-x86_64 1.0 1.26 13.92 15.18 OK
r-patched-solaris-sparc 1.0 189.90 OK
r-patched-solaris-x86 1.0 47.00 OK
r-release-linux-x86_64 1.0 1.01 13.78 14.78 OK
r-release-osx-x86_64-mavericks 1.0 OK
r-release-windows-ix86+x86_64 1.0 5.00 43.00 48.00 OK
r-oldrel-windows-ix86+x86_64 1.0 7.00 42.00 49.00 OK

Check Details

Version: 1.0
Check: R code for possible problems
Result: NOTE
    odfTable.table: no visible global function definition for ‘runif’
    Undefined global functions or variables:
     runif
    Consider adding
     importFrom("stats", "runif")
    to your NAMESPACE.
Flavors: r-devel-linux-x86_64-debian-clang, r-devel-linux-x86_64-debian-gcc, r-devel-linux-x86_64-fedora-clang, r-devel-linux-x86_64-fedora-gcc, r-devel-windows-ix86+x86_64