CRAN Package Check Results for Package odfWeave.survey

Last updated on 2016-05-05 11:48:13.

Flavor Version Tinstall Tcheck Ttotal Status Flags
r-devel-linux-x86_64-debian-gcc 1.0 1.02 13.38 14.40 NOTE
r-devel-linux-x86_64-fedora-clang 1.0 25.51 NOTE
r-devel-linux-x86_64-fedora-gcc 1.0 23.60 NOTE
r-devel-osx-x86_64-clang 1.0 29.26 NOTE
r-devel-windows-ix86+x86_64 1.0 4.00 30.00 34.00 NOTE
r-patched-linux-x86_64 1.0 0.94 13.24 14.18 NOTE
r-patched-solaris-sparc 1.0 153.10 NOTE
r-patched-solaris-x86 1.0 35.60 NOTE
r-release-linux-x86_64 1.0 0.98 13.41 14.38 NOTE
r-release-osx-x86_64-mavericks 1.0 OK
r-release-windows-ix86+x86_64 1.0 4.00 30.00 34.00 NOTE
r-oldrel-windows-ix86+x86_64 1.0 5.00 43.00 48.00 OK

Check Details

Version: 1.0
Check: R code for possible problems
Result: NOTE
    odfTable.table: no visible global function definition for ‘runif’
    Undefined global functions or variables:
     runif
    Consider adding
     importFrom("stats", "runif")
    to your NAMESPACE file.
Flavors: r-devel-linux-x86_64-debian-gcc, r-devel-linux-x86_64-fedora-clang, r-devel-linux-x86_64-fedora-gcc, r-devel-osx-x86_64-clang, r-devel-windows-ix86+x86_64, r-patched-linux-x86_64, r-patched-solaris-sparc, r-patched-solaris-x86, r-release-linux-x86_64, r-release-windows-ix86+x86_64