CRAN Package Check Results for Package odfWeave.survey

Last updated on 2017-05-27 22:46:24.

Flavor Version Tinstall Tcheck Ttotal Status Flags
r-devel-linux-x86_64-debian-clang 1.0 2.90 32.65 35.55 NOTE
r-devel-linux-x86_64-debian-gcc 1.0 2.82 31.62 34.44 NOTE
r-devel-linux-x86_64-fedora-clang 1.0 73.73 NOTE
r-devel-linux-x86_64-fedora-gcc 1.0 71.85 NOTE
r-devel-windows-ix86+x86_64 1.0 6.00 58.00 64.00 NOTE
r-patched-linux-x86_64 1.0 2.93 31.55 34.48 NOTE
r-patched-solaris-sparc 1.0 429.90 NOTE
r-patched-solaris-x86 1.0 101.40 NOTE
r-release-linux-x86_64 1.0 3.33 31.93 35.26 NOTE
r-release-windows-ix86+x86_64 1.0 7.00 59.00 66.00 NOTE
r-release-osx-x86_64 1.0 NOTE
r-oldrel-windows-ix86+x86_64 1.0 11.00 52.00 63.00 NOTE
r-oldrel-osx-x86_64 1.0 NOTE

Check Details

Version: 1.0
Check: R code for possible problems
Result: NOTE
    odfTable.table: no visible global function definition for ‘runif’
    Undefined global functions or variables:
     runif
    Consider adding
     importFrom("stats", "runif")
    to your NAMESPACE file.
Flavors: r-devel-linux-x86_64-debian-clang, r-devel-linux-x86_64-debian-gcc, r-devel-linux-x86_64-fedora-clang, r-devel-linux-x86_64-fedora-gcc, r-devel-windows-ix86+x86_64, r-patched-linux-x86_64, r-patched-solaris-sparc, r-patched-solaris-x86, r-release-linux-x86_64, r-release-windows-ix86+x86_64, r-release-osx-x86_64, r-oldrel-windows-ix86+x86_64, r-oldrel-osx-x86_64