CRAN Package Check Results for Package odfWeave.survey

Last updated on 2017-01-24 17:50:41.

Flavor Version Tinstall Tcheck Ttotal Status Flags
r-devel-linux-x86_64-debian-clang 1.0 2.83 30.69 33.52 NOTE
r-devel-linux-x86_64-debian-gcc 1.0 2.74 30.58 33.32 NOTE
r-devel-linux-x86_64-fedora-clang 1.0 62.79 NOTE --no-stop-on-test-error
r-devel-linux-x86_64-fedora-gcc 1.0 63.33 NOTE --no-stop-on-test-error
r-devel-macos-x86_64-clang 1.0 49.41 NOTE --no-stop-on-test-error
r-devel-windows-ix86+x86_64 1.0 11.00 87.00 98.00 NOTE
r-patched-linux-x86_64 1.0 2.62 27.74 30.36 NOTE
r-patched-solaris-sparc 1.0 388.00 NOTE
r-patched-solaris-x86 1.0 87.80 NOTE
r-release-linux-x86_64 1.0 2.45 27.82 30.28 NOTE
r-release-osx-x86_64-mavericks 1.0 NOTE
r-release-windows-ix86+x86_64 1.0 11.00 74.00 85.00 NOTE
r-oldrel-windows-ix86+x86_64 1.0 16.00 113.00 129.00 OK

Check Details

Version: 1.0
Check: R code for possible problems
Result: NOTE
    odfTable.table: no visible global function definition for ‘runif’
    Undefined global functions or variables:
     runif
    Consider adding
     importFrom("stats", "runif")
    to your NAMESPACE file.
Flavors: r-devel-linux-x86_64-debian-clang, r-devel-linux-x86_64-debian-gcc, r-devel-windows-ix86+x86_64, r-patched-linux-x86_64, r-patched-solaris-sparc, r-patched-solaris-x86, r-release-linux-x86_64, r-release-osx-x86_64-mavericks, r-release-windows-ix86+x86_64

Version: 1.0
Flags: --no-stop-on-test-error
Check: R code for possible problems
Result: NOTE
    odfTable.table: no visible global function definition for ‘runif’
    Undefined global functions or variables:
     runif
    Consider adding
     importFrom("stats", "runif")
    to your NAMESPACE file.
Flavors: r-devel-linux-x86_64-fedora-clang, r-devel-linux-x86_64-fedora-gcc, r-devel-macos-x86_64-clang