CRAN Package Check Results for Package oem

Last updated on 2018-06-25 16:50:03 CEST.

Flavor Version Tinstall Tcheck Ttotal Status Flags
r-devel-linux-x86_64-debian-clang 2.0.8 302.75 199.06 501.81 OK
r-devel-linux-x86_64-debian-gcc 2.0.8 257.62 162.66 420.28 OK
r-devel-linux-x86_64-fedora-clang 2.0.8 744.23 NOTE
r-devel-linux-x86_64-fedora-gcc 2.0.8 723.66 OK
r-devel-windows-ix86+x86_64 2.0.8 646.00 283.00 929.00 OK
r-patched-linux-x86_64 2.0.8 299.94 196.09 496.03 OK
r-patched-solaris-x86 2.0.8 906.70 OK
r-release-linux-x86_64 2.0.8 308.04 218.38 526.42 OK
r-release-windows-ix86+x86_64 2.0.8 641.00 241.00 882.00 OK
r-release-osx-x86_64 2.0.8 NOTE
r-oldrel-windows-ix86+x86_64 2.0.8 464.00 330.00 794.00 OK
r-oldrel-osx-x86_64 2.0.8 NOTE

Additional issues

clang-UBSAN gcc-UBSAN

Check Details

Version: 2.0.8
Check: installed package size
Result: NOTE
     installed size is 97.8Mb
     sub-directories of 1Mb or more:
     libs 97.3Mb
Flavors: r-devel-linux-x86_64-fedora-clang, r-release-osx-x86_64, r-oldrel-osx-x86_64