CRAN Package Check Results for Package oem

Last updated on 2015-04-01 06:46:58.

Flavor Version Tinstall Tcheck Ttotal Status Flags
r-devel-linux-x86_64-debian-clang 1.02.1 8.13 14.45 22.58 NOTE
r-devel-linux-x86_64-debian-gcc 1.02.1 9.98 13.35 23.33 NOTE
r-devel-linux-x86_64-fedora-clang 1.02.1 45.23 NOTE
r-devel-linux-x86_64-fedora-gcc 1.02.1 46.71 NOTE
r-devel-osx-x86_64-clang 1.02.1 46.61 NOTE
r-prerel-windows-ix86+x86_64 1.02.1 29.00 32.00 61.00 NOTE
r-prerel-linux-x86_64 1.02.1 9.20 13.34 22.55 NOTE
r-prerel-solaris-sparc 1.02.1 290.60 NOTE
r-prerel-solaris-x86 1.02.1 61.50 NOTE
r-release-linux-x86_64 1.02.1 9.51 15.52 25.03 OK
r-release-osx-x86_64-mavericks 1.02.1 OK
r-release-osx-x86_64-snowleopard 1.02.1 OK
r-release-windows-ix86+x86_64 1.02.1 32.00 38.00 70.00 OK
r-oldrel-windows-ix86+x86_64 1.02.1 33.00 42.00 75.00 OK

Check Details

Version: 1.02.1
Check: DESCRIPTION meta-information
Result: NOTE
    Malformed Description field: should contain one or more complete sentences.
Flavors: r-devel-linux-x86_64-debian-clang, r-devel-linux-x86_64-debian-gcc, r-devel-linux-x86_64-fedora-clang, r-devel-linux-x86_64-fedora-gcc, r-devel-osx-x86_64-clang, r-prerel-windows-ix86+x86_64, r-prerel-linux-x86_64, r-prerel-solaris-sparc, r-prerel-solaris-x86