CRAN Package Check Results for Package oem

Last updated on 2018-04-25 15:48:20 CEST.

Flavor Version Tinstall Tcheck Ttotal Status Flags
r-devel-linux-x86_64-debian-clang 2.0.8 303.90 218.30 522.20 OK
r-devel-linux-x86_64-debian-gcc 2.0.8 258.06 170.56 428.62 OK
r-devel-linux-x86_64-fedora-clang 2.0.8 692.43 NOTE
r-devel-linux-x86_64-fedora-gcc 2.0.8 694.92 NOTE
r-devel-windows-ix86+x86_64 2.0.8 663.00 242.00 905.00 OK
r-patched-linux-x86_64 2.0.8 298.74 213.45 512.19 OK
r-patched-solaris-x86 2.0.8 871.80 OK
r-release-linux-x86_64 2.0.8 293.75 223.62 517.37 OK
r-release-windows-ix86+x86_64 2.0.8 663.00 242.00 905.00 OK
r-release-osx-x86_64 2.0.8 NOTE
r-oldrel-windows-ix86+x86_64 2.0.8 472.00 289.00 761.00 OK
r-oldrel-osx-x86_64 2.0.8 NOTE

Additional issues

clang-UBSAN gcc-UBSAN

Check Details

Version: 2.0.8
Check: installed package size
Result: NOTE
     installed size is 97.8Mb
     sub-directories of 1Mb or more:
     libs 97.3Mb
Flavors: r-devel-linux-x86_64-fedora-clang, r-devel-linux-x86_64-fedora-gcc, r-release-osx-x86_64, r-oldrel-osx-x86_64