CRAN Package Check Results for Package oem

Last updated on 2017-10-19 01:46:24.

Flavor Version Tinstall Tcheck Ttotal Status Flags
r-devel-linux-x86_64-debian-clang 2.0.6 197.00 131.74 328.74 OK
r-devel-linux-x86_64-debian-gcc 2.0.6 212.59 148.46 361.05 OK
r-devel-linux-x86_64-fedora-clang 2.0.6 659.41 NOTE
r-devel-linux-x86_64-fedora-gcc 2.0.6 685.96 NOTE
r-devel-windows-ix86+x86_64 2.0.6 445.00 290.00 735.00 OK
r-patched-linux-x86_64 2.0.6 201.82 134.80 336.62 OK
r-patched-solaris-x86 2.0.6 923.60 OK
r-release-linux-x86_64 2.0.6 201.76 140.53 342.29 OK
r-release-windows-ix86+x86_64 2.0.6 573.00 277.00 850.00 OK
r-release-osx-x86_64 2.0.6 NOTE
r-oldrel-windows-ix86+x86_64 2.0.6 569.00 301.00 870.00 OK
r-oldrel-osx-x86_64 2.0.6 NOTE

Additional issues

clang-ASAN clang-UBSAN gcc-ASAN gcc-UBSAN

Check Details

Version: 2.0.6
Check: installed package size
Result: NOTE
     installed size is 92.8Mb
     sub-directories of 1Mb or more:
     libs 92.4Mb
Flavors: r-devel-linux-x86_64-fedora-clang, r-devel-linux-x86_64-fedora-gcc, r-release-osx-x86_64, r-oldrel-osx-x86_64