CRAN Package Check Results for Package oem

Last updated on 2018-02-18 06:46:32 CET.

Flavor Version Tinstall Tcheck Ttotal Status Flags
r-devel-linux-x86_64-debian-clang 2.0.7 290.34 218.57 508.91 OK
r-devel-linux-x86_64-debian-gcc 2.0.7 258.05 158.57 416.62 OK
r-devel-linux-x86_64-fedora-clang 2.0.7 717.29 NOTE
r-devel-linux-x86_64-fedora-gcc 2.0.7 689.93 NOTE
r-devel-windows-ix86+x86_64 2.0.7 483.00 225.00 708.00 OK
r-patched-linux-x86_64 2.0.7 303.84 226.20 530.04 OK
r-patched-solaris-x86 2.0.7 924.20 OK
r-release-linux-x86_64 2.0.7 301.72 211.31 513.03 OK
r-release-windows-ix86+x86_64 2.0.7 633.00 247.00 880.00 OK
r-release-osx-x86_64 2.0.7 NOTE
r-oldrel-windows-ix86+x86_64 2.0.7 469.00 278.00 747.00 OK
r-oldrel-osx-x86_64 2.0.6 NOTE

Additional issues

clang-UBSAN gcc-UBSAN

Check Details

Version: 2.0.7
Check: installed package size
Result: NOTE
     installed size is 97.9Mb
     sub-directories of 1Mb or more:
     libs 97.4Mb
Flavors: r-devel-linux-x86_64-fedora-clang, r-devel-linux-x86_64-fedora-gcc, r-release-osx-x86_64

Version: 2.0.6
Check: installed package size
Result: NOTE
     installed size is 85.7Mb
     sub-directories of 1Mb or more:
     libs 85.3Mb
Flavor: r-oldrel-osx-x86_64