CRAN Package Check Results for Package oem

Last updated on 2015-03-06 23:48:24.

Flavor Version Tinstall Tcheck Ttotal Status Flags
r-devel-linux-x86_64-debian-clang 1.02.1 7.54 13.71 21.26 NOTE
r-devel-linux-x86_64-debian-gcc 1.02.1 8.47 13.43 21.90 NOTE
r-devel-linux-x86_64-fedora-clang 1.02.1 45.00 NOTE
r-devel-linux-x86_64-fedora-gcc 1.02.1 42.86 NOTE
r-devel-osx-x86_64-clang 1.02.1 44.57 NOTE
r-devel-windows-ix86+x86_64 1.02.1 38.00 34.00 72.00 NOTE
r-patched-linux-x86_64 1.02.1 8.98 15.67 24.65 OK
r-patched-solaris-sparc 1.02.1 319.90 OK
r-patched-solaris-x86 1.02.1 67.80 OK
r-release-linux-ix86 1.02.1 11.42 22.64 34.07 OK
r-release-linux-x86_64 1.02.1 8.90 15.87 24.77 OK
r-release-osx-x86_64-mavericks 1.02.1 OK
r-release-osx-x86_64-snowleopard 1.02.1 OK
r-release-windows-ix86+x86_64 1.02.1 30.00 43.00 73.00 OK
r-oldrel-windows-ix86+x86_64 1.02.1 30.00 64.00 94.00 OK

Check Details

Version: 1.02.1
Check: DESCRIPTION meta-information
Result: NOTE
    Malformed Description field: should contain one or more complete sentences.
Flavors: r-devel-linux-x86_64-debian-clang, r-devel-linux-x86_64-debian-gcc, r-devel-linux-x86_64-fedora-clang, r-devel-linux-x86_64-fedora-gcc, r-devel-osx-x86_64-clang, r-devel-windows-ix86+x86_64