CRAN Package Check Results for Package oem

Last updated on 2016-12-02 22:50:27.

Flavor Version Tinstall Tcheck Ttotal Status Flags
r-devel-linux-x86_64-debian-clang 2.0.3 196.45 164.34 360.79 OK
r-devel-linux-x86_64-debian-gcc 2.0.3 202.72 166.46 369.18 OK
r-devel-linux-x86_64-fedora-clang 2.0.3 726.79 NOTE
r-devel-linux-x86_64-fedora-gcc 2.0.3 730.32 NOTE
r-devel-macos-x86_64-clang 2.0.3 485.92 OK
r-devel-windows-ix86+x86_64 2.0.3 407.00 329.00 736.00 WARN
r-patched-linux-x86_64 2.0.3 176.42 163.21 339.63 OK
r-patched-solaris-sparc 2.0.3 5290.90 OK
r-patched-solaris-x86 2.0.3 881.40 OK
r-release-linux-x86_64 2.0.3 173.40 159.43 332.82 OK
r-release-osx-x86_64-mavericks 2.0.3 NOTE
r-release-windows-ix86+x86_64 2.0.3 534.00 298.00 832.00 OK
r-oldrel-windows-ix86+x86_64 2.0.3 500.00 307.00 807.00 OK

Memtest notes: clang-UBSAN clang-UBSAN

Check Details

Version: 2.0.3
Check: installed package size
Result: NOTE
     installed size is 103.6Mb
     sub-directories of 1Mb or more:
     libs 103.2Mb
Flavors: r-devel-linux-x86_64-fedora-clang, r-devel-linux-x86_64-fedora-gcc, r-release-osx-x86_64-mavericks

Version: 2.0.3
Check: whether package can be installed
Result: WARN
    Found the following significant warnings:
     d:/RCompile/CRANpkg/lib/3.4/BH/include/boost/unordered/detail/buckets.hpp:586:29: warning: ISO C++ 1998 does not support 'long long' [-Wlong-long]
     d:/RCompile/CRANpkg/lib/3.4/BH/include/boost/unordered/detail/buckets.hpp:591:38: warning: ISO C++ 1998 does not support 'long long' [-Wlong-long]
Flavor: r-devel-windows-ix86+x86_64