CRAN Package Check Results for Package oem

Last updated on 2017-12-11 11:54:59 CET.

Flavor Version Tinstall Tcheck Ttotal Status Flags
r-devel-linux-x86_64-debian-clang 2.0.6 257.31 189.01 446.32 OK
r-devel-linux-x86_64-debian-gcc 2.0.6 234.40 183.61 418.01 OK
r-devel-linux-x86_64-fedora-clang 2.0.6 644.24 NOTE
r-devel-linux-x86_64-fedora-gcc 2.0.6 666.54 NOTE
r-devel-windows-ix86+x86_64 2.0.6 585.00 244.00 829.00 OK
r-patched-linux-x86_64 2.0.6 260.22 222.08 482.30 OK
r-patched-solaris-x86 2.0.6 916.60 OK
r-release-linux-x86_64 2.0.6 261.41 232.11 493.52 OK
r-release-windows-ix86+x86_64 2.0.6 477.00 345.00 822.00 OK
r-release-osx-x86_64 2.0.6 NOTE
r-oldrel-windows-ix86+x86_64 2.0.6 566.00 254.00 820.00 OK
r-oldrel-osx-x86_64 2.0.6 NOTE

Additional issues

clang-UBSAN gcc-UBSAN

Check Details

Version: 2.0.6
Check: installed package size
Result: NOTE
     installed size is 92.8Mb
     sub-directories of 1Mb or more:
     libs 92.4Mb
Flavors: r-devel-linux-x86_64-fedora-clang, r-devel-linux-x86_64-fedora-gcc, r-release-osx-x86_64, r-oldrel-osx-x86_64