CRAN Package Check Results for Package oem

Last updated on 2016-10-01 23:47:20.

Flavor Version Tinstall Tcheck Ttotal Status Flags
r-devel-linux-x86_64-debian-clang 1.02.1 9.93 14.57 24.49 NOTE
r-devel-linux-x86_64-debian-gcc 1.02.1 11.20 14.64 25.84 NOTE
r-devel-linux-x86_64-fedora-clang 1.02.1 44.64 NOTE
r-devel-linux-x86_64-fedora-gcc 1.02.1 44.39 NOTE
r-devel-macos-x86_64-clang 1.02.1 32.86 NOTE
r-devel-windows-ix86+x86_64 1.02.1 49.00 45.00 94.00 NOTE
r-patched-linux-x86_64 1.02.1 9.52 13.82 23.34 NOTE
r-patched-solaris-sparc 1.02.1 251.50 NOTE
r-patched-solaris-x86 1.02.1 50.60 NOTE
r-release-linux-x86_64 1.02.1 8.99 13.65 22.64 NOTE
r-release-osx-x86_64-mavericks 1.02.1 NOTE
r-release-windows-ix86+x86_64 1.02.1 29.00 44.00 73.00 NOTE
r-oldrel-windows-ix86+x86_64 1.02.1 30.00 40.00 70.00 NOTE

Check Details

Version: 1.02.1
Check: DESCRIPTION meta-information
Result: NOTE
    Malformed Description field: should contain one or more complete sentences.
Flavors: r-devel-linux-x86_64-debian-clang, r-devel-linux-x86_64-debian-gcc, r-devel-linux-x86_64-fedora-clang, r-devel-linux-x86_64-fedora-gcc, r-devel-macos-x86_64-clang, r-devel-windows-ix86+x86_64, r-patched-linux-x86_64, r-patched-solaris-sparc, r-patched-solaris-x86, r-release-linux-x86_64, r-release-osx-x86_64-mavericks, r-release-windows-ix86+x86_64, r-oldrel-windows-ix86+x86_64

Version: 1.02.1
Check: R code for possible problems
Result: NOTE
    coef.oemfit: no visible global function definition for ‘predict’
    cv.oemfit: no visible global function definition for ‘model.frame’
    cv.oemfit: no visible global function definition for ‘model.matrix’
    cv.oemfit: no visible global function definition for ‘model.response’
    cv.oemfit: no visible global function definition for ‘predict’
    lambda.interp: no visible global function definition for ‘approx’
    oemfit: no visible global function definition for ‘model.frame’
    oemfit: no visible global function definition for ‘model.matrix’
    oemfit: no visible global function definition for ‘model.response’
    plot.oemfit: no visible global function definition for ‘matplot’
    Undefined global functions or variables:
     approx matplot model.frame model.matrix model.response predict
    Consider adding
     importFrom("graphics", "matplot")
     importFrom("stats", "approx", "model.frame", "model.matrix",
     "model.response", "predict")
    to your NAMESPACE file.
Flavors: r-devel-linux-x86_64-debian-clang, r-devel-linux-x86_64-debian-gcc, r-devel-linux-x86_64-fedora-clang, r-devel-linux-x86_64-fedora-gcc, r-devel-macos-x86_64-clang, r-devel-windows-ix86+x86_64, r-patched-linux-x86_64, r-patched-solaris-sparc, r-patched-solaris-x86, r-release-linux-x86_64, r-release-osx-x86_64-mavericks, r-release-windows-ix86+x86_64