CRAN Package Check Results for Package oem

Last updated on 2016-07-27 14:48:52.

Flavor Version Tinstall Tcheck Ttotal Status Flags
r-devel-linux-x86_64-debian-clang 1.02.1 11.85 15.87 27.73 NOTE
r-devel-linux-x86_64-debian-gcc 1.02.1 12.97 16.21 29.18 NOTE
r-devel-linux-x86_64-fedora-clang 1.02.1 43.12 NOTE
r-devel-linux-x86_64-fedora-gcc 1.02.1 39.62 NOTE
r-devel-osx-x86_64-clang 1.02.1 34.45 NOTE
r-devel-windows-ix86+x86_64 1.02.1 40.00 41.00 81.00 NOTE
r-patched-linux-x86_64 1.02.1 10.59 15.07 25.66 NOTE
r-patched-solaris-sparc 1.02.1 249.40 NOTE
r-patched-solaris-x86 1.02.1 50.90 NOTE
r-release-linux-x86_64 1.02.1 10.41 16.52 26.93 NOTE
r-release-osx-x86_64-mavericks 1.02.1 NOTE
r-release-windows-ix86+x86_64 1.02.1 40.00 43.00 83.00 NOTE
r-oldrel-windows-ix86+x86_64 1.02.1 39.00 54.00 93.00 NOTE

Check Details

Version: 1.02.1
Check: DESCRIPTION meta-information
Result: NOTE
    Malformed Description field: should contain one or more complete sentences.
Flavors: r-devel-linux-x86_64-debian-clang, r-devel-linux-x86_64-debian-gcc, r-devel-linux-x86_64-fedora-clang, r-devel-linux-x86_64-fedora-gcc, r-devel-osx-x86_64-clang, r-devel-windows-ix86+x86_64, r-patched-linux-x86_64, r-patched-solaris-sparc, r-patched-solaris-x86, r-release-linux-x86_64, r-release-osx-x86_64-mavericks, r-release-windows-ix86+x86_64, r-oldrel-windows-ix86+x86_64

Version: 1.02.1
Check: R code for possible problems
Result: NOTE
    coef.oemfit: no visible global function definition for ‘predict’
    cv.oemfit: no visible global function definition for ‘model.frame’
    cv.oemfit: no visible global function definition for ‘model.matrix’
    cv.oemfit: no visible global function definition for ‘model.response’
    cv.oemfit: no visible global function definition for ‘predict’
    lambda.interp: no visible global function definition for ‘approx’
    oemfit: no visible global function definition for ‘model.frame’
    oemfit: no visible global function definition for ‘model.matrix’
    oemfit: no visible global function definition for ‘model.response’
    plot.oemfit: no visible global function definition for ‘matplot’
    Undefined global functions or variables:
     approx matplot model.frame model.matrix model.response predict
    Consider adding
     importFrom("graphics", "matplot")
     importFrom("stats", "approx", "model.frame", "model.matrix",
     "model.response", "predict")
    to your NAMESPACE file.
Flavors: r-devel-linux-x86_64-debian-clang, r-devel-linux-x86_64-debian-gcc, r-devel-linux-x86_64-fedora-clang, r-devel-linux-x86_64-fedora-gcc, r-devel-osx-x86_64-clang, r-devel-windows-ix86+x86_64, r-patched-linux-x86_64, r-patched-solaris-sparc, r-patched-solaris-x86, r-release-linux-x86_64, r-release-osx-x86_64-mavericks, r-release-windows-ix86+x86_64