CRAN Package Check Results for Package oem

Last updated on 2016-02-09 01:48:11.

Flavor Version Tinstall Tcheck Ttotal Status Flags
r-devel-linux-x86_64-debian-gcc 1.02.1 8.89 12.91 21.80 NOTE
r-devel-linux-x86_64-fedora-clang 1.02.1 41.34 NOTE
r-devel-linux-x86_64-fedora-gcc 1.02.1 39.95 NOTE
r-devel-osx-x86_64-clang 1.02.1 44.39 NOTE
r-devel-windows-ix86+x86_64 1.02.1 38.00 42.00 80.00 NOTE
r-patched-linux-x86_64 1.02.1 9.06 13.69 22.75 NOTE
r-patched-solaris-sparc 1.02.1 238.40 NOTE
r-patched-solaris-x86 1.02.1 54.20 NOTE
r-release-linux-x86_64 1.02.1 9.16 13.41 22.57 NOTE
r-release-osx-x86_64-mavericks 1.02.1 NOTE
r-release-windows-ix86+x86_64 1.02.1 37.00 37.00 74.00 NOTE
r-oldrel-windows-ix86+x86_64 1.02.1 40.00 39.00 79.00 OK

Check Details

Version: 1.02.1
Check: DESCRIPTION meta-information
Result: NOTE
    Malformed Description field: should contain one or more complete sentences.
Flavors: r-devel-linux-x86_64-debian-gcc, r-devel-linux-x86_64-fedora-clang, r-devel-linux-x86_64-fedora-gcc, r-devel-osx-x86_64-clang, r-devel-windows-ix86+x86_64, r-patched-linux-x86_64, r-patched-solaris-sparc, r-patched-solaris-x86, r-release-linux-x86_64, r-release-osx-x86_64-mavericks, r-release-windows-ix86+x86_64

Version: 1.02.1
Check: R code for possible problems
Result: NOTE
    coef.oemfit: no visible global function definition for ‘predict’
    cv.oemfit: no visible global function definition for ‘model.frame’
    cv.oemfit: no visible global function definition for ‘model.matrix’
    cv.oemfit: no visible global function definition for ‘model.response’
    cv.oemfit: no visible global function definition for ‘predict’
    lambda.interp: no visible global function definition for ‘approx’
    oemfit: no visible global function definition for ‘model.frame’
    oemfit: no visible global function definition for ‘model.matrix’
    oemfit: no visible global function definition for ‘model.response’
    plot.oemfit: no visible global function definition for ‘matplot’
    Undefined global functions or variables:
     approx matplot model.frame model.matrix model.response predict
    Consider adding
     importFrom("graphics", "matplot")
     importFrom("stats", "approx", "model.frame", "model.matrix",
     "model.response", "predict")
    to your NAMESPACE file.
Flavors: r-devel-linux-x86_64-debian-gcc, r-devel-linux-x86_64-fedora-clang, r-devel-linux-x86_64-fedora-gcc, r-devel-osx-x86_64-clang, r-devel-windows-ix86+x86_64