CRAN Package Check Results for Package oem

Last updated on 2015-07-29 23:47:17.

Flavor Version Tinstall Tcheck Ttotal Status Flags
r-devel-linux-x86_64-debian-clang 1.02.1 8.08 13.57 21.66 NOTE
r-devel-linux-x86_64-debian-gcc 1.02.1 8.92 13.47 22.40 NOTE
r-devel-linux-x86_64-fedora-clang 1.02.1 44.94 NOTE
r-devel-linux-x86_64-fedora-gcc 1.02.1 41.16 NOTE
r-devel-osx-x86_64-clang 1.02.1 35.94 NOTE
r-devel-windows-ix86+x86_64 1.02.1 32.00 36.00 68.00 NOTE
r-patched-linux-x86_64 1.02.1 9.14 13.62 22.76 NOTE
r-patched-solaris-sparc 1.02.1 269.60 NOTE
r-patched-solaris-x86 1.02.1 59.80 NOTE
r-release-linux-x86_64 1.02.1 9.02 13.36 22.38 NOTE
r-release-osx-x86_64-mavericks 1.02.1 NOTE
r-release-windows-ix86+x86_64 1.02.1 37.00 32.00 69.00 NOTE
r-oldrel-windows-ix86+x86_64 1.02.1 45.00 39.00 84.00 OK

Check Details

Version: 1.02.1
Check: DESCRIPTION meta-information
Result: NOTE
    Malformed Description field: should contain one or more complete sentences.
Flavors: r-devel-linux-x86_64-debian-clang, r-devel-linux-x86_64-debian-gcc, r-devel-linux-x86_64-fedora-clang, r-devel-linux-x86_64-fedora-gcc, r-devel-osx-x86_64-clang, r-devel-windows-ix86+x86_64, r-patched-linux-x86_64, r-patched-solaris-sparc, r-patched-solaris-x86, r-release-linux-x86_64, r-release-osx-x86_64-mavericks, r-release-windows-ix86+x86_64

Version: 1.02.1
Check: R code for possible problems
Result: NOTE
    coef.oemfit: no visible global function definition for ‘predict’
    cv.oemfit: no visible global function definition for ‘model.frame’
    cv.oemfit: no visible global function definition for ‘model.matrix’
    cv.oemfit: no visible global function definition for ‘model.response’
    cv.oemfit: no visible global function definition for ‘predict’
    lambda.interp: no visible global function definition for ‘approx’
    oemfit: no visible global function definition for ‘model.frame’
    oemfit: no visible global function definition for ‘model.matrix’
    oemfit: no visible global function definition for ‘model.response’
    plot.oemfit: no visible global function definition for ‘matplot’
    Undefined global functions or variables:
     approx matplot model.frame model.matrix model.response predict
    Consider adding
     importFrom("graphics", "matplot")
     importFrom("stats", "approx", "model.frame", "model.matrix",
     "model.response", "predict")
    to your NAMESPACE.
Flavors: r-devel-linux-x86_64-debian-clang, r-devel-linux-x86_64-debian-gcc, r-devel-linux-x86_64-fedora-clang, r-devel-linux-x86_64-fedora-gcc, r-devel-windows-ix86+x86_64