CRAN Package Check Results for Package oem

Last updated on 2015-05-24 17:47:32.

Flavor Version Tinstall Tcheck Ttotal Status Flags
r-devel-linux-x86_64-debian-clang 1.02.1 8.25 13.82 22.07 NOTE
r-devel-linux-x86_64-debian-gcc 1.02.1 9.28 13.53 22.80 NOTE
r-devel-linux-x86_64-fedora-clang 1.02.1 46.68 NOTE
r-devel-linux-x86_64-fedora-gcc 1.02.1 42.31 NOTE
r-devel-osx-x86_64-clang 1.02.1 43.50 NOTE
r-devel-windows-ix86+x86_64 1.02.1 28.00 36.00 64.00 NOTE
r-patched-linux-x86_64 1.02.1 9.30 13.34 22.64 NOTE
r-patched-solaris-sparc 1.02.1 289.70 NOTE
r-patched-solaris-x86 1.02.1 64.00 NOTE
r-release-linux-x86_64 1.02.1 9.35 13.47 22.82 NOTE
r-release-osx-x86_64-mavericks 1.02.1 NOTE
r-release-osx-x86_64-snowleopard 1.02.1 NOTE
r-release-windows-ix86+x86_64 1.02.1 31.00 38.00 69.00 NOTE
r-oldrel-windows-ix86+x86_64 1.02.1 31.00 60.00 91.00 OK

Check Details

Version: 1.02.1
Check: DESCRIPTION meta-information
Result: NOTE
    Malformed Description field: should contain one or more complete sentences.
Flavors: r-devel-linux-x86_64-debian-clang, r-devel-linux-x86_64-debian-gcc, r-devel-linux-x86_64-fedora-clang, r-devel-linux-x86_64-fedora-gcc, r-devel-osx-x86_64-clang, r-devel-windows-ix86+x86_64, r-patched-linux-x86_64, r-patched-solaris-sparc, r-patched-solaris-x86, r-release-linux-x86_64, r-release-osx-x86_64-mavericks, r-release-osx-x86_64-snowleopard, r-release-windows-ix86+x86_64