CRAN Package Check Results for Package oem

Last updated on 2017-02-25 03:48:27.

Flavor Version Tinstall Tcheck Ttotal Status Flags
r-devel-linux-x86_64-debian-clang 2.0.4 163.90 156.64 320.53 OK
r-devel-linux-x86_64-debian-gcc 2.0.4 164.89 151.43 316.32 OK
r-devel-linux-x86_64-fedora-clang 2.0.4 675.49 NOTE --no-stop-on-test-error
r-devel-linux-x86_64-fedora-gcc 2.0.4 396.94 NOTE --no-stop-on-test-error
r-devel-macos-x86_64-clang 2.0.4 332.81 OK --no-stop-on-test-error
r-devel-windows-ix86+x86_64 2.0.4 570.00 344.00 914.00 WARN
r-patched-linux-x86_64 2.0.3 180.42 144.13 324.56 OK
r-patched-solaris-sparc 2.0.4 5279.20 OK
r-patched-solaris-x86 2.0.4 778.00 OK
r-release-linux-x86_64 2.0.4 140.67 143.73 284.40 OK
r-release-osx-x86_64-mavericks 2.0.4 NOTE
r-release-windows-ix86+x86_64 2.0.4 430.00 314.00 744.00 OK
r-oldrel-windows-ix86+x86_64 2.0.4 423.00 410.00 833.00 OK

Memtest notes: clang-UBSAN clang-UBSAN

Check Details

Version: 2.0.4
Flags: --no-stop-on-test-error
Check: installed package size
Result: NOTE
     installed size is 79.1Mb
     sub-directories of 1Mb or more:
     libs 78.8Mb
Flavors: r-devel-linux-x86_64-fedora-clang, r-devel-linux-x86_64-fedora-gcc

Version: 2.0.4
Check: whether package can be installed
Result: WARN
    Found the following significant warnings:
     d:/RCompile/CRANpkg/lib/3.4/BH/include/boost/unordered/detail/buckets.hpp:586:29: warning: ISO C++ 1998 does not support 'long long' [-Wlong-long]
     d:/RCompile/CRANpkg/lib/3.4/BH/include/boost/unordered/detail/buckets.hpp:591:38: warning: ISO C++ 1998 does not support 'long long' [-Wlong-long]
Flavor: r-devel-windows-ix86+x86_64

Version: 2.0.4
Check: installed package size
Result: NOTE
     installed size is 74.2Mb
     sub-directories of 1Mb or more:
     libs 73.9Mb
Flavor: r-release-osx-x86_64-mavericks