CRAN Package Check Results for Package oem

Last updated on 2017-06-26 16:47:06.

Flavor Version Tinstall Tcheck Ttotal Status Flags
r-devel-linux-x86_64-debian-clang 2.0.5 195.87 144.31 340.18 OK
r-devel-linux-x86_64-debian-gcc 2.0.5 204.40 144.27 348.67 OK
r-devel-linux-x86_64-fedora-clang 2.0.5 692.08 NOTE
r-devel-linux-x86_64-fedora-gcc 2.0.5 661.70 NOTE
r-devel-windows-ix86+x86_64 2.0.5 586.00 244.00 830.00 OK
r-patched-linux-x86_64 2.0.5 200.70 140.22 340.92 OK
r-patched-solaris-sparc 2.0.5 4297.10 OK
r-patched-solaris-x86 2.0.5 872.10 OK
r-release-linux-x86_64 2.0.5 202.00 145.19 347.18 OK
r-release-windows-ix86+x86_64 2.0.5 434.00 320.00 754.00 OK
r-release-osx-x86_64 2.0.5 NOTE
r-oldrel-windows-ix86+x86_64 2.0.5 483.00 308.00 791.00 OK
r-oldrel-osx-x86_64 2.0.5 NOTE

Additional issues

clang-UBSAN

Check Details

Version: 2.0.5
Check: installed package size
Result: NOTE
     installed size is 90.7Mb
     sub-directories of 1Mb or more:
     libs 90.2Mb
Flavors: r-devel-linux-x86_64-fedora-clang, r-devel-linux-x86_64-fedora-gcc, r-release-osx-x86_64, r-oldrel-osx-x86_64