CRAN Package Check Results for Package oem

Last updated on 2017-04-27 05:51:55.

Flavor Version Tinstall Tcheck Ttotal Status Flags
r-devel-linux-x86_64-debian-clang 2.0.5 171.70 141.12 312.83 OK
r-devel-linux-x86_64-debian-gcc 2.0.5 169.13 138.13 307.26 OK
r-devel-linux-x86_64-fedora-clang 2.0.5 676.54 NOTE --no-stop-on-test-error
r-devel-linux-x86_64-fedora-gcc 2.0.5 630.52 NOTE --no-stop-on-test-error
r-devel-windows-ix86+x86_64 2.0.5 373.00 244.00 617.00 OK
r-patched-linux-x86_64 2.0.5 151.21 137.56 288.76 OK
r-patched-solaris-sparc 2.0.5 4297.10 OK
r-patched-solaris-x86 2.0.5 827.00 OK
r-release-linux-x86_64 2.0.5 151.14 147.70 298.84 OK
r-release-windows-ix86+x86_64 2.0.5 368.00 286.00 654.00 OK
r-release-osx-x86_64 2.0.5 NOTE
r-oldrel-windows-ix86+x86_64 2.0.5 383.00 310.00 693.00 OK
r-oldrel-osx-x86_64 2.0.5 NOTE

Memtest notes: clang-UBSAN clang-UBSAN

Check Details

Version: 2.0.5
Flags: --no-stop-on-test-error
Check: installed package size
Result: NOTE
     installed size is 78.4Mb
     sub-directories of 1Mb or more:
     libs 78.0Mb
Flavors: r-devel-linux-x86_64-fedora-clang, r-devel-linux-x86_64-fedora-gcc

Version: 2.0.5
Check: installed package size
Result: NOTE
     installed size is 64.4Mb
     sub-directories of 1Mb or more:
     libs 64.0Mb
Flavors: r-release-osx-x86_64, r-oldrel-osx-x86_64