CRAN Package Check Results for Package oem

Last updated on 2016-06-30 19:46:46.

Flavor Version Tinstall Tcheck Ttotal Status Flags
r-devel-linux-x86_64-debian-gcc 1.02.1 13.31 14.90 28.20 NOTE
r-devel-linux-x86_64-fedora-clang 1.02.1 43.09 NOTE
r-devel-linux-x86_64-fedora-gcc 1.02.1 40.04 NOTE
r-devel-osx-x86_64-clang 1.02.1 34.60 NOTE
r-devel-windows-ix86+x86_64 1.02.1 33.00 52.00 85.00 NOTE
r-patched-linux-x86_64 1.02.1 10.52 15.53 26.05 NOTE
r-patched-solaris-sparc 1.02.1 244.80 NOTE
r-patched-solaris-x86 1.02.1 54.20 NOTE
r-release-linux-x86_64 1.02.1 9.96 14.99 24.96 NOTE
r-release-osx-x86_64-mavericks 1.02.1 NOTE
r-release-windows-ix86+x86_64 1.02.1 43.00 35.00 78.00 NOTE
r-oldrel-windows-ix86+x86_64 1.02.1 40.00 52.00 92.00 NOTE

Check Details

Version: 1.02.1
Check: DESCRIPTION meta-information
Result: NOTE
    Malformed Description field: should contain one or more complete sentences.
Flavors: r-devel-linux-x86_64-debian-gcc, r-devel-linux-x86_64-fedora-clang, r-devel-linux-x86_64-fedora-gcc, r-devel-osx-x86_64-clang, r-devel-windows-ix86+x86_64, r-patched-linux-x86_64, r-patched-solaris-sparc, r-patched-solaris-x86, r-release-linux-x86_64, r-release-osx-x86_64-mavericks, r-release-windows-ix86+x86_64, r-oldrel-windows-ix86+x86_64

Version: 1.02.1
Check: R code for possible problems
Result: NOTE
    coef.oemfit: no visible global function definition for ‘predict’
    cv.oemfit: no visible global function definition for ‘model.frame’
    cv.oemfit: no visible global function definition for ‘model.matrix’
    cv.oemfit: no visible global function definition for ‘model.response’
    cv.oemfit: no visible global function definition for ‘predict’
    lambda.interp: no visible global function definition for ‘approx’
    oemfit: no visible global function definition for ‘model.frame’
    oemfit: no visible global function definition for ‘model.matrix’
    oemfit: no visible global function definition for ‘model.response’
    plot.oemfit: no visible global function definition for ‘matplot’
    Undefined global functions or variables:
     approx matplot model.frame model.matrix model.response predict
    Consider adding
     importFrom("graphics", "matplot")
     importFrom("stats", "approx", "model.frame", "model.matrix",
     "model.response", "predict")
    to your NAMESPACE file.
Flavors: r-devel-linux-x86_64-debian-gcc, r-devel-linux-x86_64-fedora-clang, r-devel-linux-x86_64-fedora-gcc, r-devel-osx-x86_64-clang, r-devel-windows-ix86+x86_64, r-patched-linux-x86_64, r-patched-solaris-sparc, r-patched-solaris-x86, r-release-linux-x86_64, r-release-osx-x86_64-mavericks, r-release-windows-ix86+x86_64

Version: 1.02.1
Check: installed package size
Result: NOTE
     installed size is 5.6Mb
     sub-directories of 1Mb or more:
     libs 5.3Mb
Flavor: r-patched-solaris-sparc