CRAN Package Check Results for Package oem

Last updated on 2014-09-21 03:49:07.

Flavor Version Tinstall Tcheck Ttotal Status Flags
r-devel-linux-x86_64-debian-clang 1.02.1 7.86 15.07 22.93 NOTE
r-devel-linux-x86_64-debian-gcc 1.02.1 9.11 15.24 24.35 NOTE
r-devel-linux-x86_64-fedora-clang 1.02.1 48.05 NOTE
r-devel-linux-x86_64-fedora-gcc 1.02.1 44.88 NOTE
r-devel-osx-x86_64-clang 1.02.1 44.16 NOTE
r-devel-windows-ix86+x86_64 1.02.1 30.00 39.00 69.00 NOTE
r-patched-linux-x86_64 1.02.1 9.25 15.18 24.43 OK
r-patched-solaris-sparc 1.02.1 302.10 OK
r-patched-solaris-x86 1.02.1 67.00 OK
r-release-linux-ix86 1.02.1 12.27 22.10 34.37 OK
r-release-linux-x86_64 1.02.1 9.65 15.45 25.10 OK
r-release-osx-x86_64-mavericks 1.02.1 OK
r-release-osx-x86_64-snowleopard 1.02.1 OK
r-release-windows-ix86+x86_64 1.02.1 29.00 37.00 66.00 OK
r-oldrel-windows-ix86+x86_64 1.02.1 32.00 40.00 72.00 OK

Check Details

Version: 1.02.1
Check: compiled code
Result: NOTE
    File ‘oem/libs/oem.so’:
     Found ‘rand’, possibly from ‘rand’ (C)
     Object: ‘oem.o’
    
    Compiled code should not call entry points which might terminate R nor
    write to stdout/stderr instead of to the console, nor the C RNG.
    
    See ‘Writing portable packages’ in the ‘Writing R Extensions’ manual.
Flavors: r-devel-linux-x86_64-debian-clang, r-devel-linux-x86_64-debian-gcc, r-devel-linux-x86_64-fedora-clang, r-devel-linux-x86_64-fedora-gcc

Version: 1.02.1
Check: compiled code
Result: NOTE
    File ‘oem/libs/oem.so’:
     Found ‘_rand’, possibly from ‘rand’ (C)
     Object: ‘oem.o’
    
    Compiled code should not call entry points which might terminate R nor
    write to stdout/stderr instead of to the console, nor the C RNG.
    
    See ‘Writing portable packages’ in the ‘Writing R Extensions’ manual.
Flavor: r-devel-osx-x86_64-clang

Version: 1.02.1
Check: compiled code
Result: NOTE
    File 'oem/libs/i386/oem.dll':
     Found 'rand', possibly from 'rand' (C)
     Object: 'oem.o'
    File 'oem/libs/x64/oem.dll':
     Found 'rand', possibly from 'rand' (C)
     Object: 'oem.o'
    
    Compiled code should not call entry points which might terminate R nor
    write to stdout/stderr instead of to the console, nor the C RNG.
    
    See 'Writing portable packages' in the 'Writing R Extensions' manual.
Flavor: r-devel-windows-ix86+x86_64