CRAN Package Check Results for Package oem

Last updated on 2017-08-23 09:47:21.

Flavor Version Tinstall Tcheck Ttotal Status Flags
r-devel-linux-x86_64-debian-clang 2.0.6 201.69 148.37 350.06 OK
r-devel-linux-x86_64-debian-gcc 2.0.6 207.40 154.69 362.08 OK
r-devel-linux-x86_64-fedora-clang 2.0.6 696.80 NOTE
r-devel-linux-x86_64-fedora-gcc 2.0.6 668.26 NOTE
r-devel-windows-ix86+x86_64 2.0.6 440.00 328.00 768.00 OK
r-patched-linux-x86_64 2.0.6 204.04 137.31 341.35 OK
r-patched-solaris-x86 2.0.6 932.80 OK
r-release-linux-x86_64 2.0.6 202.52 145.54 348.06 OK
r-release-windows-ix86+x86_64 2.0.6 414.00 256.00 670.00 OK
r-release-osx-x86_64 2.0.6 NOTE
r-oldrel-windows-ix86+x86_64 2.0.6 563.00 290.00 853.00 OK
r-oldrel-osx-x86_64 2.0.6 NOTE

Additional issues

clang-ASAN clang-UBSAN

Check Details

Version: 2.0.6
Check: installed package size
Result: NOTE
     installed size is 92.9Mb
     sub-directories of 1Mb or more:
     libs 92.5Mb
Flavors: r-devel-linux-x86_64-fedora-clang, r-devel-linux-x86_64-fedora-gcc, r-release-osx-x86_64, r-oldrel-osx-x86_64