CRAN Package Check Results for Package oem

Last updated on 2014-04-24 07:52:32.

Flavor Version Tinstall Tcheck Ttotal Status Flags
r-devel-linux-x86_64-debian-clang 1.02.1 7.66 15.55 23.21 OK
r-devel-linux-x86_64-debian-gcc 1.02.1 9.22 15.75 24.97 OK
r-devel-linux-x86_64-fedora-clang 1.02.1 47.79 OK
r-devel-linux-x86_64-fedora-gcc 1.02.1 47.45 OK
r-devel-osx-x86_64-clang 1.02.1 44.66 OK
r-devel-osx-x86_64-gcc 1.02.1 OK
r-devel-windows-ix86+x86_64 1.02.1 28.00 38.00 66.00 OK
r-patched-linux-x86_64 1.02.1 9.27 15.95 25.22 OK
r-patched-solaris-sparc 1.02.1 287.20 OK
r-patched-solaris-x86 1.02.1 66.30 OK
r-release-linux-ix86 1.02.1 14.00 32.00 46.00 OK
r-release-linux-x86_64 1.02.1 9.22 15.70 24.92 OK
r-release-osx-x86_64-mavericks 1.02.1 WARN
r-release-osx-x86_64-snowleopard 1.02.1 OK
r-release-windows-ix86+x86_64 1.02.1 43.00 54.00 97.00 OK
r-oldrel-windows-ix86+x86_64 1.02.1 31.00 40.00 71.00 OK

Check Details

Version: 1.02.1
Check: PDF version of manual
Result: WARNING
    LaTeX errors when creating PDF version.
    This typically indicates Rd problems.
    LaTeX errors found:
    ! LaTeX Error: File `upquote.sty' not found.
    
    Type X to quit or <RETURN> to proceed,
    or enter new name. (Default extension: sty)
    
    2c8f4dd8/Rd2.tex:8: ==> Fatal error occurred, no output PDF file produced!
Flavor: r-release-osx-x86_64-mavericks