CRAN Package Check Results for Package oem

Last updated on 2017-01-22 09:48:21.

Flavor Version Tinstall Tcheck Ttotal Status Flags
r-devel-linux-x86_64-debian-clang 2.0.3 195.90 157.14 353.03 OK
r-devel-linux-x86_64-debian-gcc 2.0.3 203.74 169.13 372.87 OK
r-devel-linux-x86_64-fedora-clang 2.0.3 710.17 NOTE --no-stop-on-test-error
r-devel-linux-x86_64-fedora-gcc 2.0.3 707.21 NOTE --no-stop-on-test-error
r-devel-macos-x86_64-clang 2.0.3 487.41 OK --no-stop-on-test-error
r-devel-windows-ix86+x86_64 2.0.3 528.00 304.00 832.00 WARN
r-patched-linux-x86_64 2.0.3 179.05 149.30 328.35 OK
r-patched-solaris-sparc 2.0.3 5977.10 OK
r-patched-solaris-x86 2.0.3 892.80 OK
r-release-linux-x86_64 2.0.3 177.01 154.22 331.24 OK
r-release-osx-x86_64-mavericks 2.0.3 NOTE
r-release-windows-ix86+x86_64 2.0.3 662.00 307.00 969.00 OK
r-oldrel-windows-ix86+x86_64 2.0.3 619.00 343.00 962.00 OK

Memtest notes: clang-UBSAN clang-UBSAN

Check Details

Version: 2.0.3
Flags: --no-stop-on-test-error
Check: installed package size
Result: NOTE
     installed size is 103.6Mb
     sub-directories of 1Mb or more:
     libs 103.2Mb
Flavors: r-devel-linux-x86_64-fedora-clang, r-devel-linux-x86_64-fedora-gcc

Version: 2.0.3
Check: whether package can be installed
Result: WARN
    Found the following significant warnings:
     d:/RCompile/CRANpkg/lib/3.4/BH/include/boost/unordered/detail/buckets.hpp:586:29: warning: ISO C++ 1998 does not support 'long long' [-Wlong-long]
     d:/RCompile/CRANpkg/lib/3.4/BH/include/boost/unordered/detail/buckets.hpp:591:38: warning: ISO C++ 1998 does not support 'long long' [-Wlong-long]
Flavor: r-devel-windows-ix86+x86_64

Version: 2.0.3
Check: installed package size
Result: NOTE
     installed size is 98.0Mb
     sub-directories of 1Mb or more:
     libs 97.7Mb
Flavor: r-release-osx-x86_64-mavericks