CRAN Package Check Results for Package ohoegdm

Last updated on 2022-12-08 20:49:20 CET.

Flavor Version Tinstall Tcheck Ttotal Status Flags
r-devel-linux-x86_64-debian-clang 0.1.0 44.99 29.93 74.92 OK
r-devel-linux-x86_64-debian-gcc 0.1.0 38.22 23.84 62.06 OK
r-devel-linux-x86_64-fedora-clang 0.1.0 116.05 OK
r-devel-linux-x86_64-fedora-gcc 0.1.0 109.89 OK
r-devel-windows-x86_64 0.1.0 41.00 78.00 119.00 OK
r-patched-linux-x86_64 0.1.0 41.99 27.59 69.58 OK
r-release-linux-x86_64 0.1.0 40.04 28.69 68.73 OK
r-release-macos-arm64 0.1.0 31.00 OK
r-release-macos-x86_64 0.1.0 38.00 OK
r-release-windows-x86_64 0.1.0 47.00 78.00 125.00 OK
r-oldrel-macos-arm64 0.1.0 34.00 NOTE
r-oldrel-macos-x86_64 0.1.0 38.00 OK
r-oldrel-windows-ix86+x86_64 0.1.0 105.00 79.00 184.00 OK

Check Details

Version: 0.1.0
Check: installed package size
Result: NOTE
     installed size is 5.0Mb
     sub-directories of 1Mb or more:
     libs 4.9Mb
Flavor: r-oldrel-macos-arm64