CRAN Package Check Results for Package ohoegdm

Last updated on 2023-11-28 17:48:24 CET.

Flavor Version Tinstall Tcheck Ttotal Status Flags
r-devel-linux-x86_64-debian-clang 0.1.0 47.84 28.84 76.68 NOTE
r-devel-linux-x86_64-debian-gcc 0.1.0 33.01 22.39 55.40 NOTE
r-devel-linux-x86_64-fedora-clang 0.1.0 105.13 NOTE
r-devel-linux-x86_64-fedora-gcc 0.1.0 107.85 NOTE
r-devel-windows-x86_64 0.1.0 34.00 72.00 106.00 NOTE
r-patched-linux-x86_64 0.1.0 43.07 28.33 71.40 NOTE
r-release-linux-x86_64 0.1.0 38.41 28.35 66.76 NOTE
r-release-macos-arm64 0.1.0 30.00 NOTE
r-release-macos-x86_64 0.1.0 49.00 NOTE
r-release-windows-x86_64 0.1.0 47.00 72.00 119.00 NOTE
r-oldrel-macos-arm64 0.1.0 31.00 OK
r-oldrel-macos-x86_64 0.1.0 38.00 OK
r-oldrel-windows-x86_64 0.1.0 43.00 72.00 115.00 OK

Check Details

Version: 0.1.0
Check: C++ specification
Result: NOTE Specified C++11: please drop specification unless essential Flavors: r-devel-linux-x86_64-debian-clang, r-devel-linux-x86_64-debian-gcc, r-devel-linux-x86_64-fedora-clang, r-devel-linux-x86_64-fedora-gcc, r-devel-windows-x86_64, r-patched-linux-x86_64, r-release-linux-x86_64, r-release-macos-arm64, r-release-macos-x86_64, r-release-windows-x86_64