CRAN Package Check Results for Package okmesonet

Last updated on 2015-03-02 19:52:21.

Flavor Version Tinstall Tcheck Ttotal Status Flags
r-devel-linux-x86_64-debian-clang 0.1.5 0.86 13.46 14.32 NOTE
r-devel-linux-x86_64-debian-gcc 0.1.5 0.80 13.19 13.99 NOTE
r-devel-linux-x86_64-fedora-clang 0.1.5 28.02 NOTE
r-devel-linux-x86_64-fedora-gcc 0.1.5 26.94 NOTE
r-devel-osx-x86_64-clang 0.1.5 29.30 NOTE
r-devel-windows-ix86+x86_64 0.1.5 7.00 29.00 36.00 NOTE
r-patched-linux-x86_64 0.1.5 1.34 16.00 17.34 NOTE
r-patched-solaris-sparc 0.1.5 189.60 NOTE
r-patched-solaris-x86 0.1.5 48.00 NOTE
r-release-linux-ix86 0.1.5 1.37 21.85 23.22 NOTE
r-release-linux-x86_64 0.1.5 1.07 15.54 16.60 NOTE
r-release-osx-x86_64-mavericks 0.1.5 NOTE
r-release-osx-x86_64-snowleopard 0.1.5 NOTE
r-release-windows-ix86+x86_64 0.1.5 8.00 26.00 34.00 NOTE
r-oldrel-windows-ix86+x86_64 0.1.5 4.00 28.00 32.00 NOTE

Check Details

Version: 0.1.5
Check: R code for possible problems
Result: NOTE
    nearstn: no visible binding for global variable ‘okstations’
    nearstn: no visible binding for global variable ‘Commissioned’
    nearstn: no visible binding for global variable ‘Decommissioned’
    okmts: no visible binding for global variable ‘okstations’
    okmts: no visible binding for global variable ‘TIME’
    totalprecip: no visible binding for global variable ‘TIME’
Flavors: r-devel-linux-x86_64-debian-clang, r-devel-linux-x86_64-debian-gcc, r-devel-linux-x86_64-fedora-clang, r-devel-linux-x86_64-fedora-gcc, r-devel-osx-x86_64-clang, r-devel-windows-ix86+x86_64, r-patched-linux-x86_64, r-patched-solaris-sparc, r-patched-solaris-x86, r-release-linux-ix86, r-release-linux-x86_64, r-release-osx-x86_64-mavericks, r-release-osx-x86_64-snowleopard, r-release-windows-ix86+x86_64

Version: 0.1.5
Check: R code for possible problems
Result: NOTE
    nearstn: no visible binding for global variable 'Commissioned'
    nearstn: no visible binding for global variable 'Decommissioned'
    okmts: no visible binding for global variable 'TIME'
    totalprecip: no visible binding for global variable 'TIME'
Flavor: r-oldrel-windows-ix86+x86_64