CRAN Package Check Results for Package okmesonet

Last updated on 2018-04-22 23:50:31 CEST.

Flavor Version Tinstall Tcheck Ttotal Status Flags
r-devel-linux-x86_64-debian-clang 0.1.5 1.38 21.41 22.79 NOTE
r-devel-linux-x86_64-debian-gcc 0.1.5 1.11 18.97 20.08 NOTE
r-devel-linux-x86_64-fedora-clang 0.1.5 31.00 NOTE
r-devel-linux-x86_64-fedora-gcc 0.1.5 29.32 NOTE
r-devel-windows-ix86+x86_64 0.1.5 5.00 36.00 41.00 NOTE
r-devel-osx-x86_64 0.1.5 NOTE
r-patched-linux-x86_64 0.1.5 1.55 23.35 24.90 NOTE
r-patched-solaris-x86 0.1.5 46.90 NOTE
r-release-linux-x86_64 0.1.5 1.36 23.31 24.67 NOTE
r-release-windows-ix86+x86_64 0.1.5 3.00 71.00 74.00 NOTE
r-release-osx-x86_64 0.1.5 NOTE
r-oldrel-windows-ix86+x86_64 0.1.5 4.00 32.00 36.00 NOTE

Check Details

Version: 0.1.5
Check: R code for possible problems
Result: NOTE
    avgokmts: no visible global function definition for ‘aggregate’
    downloadstn: no visible global function definition for ‘read.csv’
    nearstn: no visible binding for global variable ‘okstations’
    nearstn: no visible binding for global variable ‘Commissioned’
    nearstn: no visible binding for global variable ‘Decommissioned’
    okcurobs: no visible global function definition for ‘read.csv’
    okmts: no visible binding for global variable ‘okstations’
    okmts: no visible binding for global variable ‘TIME’
    retrievemts: no visible global function definition for ‘read.csv’
    totalprecip: no visible binding for global variable ‘TIME’
    totalprecip: no visible global function definition for ‘aggregate’
    vincenty: no visible global function definition for ‘runif’
    Undefined global functions or variables:
     Commissioned Decommissioned TIME aggregate okstations read.csv runif
    Consider adding
     importFrom("stats", "aggregate", "runif")
     importFrom("utils", "read.csv")
    to your NAMESPACE file.
Flavors: r-devel-linux-x86_64-debian-clang, r-devel-linux-x86_64-debian-gcc, r-devel-linux-x86_64-fedora-clang, r-devel-linux-x86_64-fedora-gcc, r-devel-windows-ix86+x86_64, r-devel-osx-x86_64, r-patched-linux-x86_64, r-patched-solaris-x86, r-release-linux-x86_64, r-release-windows-ix86+x86_64, r-release-osx-x86_64, r-oldrel-windows-ix86+x86_64