CRAN Package Check Results for Package okmesonet

Last updated on 2015-07-07 03:47:48.

Flavor Version Tinstall Tcheck Ttotal Status Flags
r-devel-linux-x86_64-debian-clang 0.1.5 0.78 13.28 14.06 NOTE
r-devel-linux-x86_64-debian-gcc 0.1.5 0.81 12.95 13.76 NOTE
r-devel-linux-x86_64-fedora-clang 0.1.5 26.64 NOTE
r-devel-linux-x86_64-fedora-gcc 0.1.5 25.72 NOTE
r-devel-osx-x86_64-clang 0.1.5 25.62 NOTE
r-devel-windows-ix86+x86_64 0.1.5 4.00 22.00 26.00 NOTE
r-patched-linux-x86_64 0.1.5 0.80 13.08 13.88 NOTE
r-patched-solaris-sparc 0.1.5 181.50 NOTE
r-patched-solaris-x86 0.1.5 41.80 NOTE
r-release-linux-x86_64 0.1.5 0.95 13.12 14.08 NOTE
r-release-osx-x86_64-mavericks 0.1.5 NOTE
r-release-windows-ix86+x86_64 0.1.5 4.00 22.00 26.00 NOTE
r-oldrel-windows-ix86+x86_64 0.1.5 4.00 27.00 31.00 NOTE

Check Details

Version: 0.1.5
Check: R code for possible problems
Result: NOTE
    avgokmts: no visible global function definition for ‘aggregate’
    downloadstn: no visible global function definition for ‘read.csv’
    nearstn: no visible binding for global variable ‘okstations’
    nearstn: no visible binding for global variable ‘Commissioned’
    nearstn: no visible binding for global variable ‘Decommissioned’
    okcurobs: no visible global function definition for ‘read.csv’
    okmts: no visible binding for global variable ‘okstations’
    okmts: no visible binding for global variable ‘TIME’
    retrievemts: no visible global function definition for ‘read.csv’
    totalprecip: no visible binding for global variable ‘TIME’
    totalprecip: no visible global function definition for ‘aggregate’
    vincenty: no visible global function definition for ‘runif’
    Undefined global functions or variables:
     Commissioned Decommissioned TIME aggregate okstations read.csv runif
Flavors: r-devel-linux-x86_64-debian-clang, r-devel-linux-x86_64-debian-gcc, r-devel-linux-x86_64-fedora-clang, r-devel-linux-x86_64-fedora-gcc, r-devel-windows-ix86+x86_64

Version: 0.1.5
Check: R code for possible problems
Result: NOTE
    nearstn: no visible binding for global variable ‘okstations’
    nearstn: no visible binding for global variable ‘Commissioned’
    nearstn: no visible binding for global variable ‘Decommissioned’
    okmts: no visible binding for global variable ‘okstations’
    okmts: no visible binding for global variable ‘TIME’
    totalprecip: no visible binding for global variable ‘TIME’
    Undefined global functions or variables:
     Commissioned Decommissioned TIME okstations
Flavor: r-devel-osx-x86_64-clang

Version: 0.1.5
Check: R code for possible problems
Result: NOTE
    nearstn: no visible binding for global variable ‘okstations’
    nearstn: no visible binding for global variable ‘Commissioned’
    nearstn: no visible binding for global variable ‘Decommissioned’
    okmts: no visible binding for global variable ‘okstations’
    okmts: no visible binding for global variable ‘TIME’
    totalprecip: no visible binding for global variable ‘TIME’
Flavors: r-patched-linux-x86_64, r-patched-solaris-sparc, r-patched-solaris-x86, r-release-linux-x86_64, r-release-osx-x86_64-mavericks, r-release-windows-ix86+x86_64, r-oldrel-windows-ix86+x86_64