CRAN Package Check Results for Package okmesonet

Last updated on 2015-04-25 15:46:18.

Flavor Version Tinstall Tcheck Ttotal Status Flags
r-devel-linux-x86_64-debian-clang 0.1.5 0.82 13.69 14.51 NOTE
r-devel-linux-x86_64-debian-gcc 0.1.5 0.92 13.41 14.33 NOTE
r-devel-linux-x86_64-fedora-clang 0.1.5 28.36 NOTE
r-devel-linux-x86_64-fedora-gcc 0.1.5 26.23 NOTE
r-devel-osx-x86_64-clang 0.1.5 28.89 NOTE
r-devel-windows-ix86+x86_64 0.1.5 3.00 23.00 26.00 NOTE
r-patched-linux-x86_64 0.1.5 0.80 13.48 14.29 NOTE
r-patched-solaris-sparc 0.1.5 183.30 NOTE
r-patched-solaris-x86 0.1.5 39.40 NOTE
r-release-linux-x86_64 0.1.5 0.87 13.71 14.58 NOTE
r-release-osx-x86_64-mavericks 0.1.5 NOTE
r-release-osx-x86_64-snowleopard 0.1.5 NOTE
r-release-windows-ix86+x86_64 0.1.5 3.00 22.00 25.00 NOTE
r-oldrel-windows-ix86+x86_64 0.1.5 3.00 26.00 29.00 NOTE

Check Details

Version: 0.1.5
Check: R code for possible problems
Result: NOTE
    nearstn: no visible binding for global variable 'okstations'
    nearstn: no visible binding for global variable 'Commissioned'
    nearstn: no visible binding for global variable 'Decommissioned'
    okmts: no visible binding for global variable 'okstations'
    okmts: no visible binding for global variable 'TIME'
    totalprecip: no visible binding for global variable 'TIME'
Flavors: r-devel-windows-ix86+x86_64, r-release-windows-ix86+x86_64, r-oldrel-windows-ix86+x86_64