CRAN Package Check Results for Package okmesonet

Last updated on 2014-11-26 23:48:47.

Flavor Version Tinstall Tcheck Ttotal Status Flags
r-devel-linux-x86_64-debian-clang 0.1.4 6.52 111.95 118.48 NOTE
r-devel-linux-x86_64-debian-gcc 0.1.4 11.55 83.87 95.42 NOTE
r-devel-linux-x86_64-fedora-clang 0.1.4 36.49 NOTE
r-devel-linux-x86_64-fedora-gcc 0.1.4 37.75 NOTE
r-devel-osx-x86_64-clang 0.1.4 150.20 NOTE
r-devel-windows-ix86+x86_64 0.1.4 77.00 1.00 78.00 ERROR
r-patched-linux-x86_64 0.1.4 6.55 91.61 98.16 NOTE
r-patched-solaris-sparc 0.1.4 197.20 NOTE
r-patched-solaris-x86 0.1.4 49.30 NOTE
r-release-linux-ix86 0.1.4 7.44 168.14 175.58 NOTE
r-release-linux-x86_64 0.1.4 5.54 93.44 98.98 NOTE
r-release-osx-x86_64-mavericks 0.1.4 NOTE
r-release-osx-x86_64-snowleopard 0.1.4 NOTE
r-release-windows-ix86+x86_64 0.1.4 13.00 107.00 120.00 NOTE
r-oldrel-windows-ix86+x86_64 0.1.4 14.00 110.00 124.00 NOTE

Check Details

Version: 0.1.4
Check: R code for possible problems
Result: NOTE
    downloadstn: no visible global function definition for
     ‘data.checkgeoinfo’
    nearstn: no visible binding for global variable ‘okstations’
    nearstn: no visible binding for global variable ‘Commissioned’
    nearstn: no visible binding for global variable ‘Decommissioned’
    okmts: no visible binding for global variable ‘okstations’
    okmts: no visible binding for global variable ‘TIME’
    totalprecip: no visible binding for global variable ‘TIME’
Flavors: r-devel-linux-x86_64-debian-clang, r-devel-linux-x86_64-debian-gcc, r-devel-linux-x86_64-fedora-clang, r-devel-linux-x86_64-fedora-gcc, r-devel-osx-x86_64-clang, r-patched-linux-x86_64, r-patched-solaris-sparc, r-patched-solaris-x86, r-release-linux-ix86, r-release-linux-x86_64, r-release-windows-ix86+x86_64

Version: 0.1.4
Check: whether package can be installed
Result: ERROR
    Installation failed.
Flavor: r-devel-windows-ix86+x86_64

Version: 0.1.4
Check: R code for possible problems
Result: NOTE
    nearstn: no visible binding for global variable ‘Commissioned’
    nearstn: no visible binding for global variable ‘Decommissioned’
    okmts: no visible binding for global variable ‘TIME’
    totalprecip: no visible binding for global variable ‘TIME’
Flavors: r-release-osx-x86_64-mavericks, r-release-osx-x86_64-snowleopard, r-oldrel-windows-ix86+x86_64