CRAN Package Check Results for Package okmesonet

Last updated on 2014-09-03 05:47:48.

Flavor Version Tinstall Tcheck Ttotal Status Flags
r-devel-linux-x86_64-debian-clang 0.1.4 5.94 123.22 129.16 NOTE
r-devel-linux-x86_64-debian-gcc 0.1.4 6.36 97.61 103.97 NOTE
r-devel-linux-x86_64-fedora-clang 0.1.4 35.28 NOTE
r-devel-linux-x86_64-fedora-gcc 0.1.4 31.81 NOTE
r-devel-osx-x86_64-clang 0.1.4 173.67 NOTE
r-devel-windows-ix86+x86_64 0.1.4 14.00 114.00 128.00 NOTE
r-patched-linux-x86_64 0.1.4 6.78 97.67 104.45 NOTE
r-patched-solaris-sparc 0.1.4 207.90 NOTE
r-patched-solaris-x86 0.1.4 48.40 NOTE
r-release-linux-ix86 0.1.4 8.08 92.34 100.43 NOTE
r-release-linux-x86_64 0.1.4 63.66 1.44 65.10 ERROR
r-release-osx-x86_64-mavericks 0.1.4 NOTE
r-release-osx-x86_64-snowleopard 0.1.4 NOTE
r-release-windows-ix86+x86_64 0.1.4 14.00 104.00 118.00 NOTE
r-oldrel-windows-ix86+x86_64 0.1.4 16.00 127.00 143.00 NOTE

Check Details

Version: 0.1.4
Check: R code for possible problems
Result: NOTE
    downloadstn: no visible global function definition for
     ‘data.checkgeoinfo’
    nearstn: no visible binding for global variable ‘okstations’
    nearstn: no visible binding for global variable ‘Commissioned’
    nearstn: no visible binding for global variable ‘Decommissioned’
    okmts: no visible binding for global variable ‘okstations’
    okmts: no visible binding for global variable ‘TIME’
    totalprecip: no visible binding for global variable ‘TIME’
Flavors: r-devel-linux-x86_64-debian-clang, r-devel-linux-x86_64-debian-gcc, r-devel-linux-x86_64-fedora-clang, r-devel-linux-x86_64-fedora-gcc, r-devel-osx-x86_64-clang, r-devel-windows-ix86+x86_64

Version: 0.1.4
Check: R code for possible problems
Result: NOTE
    nearstn: no visible binding for global variable ‘Commissioned’
    nearstn: no visible binding for global variable ‘Decommissioned’
    okmts: no visible binding for global variable ‘TIME’
    totalprecip: no visible binding for global variable ‘TIME’
Flavors: r-patched-linux-x86_64, r-patched-solaris-sparc, r-patched-solaris-x86, r-release-linux-ix86, r-release-osx-x86_64-mavericks, r-release-osx-x86_64-snowleopard, r-release-windows-ix86+x86_64, r-oldrel-windows-ix86+x86_64

Version: 0.1.4
Check: whether package can be installed
Result: ERROR
    Installation failed.
Flavor: r-release-linux-x86_64