CRAN Package Check Results for Package okmesonet

Last updated on 2015-08-03 08:48:47.

Flavor Version Tinstall Tcheck Ttotal Status Flags
r-devel-linux-x86_64-debian-clang 0.1.5 0.84 13.50 14.34 NOTE
r-devel-linux-x86_64-debian-gcc 0.1.5 0.79 12.92 13.71 NOTE
r-devel-linux-x86_64-fedora-clang 0.1.5 29.02 NOTE
r-devel-linux-x86_64-fedora-gcc 0.1.5 25.68 NOTE
r-devel-osx-x86_64-clang 0.1.5 25.79 NOTE
r-devel-windows-ix86+x86_64 0.1.5 3.00 24.00 27.00 NOTE
r-patched-linux-x86_64 0.1.5 0.82 13.20 14.01 NOTE
r-patched-solaris-sparc 0.1.5 177.90 NOTE
r-patched-solaris-x86 0.1.5 42.60 NOTE
r-release-linux-x86_64 0.1.5 0.83 13.12 13.94 NOTE
r-release-osx-x86_64-mavericks 0.1.5 NOTE
r-release-windows-ix86+x86_64 0.1.5 5.00 26.00 31.00 NOTE
r-oldrel-windows-ix86+x86_64 0.1.5 5.00 45.00 50.00 NOTE

Check Details

Version: 0.1.5
Check: R code for possible problems
Result: NOTE
    avgokmts: no visible global function definition for ‘aggregate’
    downloadstn: no visible global function definition for ‘read.csv’
    nearstn: no visible binding for global variable ‘okstations’
    nearstn: no visible binding for global variable ‘Commissioned’
    nearstn: no visible binding for global variable ‘Decommissioned’
    okcurobs: no visible global function definition for ‘read.csv’
    okmts: no visible binding for global variable ‘okstations’
    okmts: no visible binding for global variable ‘TIME’
    retrievemts: no visible global function definition for ‘read.csv’
    totalprecip: no visible binding for global variable ‘TIME’
    totalprecip: no visible global function definition for ‘aggregate’
    vincenty: no visible global function definition for ‘runif’
    Undefined global functions or variables:
     Commissioned Decommissioned TIME aggregate okstations read.csv runif
    Consider adding
     importFrom("stats", "aggregate", "runif")
     importFrom("utils", "read.csv")
    to your NAMESPACE.
Flavors: r-devel-linux-x86_64-debian-clang, r-devel-linux-x86_64-debian-gcc, r-devel-linux-x86_64-fedora-clang, r-devel-linux-x86_64-fedora-gcc, r-devel-windows-ix86+x86_64

Version: 0.1.5
Check: R code for possible problems
Result: NOTE
    nearstn: no visible binding for global variable ‘okstations’
    nearstn: no visible binding for global variable ‘Commissioned’
    nearstn: no visible binding for global variable ‘Decommissioned’
    okmts: no visible binding for global variable ‘okstations’
    okmts: no visible binding for global variable ‘TIME’
    totalprecip: no visible binding for global variable ‘TIME’
    Undefined global functions or variables:
     Commissioned Decommissioned TIME okstations
Flavor: r-devel-osx-x86_64-clang

Version: 0.1.5
Check: R code for possible problems
Result: NOTE
    nearstn: no visible binding for global variable ‘okstations’
    nearstn: no visible binding for global variable ‘Commissioned’
    nearstn: no visible binding for global variable ‘Decommissioned’
    okmts: no visible binding for global variable ‘okstations’
    okmts: no visible binding for global variable ‘TIME’
    totalprecip: no visible binding for global variable ‘TIME’
Flavors: r-patched-linux-x86_64, r-patched-solaris-sparc, r-patched-solaris-x86, r-release-linux-x86_64, r-release-osx-x86_64-mavericks, r-release-windows-ix86+x86_64, r-oldrel-windows-ix86+x86_64