CRAN Package Check Results for Package okmesonet

Last updated on 2014-10-23 13:47:55.

Flavor Version Tinstall Tcheck Ttotal Status Flags
r-devel-linux-x86_64-debian-clang 0.1.4 6.33 103.65 109.98 NOTE
r-devel-linux-x86_64-debian-gcc 0.1.4 8.92 104.30 113.22 NOTE
r-devel-linux-x86_64-fedora-clang 0.1.4 35.00 NOTE
r-devel-linux-x86_64-fedora-gcc 0.1.4 32.99 NOTE
r-devel-osx-x86_64-clang 0.1.4 128.93 NOTE
r-devel-windows-ix86+x86_64 0.1.4 29.00 111.00 140.00 NOTE
r-patched-linux-x86_64 0.1.4 6.36 168.86 175.22 NOTE
r-patched-solaris-sparc 0.1.4 197.20 NOTE
r-patched-solaris-x86 0.1.4 49.40 NOTE
r-release-linux-ix86 0.1.4 8.59 115.32 123.91 NOTE
r-release-linux-x86_64 0.1.4 8.98 105.39 114.37 NOTE
r-release-osx-x86_64-mavericks 0.1.4 NOTE
r-release-osx-x86_64-snowleopard 0.1.4 NOTE
r-release-windows-ix86+x86_64 0.1.4 72.00 1.00 73.00 ERROR
r-oldrel-windows-ix86+x86_64 0.1.4 14.00 113.00 127.00 NOTE

Check Details

Version: 0.1.4
Check: R code for possible problems
Result: NOTE
    downloadstn: no visible global function definition for
     ‘data.checkgeoinfo’
    nearstn: no visible binding for global variable ‘okstations’
    nearstn: no visible binding for global variable ‘Commissioned’
    nearstn: no visible binding for global variable ‘Decommissioned’
    okmts: no visible binding for global variable ‘okstations’
    okmts: no visible binding for global variable ‘TIME’
    totalprecip: no visible binding for global variable ‘TIME’
Flavors: r-devel-linux-x86_64-debian-clang, r-devel-linux-x86_64-debian-gcc, r-devel-linux-x86_64-fedora-clang, r-devel-linux-x86_64-fedora-gcc, r-devel-osx-x86_64-clang, r-devel-windows-ix86+x86_64, r-patched-linux-x86_64, r-patched-solaris-sparc, r-patched-solaris-x86

Version: 0.1.4
Check: dependencies in R code
Result: NOTE
    Error: package or namespace load failed for ‘okmesonet’
    Call sequence:
    2: stop(gettextf("package or namespace load failed for %s", sQuote(package)),
     call. = FALSE, domain = NA)
    1: library(package, lib.loc = lib.loc, character.only = TRUE, verbose = FALSE)
    Execution halted
    See the information on DESCRIPTION files in the chapter ‘Creating R
    packages’ of the ‘Writing R Extensions’ manual.
Flavor: r-patched-linux-x86_64

Version: 0.1.4
Check: R code for possible problems
Result: NOTE
    nearstn: no visible binding for global variable ‘Commissioned’
    nearstn: no visible binding for global variable ‘Decommissioned’
    okmts: no visible binding for global variable ‘TIME’
    totalprecip: no visible binding for global variable ‘TIME’
Flavors: r-release-linux-ix86, r-release-linux-x86_64, r-release-osx-x86_64-mavericks, r-release-osx-x86_64-snowleopard, r-oldrel-windows-ix86+x86_64

Version: 0.1.4
Check: whether package can be installed
Result: ERROR
    Installation failed.
Flavor: r-release-windows-ix86+x86_64