CRAN Package Check Results for Package okmesonet

Last updated on 2016-05-27 03:49:58.

Flavor Version Tinstall Tcheck Ttotal Status Flags
r-devel-linux-x86_64-debian-gcc 0.1.5 0.83 13.23 14.06 NOTE
r-devel-linux-x86_64-fedora-clang 0.1.5 24.50 NOTE
r-devel-linux-x86_64-fedora-gcc 0.1.5 22.92 NOTE
r-devel-osx-x86_64-clang 0.1.5 28.42 NOTE
r-devel-windows-ix86+x86_64 0.1.5 2.00 33.00 35.00 NOTE
r-patched-linux-x86_64 0.1.5 0.87 13.39 14.26 NOTE
r-patched-solaris-sparc 0.1.5 159.20 NOTE
r-patched-solaris-x86 0.1.5 36.00 NOTE
r-release-linux-x86_64 0.1.5 0.86 12.97 13.83 NOTE
r-release-osx-x86_64-mavericks 0.1.5 NOTE
r-release-windows-ix86+x86_64 0.1.5 4.00 30.00 34.00 NOTE
r-oldrel-windows-ix86+x86_64 0.1.5 3.00 53.00 56.00 NOTE

Check Details

Version: 0.1.5
Check: R code for possible problems
Result: NOTE
    avgokmts: no visible global function definition for ‘aggregate’
    downloadstn: no visible global function definition for ‘read.csv’
    nearstn: no visible binding for global variable ‘okstations’
    nearstn: no visible binding for global variable ‘Commissioned’
    nearstn: no visible binding for global variable ‘Decommissioned’
    okcurobs: no visible global function definition for ‘read.csv’
    okmts: no visible binding for global variable ‘okstations’
    okmts: no visible binding for global variable ‘TIME’
    retrievemts: no visible global function definition for ‘read.csv’
    totalprecip: no visible binding for global variable ‘TIME’
    totalprecip: no visible global function definition for ‘aggregate’
    vincenty: no visible global function definition for ‘runif’
    Undefined global functions or variables:
     Commissioned Decommissioned TIME aggregate okstations read.csv runif
    Consider adding
     importFrom("stats", "aggregate", "runif")
     importFrom("utils", "read.csv")
    to your NAMESPACE file.
Flavors: r-devel-linux-x86_64-debian-gcc, r-devel-linux-x86_64-fedora-clang, r-devel-linux-x86_64-fedora-gcc, r-devel-osx-x86_64-clang, r-devel-windows-ix86+x86_64, r-patched-linux-x86_64, r-patched-solaris-sparc, r-patched-solaris-x86, r-release-linux-x86_64, r-release-osx-x86_64-mavericks, r-release-windows-ix86+x86_64

Version: 0.1.5
Check: R code for possible problems
Result: NOTE
    nearstn: no visible binding for global variable 'okstations'
    nearstn: no visible binding for global variable 'Commissioned'
    nearstn: no visible binding for global variable 'Decommissioned'
    okmts: no visible binding for global variable 'okstations'
    okmts: no visible binding for global variable 'TIME'
    totalprecip: no visible binding for global variable 'TIME'
Flavor: r-oldrel-windows-ix86+x86_64