CRAN Package Check Results for Package okmesonet

Last updated on 2014-08-22 22:46:43.

Flavor Version Tinstall Tcheck Ttotal Status Flags
r-devel-linux-x86_64-debian-clang 0.1.4 6.10 90.97 97.07 NOTE
r-devel-linux-x86_64-debian-gcc 0.1.4 6.92 105.72 112.64 NOTE
r-devel-linux-x86_64-fedora-clang 0.1.4 34.20 NOTE
r-devel-linux-x86_64-fedora-gcc 0.1.4 31.79 NOTE
r-devel-osx-x86_64-clang 0.1.4 109.30 NOTE
r-devel-windows-ix86+x86_64 0.1.4 18.00 148.00 166.00 NOTE
r-patched-linux-x86_64 0.1.4 7.13 91.97 99.10 NOTE
r-patched-solaris-sparc 0.1.4 207.90 NOTE
r-patched-solaris-x86 0.1.4 48.40 NOTE
r-release-linux-ix86 0.1.4 7.83 103.54 111.36 NOTE
r-release-linux-x86_64 0.1.4 8.07 87.44 95.51 NOTE
r-release-osx-x86_64-mavericks 0.1.4 NOTE
r-release-osx-x86_64-snowleopard 0.1.4 NOTE
r-release-windows-ix86+x86_64 0.1.4 12.00 104.00 116.00 NOTE
r-oldrel-windows-ix86+x86_64 0.1.4 24.00 99.00 123.00 NOTE

Check Details

Version: 0.1.4
Check: R code for possible problems
Result: NOTE
    downloadstn: no visible global function definition for
     ‘data.checkgeoinfo’
    nearstn: no visible binding for global variable ‘okstations’
    nearstn: no visible binding for global variable ‘Commissioned’
    nearstn: no visible binding for global variable ‘Decommissioned’
    okmts: no visible binding for global variable ‘okstations’
    okmts: no visible binding for global variable ‘TIME’
    totalprecip: no visible binding for global variable ‘TIME’
Flavors: r-devel-linux-x86_64-debian-clang, r-devel-linux-x86_64-fedora-clang, r-devel-linux-x86_64-fedora-gcc, r-devel-osx-x86_64-clang

Version: 0.1.4
Check: R code for possible problems
Result: NOTE
    nearstn: no visible binding for global variable ‘Commissioned’
    nearstn: no visible binding for global variable ‘Decommissioned’
    okmts: no visible binding for global variable ‘TIME’
    totalprecip: no visible binding for global variable ‘TIME’
Flavors: r-devel-linux-x86_64-debian-gcc, r-devel-windows-ix86+x86_64, r-patched-linux-x86_64, r-patched-solaris-sparc, r-patched-solaris-x86, r-release-linux-ix86, r-release-linux-x86_64, r-release-osx-x86_64-mavericks, r-release-osx-x86_64-snowleopard, r-release-windows-ix86+x86_64, r-oldrel-windows-ix86+x86_64