CRAN Package Check Results for Package okmesonet

Last updated on 2017-01-19 23:48:16.

Flavor Version Tinstall Tcheck Ttotal Status Flags
r-devel-linux-x86_64-debian-clang 0.1.5 0.93 15.59 16.52 NOTE
r-devel-linux-x86_64-debian-gcc 0.1.5 0.85 15.36 16.21 NOTE
r-devel-linux-x86_64-fedora-clang 0.1.5 27.53 NOTE --no-stop-on-test-error
r-devel-linux-x86_64-fedora-gcc 0.1.5 26.37 NOTE --no-stop-on-test-error
r-devel-macos-x86_64-clang 0.1.5 23.87 NOTE --no-stop-on-test-error
r-devel-windows-ix86+x86_64 0.1.5 4.00 34.00 38.00 NOTE
r-patched-linux-x86_64 0.1.5 0.79 13.83 14.61 NOTE
r-patched-solaris-sparc 0.1.5 158.20 NOTE
r-patched-solaris-x86 0.1.5 34.70 NOTE
r-release-linux-x86_64 0.1.5 0.90 13.53 14.42 NOTE
r-release-osx-x86_64-mavericks 0.1.5 NOTE
r-release-windows-ix86+x86_64 0.1.5 4.00 46.00 50.00 NOTE
r-oldrel-windows-ix86+x86_64 0.1.5 4.00 28.00 32.00 NOTE

Check Details

Version: 0.1.5
Check: R code for possible problems
Result: NOTE
    avgokmts: no visible global function definition for ‘aggregate’
    downloadstn: no visible global function definition for ‘read.csv’
    nearstn: no visible binding for global variable ‘okstations’
    nearstn: no visible binding for global variable ‘Commissioned’
    nearstn: no visible binding for global variable ‘Decommissioned’
    okcurobs: no visible global function definition for ‘read.csv’
    okmts: no visible binding for global variable ‘okstations’
    okmts: no visible binding for global variable ‘TIME’
    retrievemts: no visible global function definition for ‘read.csv’
    totalprecip: no visible binding for global variable ‘TIME’
    totalprecip: no visible global function definition for ‘aggregate’
    vincenty: no visible global function definition for ‘runif’
    Undefined global functions or variables:
     Commissioned Decommissioned TIME aggregate okstations read.csv runif
    Consider adding
     importFrom("stats", "aggregate", "runif")
     importFrom("utils", "read.csv")
    to your NAMESPACE file.
Flavors: r-devel-linux-x86_64-debian-clang, r-devel-linux-x86_64-debian-gcc, r-devel-windows-ix86+x86_64, r-patched-linux-x86_64, r-patched-solaris-sparc, r-patched-solaris-x86, r-release-linux-x86_64, r-release-osx-x86_64-mavericks, r-release-windows-ix86+x86_64

Version: 0.1.5
Flags: --no-stop-on-test-error
Check: R code for possible problems
Result: NOTE
    avgokmts: no visible global function definition for ‘aggregate’
    downloadstn: no visible global function definition for ‘read.csv’
    nearstn: no visible binding for global variable ‘okstations’
    nearstn: no visible binding for global variable ‘Commissioned’
    nearstn: no visible binding for global variable ‘Decommissioned’
    okcurobs: no visible global function definition for ‘read.csv’
    okmts: no visible binding for global variable ‘okstations’
    okmts: no visible binding for global variable ‘TIME’
    retrievemts: no visible global function definition for ‘read.csv’
    totalprecip: no visible binding for global variable ‘TIME’
    totalprecip: no visible global function definition for ‘aggregate’
    vincenty: no visible global function definition for ‘runif’
    Undefined global functions or variables:
     Commissioned Decommissioned TIME aggregate okstations read.csv runif
    Consider adding
     importFrom("stats", "aggregate", "runif")
     importFrom("utils", "read.csv")
    to your NAMESPACE file.
Flavors: r-devel-linux-x86_64-fedora-clang, r-devel-linux-x86_64-fedora-gcc, r-devel-macos-x86_64-clang

Version: 0.1.5
Check: R code for possible problems
Result: NOTE
    nearstn: no visible binding for global variable 'okstations'
    nearstn: no visible binding for global variable 'Commissioned'
    nearstn: no visible binding for global variable 'Decommissioned'
    okmts: no visible binding for global variable 'okstations'
    okmts: no visible binding for global variable 'TIME'
    totalprecip: no visible binding for global variable 'TIME'
Flavor: r-oldrel-windows-ix86+x86_64