CRAN Package Check Results for Package okmesonet

Last updated on 2016-07-26 11:50:59.

Flavor Version Tinstall Tcheck Ttotal Status Flags
r-devel-linux-x86_64-debian-clang 0.1.5 1.04 16.18 17.22 NOTE
r-devel-linux-x86_64-debian-gcc 0.1.5 1.06 15.77 16.83 NOTE
r-devel-linux-x86_64-fedora-clang 0.1.5 23.26 NOTE
r-devel-linux-x86_64-fedora-gcc 0.1.5 22.58 NOTE
r-devel-osx-x86_64-clang 0.1.5 21.35 NOTE
r-devel-windows-ix86+x86_64 0.1.5 5.00 38.00 43.00 NOTE
r-patched-linux-x86_64 0.1.5 1.28 15.13 16.41 NOTE
r-patched-solaris-sparc 0.1.5 157.70 NOTE
r-patched-solaris-x86 0.1.5 35.20 NOTE
r-release-linux-x86_64 0.1.5 1.23 16.00 17.23 NOTE
r-release-osx-x86_64-mavericks 0.1.5 NOTE
r-release-windows-ix86+x86_64 0.1.5 6.00 38.00 44.00 NOTE
r-oldrel-windows-ix86+x86_64 0.1.5 5.00 38.00 43.00 NOTE

Check Details

Version: 0.1.5
Check: R code for possible problems
Result: NOTE
    avgokmts: no visible global function definition for ‘aggregate’
    downloadstn: no visible global function definition for ‘read.csv’
    nearstn: no visible binding for global variable ‘okstations’
    nearstn: no visible binding for global variable ‘Commissioned’
    nearstn: no visible binding for global variable ‘Decommissioned’
    okcurobs: no visible global function definition for ‘read.csv’
    okmts: no visible binding for global variable ‘okstations’
    okmts: no visible binding for global variable ‘TIME’
    retrievemts: no visible global function definition for ‘read.csv’
    totalprecip: no visible binding for global variable ‘TIME’
    totalprecip: no visible global function definition for ‘aggregate’
    vincenty: no visible global function definition for ‘runif’
    Undefined global functions or variables:
     Commissioned Decommissioned TIME aggregate okstations read.csv runif
    Consider adding
     importFrom("stats", "aggregate", "runif")
     importFrom("utils", "read.csv")
    to your NAMESPACE file.
Flavors: r-devel-linux-x86_64-debian-clang, r-devel-linux-x86_64-debian-gcc, r-devel-linux-x86_64-fedora-clang, r-devel-linux-x86_64-fedora-gcc, r-devel-osx-x86_64-clang, r-devel-windows-ix86+x86_64, r-patched-linux-x86_64, r-patched-solaris-sparc, r-patched-solaris-x86, r-release-linux-x86_64, r-release-osx-x86_64-mavericks, r-release-windows-ix86+x86_64

Version: 0.1.5
Check: R code for possible problems
Result: NOTE
    nearstn: no visible binding for global variable 'okstations'
    nearstn: no visible binding for global variable 'Commissioned'
    nearstn: no visible binding for global variable 'Decommissioned'
    okmts: no visible binding for global variable 'okstations'
    okmts: no visible binding for global variable 'TIME'
    totalprecip: no visible binding for global variable 'TIME'
Flavor: r-oldrel-windows-ix86+x86_64