CRAN Package Check Results for Package okmesonet

Last updated on 2014-04-25 09:52:19.

Flavor Version Tinstall Tcheck Ttotal Status Flags
r-devel-linux-x86_64-debian-clang 0.1.4 61.80 104.02 165.82 WARN
r-devel-linux-x86_64-debian-gcc 0.1.4 8.30 103.67 111.97 NOTE
r-devel-linux-x86_64-fedora-clang 0.1.4 34.50 NOTE
r-devel-linux-x86_64-fedora-gcc 0.1.4 33.90 NOTE
r-devel-osx-x86_64-clang 0.1.4 129.63 NOTE
r-devel-osx-x86_64-gcc 0.1.4 NOTE
r-devel-windows-ix86+x86_64 0.1.4 18.00 119.00 137.00 NOTE
r-patched-linux-x86_64 0.1.4 9.49 96.75 106.24 NOTE
r-patched-solaris-sparc 0.1.4 195.00 NOTE
r-patched-solaris-x86 0.1.4 49.70 NOTE
r-release-linux-ix86 0.1.4 7.00 113.00 120.00 NOTE
r-release-linux-x86_64 0.1.4 11.54 89.39 100.93 NOTE
r-release-osx-x86_64-mavericks 0.1.4 NOTE
r-release-osx-x86_64-snowleopard 0.1.4 NOTE
r-release-windows-ix86+x86_64 0.1.4 13.00 93.00 106.00 NOTE
r-oldrel-windows-ix86+x86_64 0.1.4 13.00 117.00 130.00 NOTE

Check Details

Version: 0.1.4
Check: whether package can be installed
Result: WARNING
    Found the following significant warnings:
     Warning: Oklahoma Mesonet station list unavailable. Check http://www.mesonet.org/index.php/api/siteinfo/from_all_active_with_geo_fields/format/csv/ for connectivity and run updatestn() to update station list.
    See ‘/home/hornik/tmp/R.check/r-devel-clang/Work/PKGS/okmesonet.Rcheck/00install.out’ for details.
Flavor: r-devel-linux-x86_64-debian-clang

Version: 0.1.4
Check: R code for possible problems
Result: NOTE
    nearstn: no visible binding for global variable ‘Commissioned’
    nearstn: no visible binding for global variable ‘Decommissioned’
    okmts: no visible binding for global variable ‘TIME’
    totalprecip: no visible binding for global variable ‘TIME’
Flavors: r-devel-linux-x86_64-debian-clang, r-devel-linux-x86_64-debian-gcc, r-devel-linux-x86_64-fedora-clang, r-devel-linux-x86_64-fedora-gcc, r-devel-osx-x86_64-clang, r-devel-osx-x86_64-gcc, r-devel-windows-ix86+x86_64, r-patched-linux-x86_64, r-patched-solaris-sparc, r-patched-solaris-x86, r-release-linux-ix86, r-release-linux-x86_64, r-release-osx-x86_64-mavericks, r-release-osx-x86_64-snowleopard, r-release-windows-ix86+x86_64, r-oldrel-windows-ix86+x86_64