CRAN Package Check Results for Package okmesonet

Last updated on 2017-05-27 22:46:24.

Flavor Version Tinstall Tcheck Ttotal Status Flags
r-devel-linux-x86_64-debian-clang 0.1.5 0.86 16.19 17.05 NOTE
r-devel-linux-x86_64-debian-gcc 0.1.5 1.10 16.86 17.97 NOTE
r-devel-linux-x86_64-fedora-clang 0.1.5 27.65 NOTE
r-devel-linux-x86_64-fedora-gcc 0.1.5 26.64 NOTE
r-devel-windows-ix86+x86_64 0.1.5 3.00 36.00 39.00 NOTE
r-patched-linux-x86_64 0.1.5 1.36 16.46 17.82 NOTE
r-patched-solaris-sparc 0.1.5 170.90 NOTE
r-patched-solaris-x86 0.1.5 39.80 NOTE
r-release-linux-x86_64 0.1.5 0.89 15.85 16.73 NOTE
r-release-windows-ix86+x86_64 0.1.5 3.00 33.00 36.00 NOTE
r-release-osx-x86_64 0.1.5 NOTE
r-oldrel-windows-ix86+x86_64 0.1.5 5.00 30.00 35.00 NOTE
r-oldrel-osx-x86_64 0.1.5 NOTE

Check Details

Version: 0.1.5
Check: R code for possible problems
Result: NOTE
    avgokmts: no visible global function definition for ‘aggregate’
    downloadstn: no visible global function definition for ‘read.csv’
    nearstn: no visible binding for global variable ‘okstations’
    nearstn: no visible binding for global variable ‘Commissioned’
    nearstn: no visible binding for global variable ‘Decommissioned’
    okcurobs: no visible global function definition for ‘read.csv’
    okmts: no visible binding for global variable ‘okstations’
    okmts: no visible binding for global variable ‘TIME’
    retrievemts: no visible global function definition for ‘read.csv’
    totalprecip: no visible binding for global variable ‘TIME’
    totalprecip: no visible global function definition for ‘aggregate’
    vincenty: no visible global function definition for ‘runif’
    Undefined global functions or variables:
     Commissioned Decommissioned TIME aggregate okstations read.csv runif
    Consider adding
     importFrom("stats", "aggregate", "runif")
     importFrom("utils", "read.csv")
    to your NAMESPACE file.
Flavors: r-devel-linux-x86_64-debian-clang, r-devel-linux-x86_64-debian-gcc, r-devel-linux-x86_64-fedora-clang, r-devel-linux-x86_64-fedora-gcc, r-devel-windows-ix86+x86_64, r-patched-linux-x86_64, r-patched-solaris-sparc, r-patched-solaris-x86, r-release-linux-x86_64, r-release-windows-ix86+x86_64, r-release-osx-x86_64, r-oldrel-windows-ix86+x86_64, r-oldrel-osx-x86_64