CRAN Package Check Results for Package okmesonet

Last updated on 2014-07-25 07:53:18.

Flavor Version Tinstall Tcheck Ttotal Status Flags
r-devel-linux-x86_64-debian-clang 0.1.4 6.78 99.94 106.72 NOTE
r-devel-linux-x86_64-debian-gcc 0.1.4 7.58 115.52 123.10 NOTE
r-devel-linux-x86_64-fedora-clang 0.1.4 35.59 NOTE
r-devel-linux-x86_64-fedora-gcc 0.1.4 33.24 NOTE
r-devel-osx-x86_64-clang 0.1.4 136.16 NOTE
r-devel-windows-ix86+x86_64 0.1.4 16.00 167.00 183.00 WARN
r-patched-linux-x86_64 0.1.4 7.80 99.36 107.17 NOTE
r-patched-solaris-sparc 0.1.4 195.00 NOTE
r-patched-solaris-x86 0.1.4 47.40 NOTE
r-release-linux-ix86 0.1.4 6.84 101.74 108.58 NOTE
r-release-linux-x86_64 0.1.4 6.92 98.30 105.22 NOTE
r-release-osx-x86_64-mavericks 0.1.4 NOTE
r-release-osx-x86_64-snowleopard 0.1.4 NOTE
r-release-windows-ix86+x86_64 0.1.4 12.00 88.00 100.00 NOTE
r-oldrel-windows-ix86+x86_64 0.1.4 14.00 107.00 121.00 NOTE

Check Details

Version: 0.1.4
Check: R code for possible problems
Result: NOTE
    nearstn: no visible binding for global variable ‘Commissioned’
    nearstn: no visible binding for global variable ‘Decommissioned’
    okmts: no visible binding for global variable ‘TIME’
    totalprecip: no visible binding for global variable ‘TIME’
Flavors: r-devel-linux-x86_64-debian-clang, r-devel-linux-x86_64-debian-gcc, r-devel-linux-x86_64-fedora-clang, r-devel-linux-x86_64-fedora-gcc, r-devel-osx-x86_64-clang, r-devel-windows-ix86+x86_64, r-patched-linux-x86_64, r-patched-solaris-sparc, r-patched-solaris-x86, r-release-linux-ix86, r-release-linux-x86_64, r-release-osx-x86_64-mavericks, r-release-osx-x86_64-snowleopard, r-release-windows-ix86+x86_64, r-oldrel-windows-ix86+x86_64

Version: 0.1.4
Check: S3 generic/method consistency
Result: WARNING
    Error: package or namespace load failed for 'okmesonet'
    Call sequence:
    2: stop(gettextf("package or namespace load failed for %s", sQuote(package)),
     call. = FALSE, domain = NA)
    1: library(package, lib.loc = lib.loc, character.only = TRUE, verbose = FALSE)
    Execution halted
    See section 'Generic functions and methods' of the 'Writing R
    Extensions' manual.
Flavor: r-devel-windows-ix86+x86_64