CRAN Package Check Results for Package okmesonet

Last updated on 2015-05-23 08:47:07.

Flavor Version Tinstall Tcheck Ttotal Status Flags
r-devel-linux-x86_64-debian-clang 0.1.5 0.81 13.48 14.28 NOTE
r-devel-linux-x86_64-debian-gcc 0.1.5 0.82 13.91 14.74 NOTE
r-devel-linux-x86_64-fedora-clang 0.1.5 29.77 NOTE
r-devel-linux-x86_64-fedora-gcc 0.1.5 26.40 NOTE
r-devel-osx-x86_64-clang 0.1.5 29.02 NOTE
r-devel-windows-ix86+x86_64 0.1.5 3.00 23.00 26.00 NOTE
r-patched-linux-x86_64 0.1.5 0.82 13.44 14.26 NOTE
r-patched-solaris-sparc 0.1.5 181.50 NOTE
r-patched-solaris-x86 0.1.5 42.00 NOTE
r-release-linux-x86_64 0.1.5 0.83 13.33 14.16 NOTE
r-release-osx-x86_64-mavericks 0.1.5 NOTE
r-release-osx-x86_64-snowleopard 0.1.5 NOTE
r-release-windows-ix86+x86_64 0.1.5 3.00 23.00 26.00 NOTE
r-oldrel-windows-ix86+x86_64 0.1.5 4.00 27.00 31.00 NOTE

Check Details

Version: 0.1.5
Check: R code for possible problems
Result: NOTE
    nearstn: no visible binding for global variable ‘okstations’
    nearstn: no visible binding for global variable ‘Commissioned’
    nearstn: no visible binding for global variable ‘Decommissioned’
    okmts: no visible binding for global variable ‘okstations’
    okmts: no visible binding for global variable ‘TIME’
    totalprecip: no visible binding for global variable ‘TIME’
Flavors: r-devel-linux-x86_64-debian-clang, r-devel-linux-x86_64-debian-gcc, r-devel-linux-x86_64-fedora-clang, r-devel-linux-x86_64-fedora-gcc, r-devel-osx-x86_64-clang, r-devel-windows-ix86+x86_64, r-patched-linux-x86_64, r-patched-solaris-sparc, r-patched-solaris-x86, r-release-linux-x86_64, r-release-osx-x86_64-mavericks, r-release-osx-x86_64-snowleopard, r-release-windows-ix86+x86_64, r-oldrel-windows-ix86+x86_64