CRAN Package Check Results for Package olr

Last updated on 2024-04-19 01:04:45 CEST.

Flavor Version Tinstall Tcheck Ttotal Status Flags
r-devel-linux-x86_64-debian-clang 1.1 2.30 28.29 30.59 NOTE
r-devel-linux-x86_64-debian-gcc 1.1 2.18 21.62 23.80 NOTE
r-devel-linux-x86_64-fedora-clang 1.1 38.61 NOTE
r-devel-linux-x86_64-fedora-gcc 1.1 36.68 NOTE
r-prerel-macos-arm64 1.1 16.00 NOTE
r-prerel-windows-x86_64 1.1 3.00 41.00 44.00 NOTE
r-patched-linux-x86_64 1.1 2.72 26.96 29.68 NOTE
r-release-linux-x86_64 1.1 2.33 27.49 29.82 NOTE
r-release-macos-arm64 1.1 18.00 NOTE
r-release-macos-x86_64 1.1 22.00 NOTE
r-release-windows-x86_64 1.1 4.00 47.00 51.00 NOTE
r-oldrel-macos-arm64 1.1 16.00 NOTE
r-oldrel-windows-x86_64 1.1 4.00 51.00 55.00 NOTE

Check Details

Version: 1.1
Check: LazyData
Result: NOTE 'LazyData' is specified without a 'data' directory Flavors: r-devel-linux-x86_64-debian-clang, r-devel-linux-x86_64-debian-gcc, r-devel-linux-x86_64-fedora-clang, r-devel-linux-x86_64-fedora-gcc, r-prerel-macos-arm64, r-prerel-windows-x86_64, r-patched-linux-x86_64, r-release-linux-x86_64, r-release-macos-arm64, r-release-macos-x86_64, r-release-windows-x86_64, r-oldrel-macos-arm64, r-oldrel-windows-x86_64