Last updated on 2021-04-14 18:51:09 CEST.
Flavor | Version | Tinstall | Tcheck | Ttotal | Status | Flags |
---|---|---|---|---|---|---|
r-devel-linux-x86_64-debian-clang | 0.1.0 | 9.87 | 35.58 | 45.45 | NOTE | |
r-devel-linux-x86_64-debian-gcc | 0.1.0 | 8.50 | 27.61 | 36.11 | NOTE | |
r-devel-linux-x86_64-fedora-clang | 0.1.0 | 65.21 | NOTE | |||
r-devel-linux-x86_64-fedora-gcc | 0.1.0 | 56.48 | NOTE | |||
r-devel-windows-ix86+x86_64 | 0.1.0 | 19.00 | 43.00 | 62.00 | NOTE | |
r-devel-windows-x86_64-gcc10-UCRT | 0.1.0 | NOTE | ||||
r-patched-linux-x86_64 | 0.1.0 | 9.94 | 33.72 | 43.66 | OK | |
r-patched-solaris-x86 | 0.1.0 | 85.80 | NOTE | |||
r-release-linux-x86_64 | 0.1.0 | 10.12 | 33.80 | 43.92 | OK | |
r-release-macos-x86_64 | 0.1.0 | NOTE | ||||
r-release-windows-ix86+x86_64 | 0.1.0 | 31.00 | 52.00 | 83.00 | OK | |
r-oldrel-macos-x86_64 | 0.1.0 | NOTE | ||||
r-oldrel-windows-ix86+x86_64 | 0.1.0 | 13.00 | 38.00 | 51.00 | OK |
Version: 0.1.0
Check: LazyData
Result: NOTE
'LazyData' is specified without a 'data' directory
Flavors: r-devel-linux-x86_64-debian-clang, r-devel-linux-x86_64-debian-gcc, r-devel-linux-x86_64-fedora-clang, r-devel-linux-x86_64-fedora-gcc, r-devel-windows-ix86+x86_64, r-devel-windows-x86_64-gcc10-UCRT
Version: 0.1.0
Check: dependencies in R code
Result: NOTE
Namespace in Imports field not imported from: ‘gt’
All declared Imports should be used.
Flavors: r-devel-linux-x86_64-fedora-clang, r-devel-linux-x86_64-fedora-gcc, r-devel-windows-x86_64-gcc10-UCRT, r-patched-solaris-x86, r-release-macos-x86_64, r-oldrel-macos-x86_64