CRAN Package Check Results for Package onc.api

Last updated on 2021-11-29 14:48:58 CET.

Flavor Version Tinstall Tcheck Ttotal Status Flags
r-devel-linux-x86_64-debian-clang 2.0.1.0 4.91 30.94 35.85 OK
r-devel-linux-x86_64-debian-gcc 2.0.1.0 3.92 24.34 28.26 OK
r-devel-linux-x86_64-fedora-clang 2.0.1.0 55.29 NOTE
r-devel-linux-x86_64-fedora-gcc 2.0.1.0 44.17 NOTE
r-devel-windows-x86_64-new-UL 2.0.1.0 17.00 68.00 85.00 OK
r-devel-windows-x86_64-new-TK 2.0.1.0 NOTE
r-devel-windows-x86_64-old 2.0.1.0 13.00 39.00 52.00 OK
r-patched-linux-x86_64 2.0.1.0 4.76 30.26 35.02 OK
r-patched-solaris-x86 2.0.1.0 64.80 NOTE
r-release-linux-x86_64 2.0.1.0 4.72 30.12 34.84 OK
r-release-macos-arm64 2.0.1.0 NOTE
r-release-macos-x86_64 2.0.1.0 NOTE
r-release-windows-ix86+x86_64 2.0.1.0 17.00 37.00 54.00 OK
r-oldrel-macos-x86_64 2.0.1.0 NOTE
r-oldrel-windows-ix86+x86_64 2.0.1.0 12.00 50.00 62.00 OK

Check Details

Version: 2.0.1.0
Check: dependencies in R code
Result: NOTE
    Namespaces in Imports field not imported from:
     ‘crayon’ ‘testthat’
     All declared Imports should be used.
Flavors: r-devel-linux-x86_64-fedora-clang, r-devel-linux-x86_64-fedora-gcc, r-devel-windows-x86_64-new-TK, r-patched-solaris-x86, r-release-macos-arm64, r-release-macos-x86_64, r-oldrel-macos-x86_64