CRAN Package Check Results for Package oncomodel

Last updated on 2015-03-30 21:49:19.

Flavor Version Tinstall Tcheck Ttotal Status Flags
r-devel-linux-x86_64-debian-clang 1.0 0.61 12.13 12.74 NOTE
r-devel-linux-x86_64-debian-gcc 1.0 0.61 11.69 12.30 NOTE
r-devel-linux-x86_64-fedora-clang 1.0 23.78 NOTE
r-devel-linux-x86_64-fedora-gcc 1.0 24.52 NOTE
r-devel-osx-x86_64-clang 1.0 31.09 NOTE
r-prerel-windows-ix86+x86_64 1.0 3.00 18.00 21.00 OK
r-prerel-linux-x86_64 1.0 0.60 11.44 12.03 NOTE
r-prerel-solaris-sparc 1.0 150.20 NOTE
r-prerel-solaris-x86 1.0 33.10 NOTE
r-release-linux-x86_64 1.0 0.71 13.82 14.54 NOTE
r-release-osx-x86_64-mavericks 1.0 OK
r-release-osx-x86_64-snowleopard 1.0 OK
r-release-windows-ix86+x86_64 1.0 3.00 23.00 26.00 OK
r-oldrel-windows-ix86+x86_64 1.0 3.00 22.00 25.00 OK

Check Details

Version: 1.0
Check: R code for possible problems
Result: NOTE
    Found an obsolete/platform-specific call in the following function:
     ‘comp.freq’
    Found the platform-specific device:
     ‘x11’
    dev.new() is the preferred way to open a new device, in the unlikely
    event one is needed.
Flavors: r-devel-linux-x86_64-debian-clang, r-devel-linux-x86_64-debian-gcc, r-devel-linux-x86_64-fedora-clang, r-devel-linux-x86_64-fedora-gcc, r-devel-osx-x86_64-clang, r-prerel-linux-x86_64, r-prerel-solaris-sparc, r-prerel-solaris-x86, r-release-linux-x86_64

Version: 1.0
Check: Rd line widths
Result: NOTE
    Rd file 'oncomodel-package.Rd':
     \examples lines wider than 100 characters:
     #plot.phylog(y.phyl, cnodes =1, clabel.n=0.6, f=0.75, sub="Oncogenetic tree of given aberrations")
    
    These lines will be truncated in the PDF manual.
Flavors: r-devel-linux-x86_64-debian-clang, r-devel-linux-x86_64-debian-gcc, r-devel-linux-x86_64-fedora-clang, r-devel-linux-x86_64-fedora-gcc, r-prerel-linux-x86_64, r-release-linux-x86_64