CRAN Package Check Results for Package oncomodel

Last updated on 2014-08-20 21:47:31.

Flavor Version Tinstall Tcheck Ttotal Status Flags
r-devel-linux-x86_64-debian-clang 1.0 0.60 11.35 11.95 NOTE
r-devel-linux-x86_64-debian-gcc 1.0 0.59 11.24 11.84 NOTE
r-devel-linux-x86_64-fedora-clang 1.0 25.45 NOTE
r-devel-linux-x86_64-fedora-gcc 1.0 24.14 NOTE
r-devel-osx-x86_64-clang 1.0 23.73 NOTE
r-devel-windows-ix86+x86_64 1.0 2.00 20.00 22.00 OK
r-patched-linux-x86_64 1.0 0.63 11.56 12.18 NOTE
r-patched-solaris-sparc 1.0 175.20 NOTE
r-patched-solaris-x86 1.0 35.30 NOTE
r-release-linux-ix86 1.0 0.92 17.74 18.67 NOTE
r-release-linux-x86_64 1.0 0.66 11.88 12.54 NOTE
r-release-osx-x86_64-mavericks 1.0 OK
r-release-osx-x86_64-snowleopard 1.0 OK
r-release-windows-ix86+x86_64 1.0 3.00 21.00 24.00 OK
r-oldrel-windows-ix86+x86_64 1.0 2.00 20.00 22.00 OK

Check Details

Version: 1.0
Check: R code for possible problems
Result: NOTE
    Found an obsolete/platform-specific call in the following function:
     ‘comp.freq’
    Found the platform-specific device:
     ‘x11’
    dev.new() is the preferred way to open a new device, in the unlikely
    event one is needed.
Flavors: r-devel-linux-x86_64-debian-clang, r-devel-linux-x86_64-debian-gcc, r-devel-linux-x86_64-fedora-clang, r-devel-linux-x86_64-fedora-gcc, r-devel-osx-x86_64-clang, r-patched-linux-x86_64, r-patched-solaris-sparc, r-patched-solaris-x86, r-release-linux-ix86, r-release-linux-x86_64

Version: 1.0
Check: Rd line widths
Result: NOTE
    Rd file 'oncomodel-package.Rd':
     \examples lines wider than 100 characters:
     #plot.phylog(y.phyl, cnodes =1, clabel.n=0.6, f=0.75, sub="Oncogenetic tree of given aberrations")
    
    These lines will be truncated in the PDF manual.
Flavors: r-devel-linux-x86_64-fedora-clang, r-devel-linux-x86_64-fedora-gcc