Last updated on 2023-02-06 18:52:13 CET.
Flavor | Version | Tinstall | Tcheck | Ttotal | Status | Flags |
---|---|---|---|---|---|---|
r-devel-linux-x86_64-debian-clang | 0.2.0 | 3.91 | 41.13 | 45.04 | NOTE | |
r-devel-linux-x86_64-debian-gcc | 0.2.0 | 3.22 | 31.01 | 34.23 | NOTE | |
r-devel-linux-x86_64-fedora-clang | 0.2.0 | 56.14 | NOTE | |||
r-devel-linux-x86_64-fedora-gcc | 0.2.0 | 54.09 | NOTE | |||
r-devel-windows-x86_64 | 0.2.0 | 21.00 | 72.00 | 93.00 | NOTE | |
r-patched-linux-x86_64 | 0.2.0 | 3.94 | 40.85 | 44.79 | NOTE | |
r-release-linux-x86_64 | 0.2.0 | 3.67 | 39.00 | 42.67 | NOTE | |
r-release-macos-arm64 | 0.2.0 | 20.00 | NOTE | |||
r-release-macos-x86_64 | 0.2.0 | 34.00 | NOTE | |||
r-release-windows-x86_64 | 0.2.0 | 21.00 | 77.00 | 98.00 | NOTE | |
r-oldrel-macos-arm64 | 0.2.0 | 27.00 | NOTE | |||
r-oldrel-macos-x86_64 | 0.2.0 | 36.00 | NOTE | |||
r-oldrel-windows-ix86+x86_64 | 0.2.0 | 12.00 | 69.00 | 81.00 | NOTE |
Version: 0.2.0
Check: LazyData
Result: NOTE
'LazyData' is specified without a 'data' directory
Flavors: r-devel-linux-x86_64-debian-clang, r-devel-linux-x86_64-debian-gcc, r-devel-linux-x86_64-fedora-clang, r-devel-linux-x86_64-fedora-gcc, r-devel-windows-x86_64, r-patched-linux-x86_64, r-release-linux-x86_64, r-release-macos-arm64, r-release-macos-x86_64, r-release-windows-x86_64, r-oldrel-macos-arm64, r-oldrel-macos-x86_64, r-oldrel-windows-ix86+x86_64
Version: 0.2.0
Check: package dependencies
Result: NOTE
Imports includes 21 non-default packages.
Importing from so many packages makes the package vulnerable to any of
them becoming unavailable. Move as many as possible to Suggests and
use conditionally.
Flavor: r-devel-linux-x86_64-fedora-clang
Version: 0.2.0
Check: dependencies in R code
Result: NOTE
Namespaces in Imports field not imported from:
‘e1071’ ‘fs’ ‘pdp’
All declared Imports should be used.
Flavors: r-devel-linux-x86_64-fedora-clang, r-devel-linux-x86_64-fedora-gcc, r-release-macos-arm64, r-release-macos-x86_64, r-oldrel-macos-arm64, r-oldrel-macos-x86_64