CRAN Package Check Results for Package onetime

Last updated on 2024-02-24 12:49:25 CET.

Flavor Version Tinstall Tcheck Ttotal Status Flags
r-devel-linux-x86_64-debian-clang 0.2.0 2.54 33.06 35.60 OK
r-devel-linux-x86_64-debian-gcc 0.2.0 1.91 26.00 27.91 OK
r-devel-linux-x86_64-fedora-clang 0.2.0 45.48 NOTE
r-devel-linux-x86_64-fedora-gcc 0.2.0 57.44 OK
r-devel-windows-x86_64 0.2.0 3.00 58.00 61.00 OK
r-patched-linux-x86_64 0.2.0 2.58 32.31 34.89 OK
r-release-linux-x86_64 0.2.0 2.16 32.93 35.09 OK
r-release-macos-arm64 0.2.0 47.00 OK
r-release-macos-x86_64 0.2.0 66.00 OK
r-release-windows-x86_64 0.2.0 3.00 63.00 66.00 OK
r-oldrel-macos-arm64 0.2.0 33.00 OK
r-oldrel-windows-x86_64 0.2.0 5.00 67.00 72.00 OK

Check Details

Version: 0.2.0
Check: Rd cross-references
Result: NOTE Undeclared package ‘lubridate’ in Rd xrefs Flavor: r-devel-linux-x86_64-fedora-clang