CRAN Package Check Results for Package onion

Last updated on 2017-12-17 23:53:15 CET.

Flavor Version Tinstall Tcheck Ttotal Status Flags
r-devel-linux-x86_64-debian-clang 1.2-7 2.02 40.90 42.92 OK
r-devel-linux-x86_64-debian-gcc OK
r-devel-linux-x86_64-fedora-clang 1.2-7 61.32 OK
r-devel-linux-x86_64-fedora-gcc 1.2-7 60.71 OK
r-devel-windows-ix86+x86_64 1.2-7 7.00 56.00 63.00 OK
r-patched-linux-x86_64 1.2-7 1.71 46.63 48.34 OK
r-patched-solaris-x86 1.2-7 53.90 OK
r-release-linux-x86_64 1.2-7 2.07 46.51 48.58 OK
r-release-windows-ix86+x86_64 1.2-7 8.00 59.00 67.00 OK
r-release-osx-x86_64 1.2-7 NOTE
r-oldrel-windows-ix86+x86_64 1.2-7 7.00 68.00 75.00 OK
r-oldrel-osx-x86_64 1.2-7 OK

Check Details

Version: 1.2-7
Check: re-building of vignette outputs
Result: NOTE
    Error in re-building vignettes:
     ...
     "phi" is not a graphical parameter
    Warning in plot.xy(xy.coords(x, y), type = type, ...) :
     "box" is not a graphical parameter
    Warning in plot.xy(xy.coords(x, y), type = type, ...) :
     "r" is not a graphical parameter
    Warning in plot.xy(xy.coords(x, y), type = type, ...) :
     "theta" is not a graphical parameter
    Warning in plot.xy(xy.coords(x, y), type = type, ...) :
     "phi" is not a graphical parameter
    Error in texi2dvi(file = file, pdf = TRUE, clean = clean, quiet = quiet, :
     Running 'texi2dvi' on 'onionpaper.tex' failed.
    LaTeX errors:
    ! LaTeX Error: File `dsfont.sty' not found.
    
    Type X to quit or <RETURN> to proceed,
    or enter new name. (Default extension: sty)
    
    ! Emergency stop.
    <read *>
    
    l.5 \usepackage
     {bbm}^^M
    ! ==> Fatal error occurred, no output PDF file produced!
    Calls: buildVignettes -> texi2pdf -> texi2dvi
    Execution halted
Flavor: r-release-osx-x86_64