CRAN Package Check Results for Package onion

Last updated on 2015-06-30 18:47:24.

Flavor Version Tinstall Tcheck Ttotal Status Flags
r-devel-linux-x86_64-debian-clang 1.2-4 1.14 27.84 28.98 NOTE
r-devel-linux-x86_64-debian-gcc 1.2-4 1.14 26.99 28.13 NOTE
r-devel-linux-x86_64-fedora-clang 1.2-4 58.71 NOTE
r-devel-linux-x86_64-fedora-gcc 1.2-4 55.16 NOTE
r-devel-osx-x86_64-clang 1.2-4 41.73 NOTE
r-devel-windows-ix86+x86_64 1.2-4 8.00 56.00 64.00 OK
r-patched-linux-x86_64 1.2-4 1.24 27.39 28.62 NOTE
r-patched-solaris-sparc 1.2-4 264.30 NOTE
r-patched-solaris-x86 1.2-4 60.80 NOTE
r-release-linux-x86_64 1.2-4 1.20 27.96 29.16 NOTE
r-release-osx-x86_64-mavericks 1.2-4 OK
r-release-windows-ix86+x86_64 1.2-4 5.00 49.00 54.00 OK
r-oldrel-windows-ix86+x86_64 1.2-4 9.00 48.00 57.00 OK

Check Details

Version: 1.2-4
Check: S3 generic/method consistency
Result: NOTE
    Found the following apparent S3 methods exported but not registered:
     Ops.onion get.comp.onion names<-.onion rep.onion sign.onion
     sqrt.onion
    See section ‘Registering S3 methods’ in the ‘Writing R Extensions’
    manual.
Flavors: r-devel-linux-x86_64-debian-clang, r-devel-linux-x86_64-debian-gcc, r-devel-linux-x86_64-fedora-clang, r-devel-linux-x86_64-fedora-gcc, r-devel-osx-x86_64-clang, r-patched-linux-x86_64, r-patched-solaris-sparc, r-patched-solaris-x86, r-release-linux-x86_64

Version: 1.2-4
Check: R code for possible problems
Result: NOTE
    p3d: no visible global function definition for ‘persp’
    p3d: no visible global function definition for ‘hsv’
    p3d: no visible global function definition for ‘points’
    plot.onion: no visible global function definition for ‘plot’
    roct: no visible global function definition for ‘rnorm’
    roct: no visible global function definition for ‘runif’
    roct: no visible global function definition for ‘rbinom’
    roct: no visible global function definition for ‘rpois’
    rquat: no visible global function definition for ‘rnorm’
    rquat: no visible global function definition for ‘runif’
    rquat: no visible global function definition for ‘rbinom’
    rquat: no visible global function definition for ‘rpois’
Flavors: r-devel-linux-x86_64-debian-clang, r-devel-linux-x86_64-debian-gcc, r-devel-linux-x86_64-fedora-clang