CRAN Package Check Results for Package onion

Last updated on 2017-06-25 16:52:10.

Flavor Version Tinstall Tcheck Ttotal Status Flags
r-devel-linux-x86_64-debian-clang 1.2-4 1.49 31.95 33.44 NOTE
r-devel-linux-x86_64-debian-gcc 1.2-4 1.76 31.80 33.56 NOTE
r-devel-linux-x86_64-fedora-clang 1.2-4 62.23 NOTE
r-devel-linux-x86_64-fedora-gcc 1.2-4 60.86 NOTE
r-devel-windows-ix86+x86_64 1.2-4 11.00 55.00 66.00 NOTE
r-patched-linux-x86_64 1.2-4 1.52 31.52 33.04 NOTE
r-patched-solaris-sparc 1.2-4 245.60 NOTE
r-patched-solaris-x86 1.2-4 54.30 NOTE
r-release-linux-x86_64 1.2-4 1.55 32.58 34.13 NOTE
r-release-windows-ix86+x86_64 1.2-4 6.00 58.00 64.00 NOTE
r-release-osx-x86_64 1.2-4 NOTE
r-oldrel-windows-ix86+x86_64 1.2-4 5.00 55.00 60.00 NOTE
r-oldrel-osx-x86_64 1.2-4 NOTE

Check Details

Version: 1.2-4
Check: S3 generic/method consistency
Result: NOTE
    Found the following apparent S3 methods exported but not registered:
     Ops.onion get.comp.onion names<-.onion rep.onion sign.onion
     sqrt.onion
    See section ‘Registering S3 methods’ in the ‘Writing R Extensions’
    manual.
Flavors: r-devel-linux-x86_64-debian-clang, r-devel-linux-x86_64-debian-gcc, r-devel-linux-x86_64-fedora-clang, r-devel-linux-x86_64-fedora-gcc, r-patched-linux-x86_64, r-patched-solaris-sparc, r-patched-solaris-x86, r-release-linux-x86_64

Version: 1.2-4
Check: R code for possible problems
Result: NOTE
    p3d: no visible global function definition for ‘persp’
    p3d: no visible global function definition for ‘hsv’
    p3d: no visible global function definition for ‘points’
    plot.onion: no visible global function definition for ‘plot’
    roct: no visible global function definition for ‘rnorm’
    roct: no visible global function definition for ‘runif’
    roct: no visible global function definition for ‘rbinom’
    roct: no visible global function definition for ‘rpois’
    rquat: no visible global function definition for ‘rnorm’
    rquat: no visible global function definition for ‘runif’
    rquat: no visible global function definition for ‘rbinom’
    rquat: no visible global function definition for ‘rpois’
    Undefined global functions or variables:
     hsv persp plot points rbinom rnorm rpois runif
    Consider adding
     importFrom("grDevices", "hsv")
     importFrom("graphics", "persp", "plot", "points")
     importFrom("stats", "rbinom", "rnorm", "rpois", "runif")
    to your NAMESPACE file.
Flavors: r-devel-linux-x86_64-debian-clang, r-devel-linux-x86_64-debian-gcc, r-devel-linux-x86_64-fedora-clang, r-devel-linux-x86_64-fedora-gcc, r-devel-windows-ix86+x86_64, r-patched-linux-x86_64, r-patched-solaris-sparc, r-patched-solaris-x86, r-release-linux-x86_64, r-release-windows-ix86+x86_64, r-release-osx-x86_64, r-oldrel-windows-ix86+x86_64, r-oldrel-osx-x86_64

Version: 1.2-4
Check: compiled code
Result: NOTE
    File ‘onion/libs/onion.so’:
     Found no calls to: ‘R_registerRoutines’, ‘R_useDynamicSymbols’
    
    It is good practice to register native routines and to disable symbol
    search.
    
    See ‘Writing portable packages’ in the ‘Writing R Extensions’ manual.
Flavors: r-devel-linux-x86_64-debian-clang, r-devel-linux-x86_64-debian-gcc, r-devel-linux-x86_64-fedora-clang, r-devel-linux-x86_64-fedora-gcc, r-patched-linux-x86_64, r-release-linux-x86_64

Version: 1.2-4
Check: re-building of vignette outputs
Result: NOTE
    Error in re-building vignettes:
     ...
     "phi" is not a graphical parameter
    Warning in plot.xy(xy.coords(x, y), type = type, ...) :
     "box" is not a graphical parameter
    Warning in plot.xy(xy.coords(x, y), type = type, ...) :
     "r" is not a graphical parameter
    Warning in plot.xy(xy.coords(x, y), type = type, ...) :
     "theta" is not a graphical parameter
    Warning in plot.xy(xy.coords(x, y), type = type, ...) :
     "phi" is not a graphical parameter
    Error in texi2dvi(file = file, pdf = TRUE, clean = clean, quiet = quiet, :
     Running 'texi2dvi' on 'onionpaper.tex' failed.
    LaTeX errors:
    ! LaTeX Error: File `dsfont.sty' not found.
    
    Type X to quit or <RETURN> to proceed,
    or enter new name. (Default extension: sty)
    
    ! Emergency stop.
    <read *>
    
    l.5 \usepackage
     {bbm}^^M
    ! ==> Fatal error occurred, no output PDF file produced!
    Calls: buildVignettes -> texi2pdf -> texi2dvi
    Execution halted
Flavor: r-release-osx-x86_64