CRAN Package Check Results for Package onion

Last updated on 2016-06-29 23:51:34.

Flavor Version Tinstall Tcheck Ttotal Status Flags
r-devel-linux-x86_64-debian-gcc 1.2-4 1.40 29.02 30.42 NOTE
r-devel-linux-x86_64-fedora-clang 1.2-4 50.82 NOTE
r-devel-linux-x86_64-fedora-gcc 1.2-4 49.60 NOTE
r-devel-osx-x86_64-clang 1.2-4 30.92 NOTE
r-devel-windows-ix86+x86_64 1.2-4 6.00 54.00 60.00 NOTE
r-patched-linux-x86_64 1.2-4 1.36 28.04 29.40 NOTE
r-patched-solaris-sparc 1.2-4 213.00 NOTE
r-patched-solaris-x86 1.2-4 48.10 NOTE
r-release-linux-x86_64 1.2-4 1.16 27.34 28.49 NOTE
r-release-osx-x86_64-mavericks 1.2-4 NOTE
r-release-windows-ix86+x86_64 1.2-4 7.00 66.00 73.00 NOTE
r-oldrel-windows-ix86+x86_64 1.2-4 6.00 43.00 49.00 OK

Check Details

Version: 1.2-4
Check: S3 generic/method consistency
Result: NOTE
    Found the following apparent S3 methods exported but not registered:
     Ops.onion get.comp.onion names<-.onion rep.onion sign.onion
     sqrt.onion
    See section ‘Registering S3 methods’ in the ‘Writing R Extensions’
    manual.
Flavors: r-devel-linux-x86_64-debian-gcc, r-devel-linux-x86_64-fedora-clang, r-devel-linux-x86_64-fedora-gcc, r-devel-osx-x86_64-clang, r-patched-linux-x86_64, r-patched-solaris-sparc, r-patched-solaris-x86, r-release-linux-x86_64

Version: 1.2-4
Check: R code for possible problems
Result: NOTE
    p3d: no visible global function definition for ‘persp’
    p3d: no visible global function definition for ‘hsv’
    p3d: no visible global function definition for ‘points’
    plot.onion: no visible global function definition for ‘plot’
    roct: no visible global function definition for ‘rnorm’
    roct: no visible global function definition for ‘runif’
    roct: no visible global function definition for ‘rbinom’
    roct: no visible global function definition for ‘rpois’
    rquat: no visible global function definition for ‘rnorm’
    rquat: no visible global function definition for ‘runif’
    rquat: no visible global function definition for ‘rbinom’
    rquat: no visible global function definition for ‘rpois’
    Undefined global functions or variables:
     hsv persp plot points rbinom rnorm rpois runif
    Consider adding
     importFrom("grDevices", "hsv")
     importFrom("graphics", "persp", "plot", "points")
     importFrom("stats", "rbinom", "rnorm", "rpois", "runif")
    to your NAMESPACE file.
Flavors: r-devel-linux-x86_64-debian-gcc, r-devel-linux-x86_64-fedora-clang, r-devel-linux-x86_64-fedora-gcc, r-devel-osx-x86_64-clang, r-devel-windows-ix86+x86_64, r-patched-linux-x86_64, r-patched-solaris-sparc, r-patched-solaris-x86, r-release-linux-x86_64, r-release-osx-x86_64-mavericks, r-release-windows-ix86+x86_64