CRAN Package Check Results for Package onion

Last updated on 2018-05-28 08:48:51 CEST.

Flavor Version Tinstall Tcheck Ttotal Status Flags
r-devel-linux-x86_64-debian-clang 1.2-7 3.35 42.66 46.01 OK
r-devel-linux-x86_64-debian-gcc 1.2-7 2.81 36.14 38.95 OK
r-devel-linux-x86_64-fedora-clang 1.2-7 63.99 OK
r-devel-linux-x86_64-fedora-gcc 1.2-7 60.27 OK
r-devel-windows-ix86+x86_64 1.2-7 13.00 66.00 79.00 OK
r-patched-linux-x86_64 1.2-7 3.34 46.19 49.53 OK
r-patched-solaris-x86 1.2-7 62.10 OK
r-release-linux-x86_64 1.2-7 3.08 45.84 48.92 OK
r-release-windows-ix86+x86_64 1.2-7 11.00 60.00 71.00 OK
r-release-osx-x86_64 1.2-7 OK
r-oldrel-windows-ix86+x86_64 1.2-7 8.00 59.00 67.00 OK
r-oldrel-osx-x86_64 1.2-7 NOTE

Check Details

Version: 1.2-7
Check: re-building of vignette outputs
Result: NOTE
    Error in re-building vignettes:
     ...
     "phi" is not a graphical parameter
    Warning in plot.xy(xy.coords(x, y), type = type, ...) :
     "box" is not a graphical parameter
    Warning in plot.xy(xy.coords(x, y), type = type, ...) :
     "r" is not a graphical parameter
    Warning in plot.xy(xy.coords(x, y), type = type, ...) :
     "theta" is not a graphical parameter
    Warning in plot.xy(xy.coords(x, y), type = type, ...) :
     "phi" is not a graphical parameter
    Error in texi2dvi(file = file, pdf = TRUE, clean = clean, quiet = quiet, :
     Running 'texi2dvi' on 'onionpaper.tex' failed.
    LaTeX errors:
    ! LaTeX Error: File `dsfont.sty' not found.
    
    Type X to quit or <RETURN> to proceed,
    or enter new name. (Default extension: sty)
    
    ! Emergency stop.
    <read *>
    
    l.5 \usepackage
     {bbm}^^M
    ! ==> Fatal error occurred, no output PDF file produced!
    Calls: buildVignettes -> texi2pdf -> texi2dvi
    Execution halted
Flavor: r-oldrel-osx-x86_64