CRAN Package Check Results for Package onion

Last updated on 2017-03-24 06:48:25.

Flavor Version Tinstall Tcheck Ttotal Status Flags
r-devel-linux-x86_64-debian-clang 1.2-4 1.55 31.76 33.31 NOTE
r-devel-linux-x86_64-debian-gcc 1.2-4 1.37 31.26 32.64 NOTE
r-devel-linux-x86_64-fedora-clang 1.2-4 61.35 NOTE --no-stop-on-test-error
r-devel-linux-x86_64-fedora-gcc 1.2-4 60.35 NOTE --no-stop-on-test-error
r-devel-macos-x86_64-clang 1.2-4 34.98 NOTE --no-stop-on-test-error
r-devel-windows-ix86+x86_64 1.2-4 6.00 58.00 64.00 NOTE
r-patched-linux-x86_64 1.2-4 1.20 28.93 30.12 NOTE
r-patched-solaris-sparc 1.2-4 245.60 NOTE
r-patched-solaris-x86 1.2-4 55.80 NOTE
r-release-linux-x86_64 1.2-4 1.20 29.14 30.34 NOTE
r-release-osx-x86_64-mavericks 1.2-4 NOTE
r-release-windows-ix86+x86_64 1.2-4 5.00 55.00 60.00 NOTE
r-oldrel-windows-ix86+x86_64 1.2-4 6.00 57.00 63.00 OK

Check Details

Version: 1.2-4
Check: S3 generic/method consistency
Result: NOTE
    Found the following apparent S3 methods exported but not registered:
     Ops.onion get.comp.onion names<-.onion rep.onion sign.onion
     sqrt.onion
    See section ‘Registering S3 methods’ in the ‘Writing R Extensions’
    manual.
Flavors: r-devel-linux-x86_64-debian-clang, r-devel-linux-x86_64-debian-gcc, r-patched-linux-x86_64, r-patched-solaris-sparc, r-patched-solaris-x86, r-release-linux-x86_64

Version: 1.2-4
Check: R code for possible problems
Result: NOTE
    p3d: no visible global function definition for ‘persp’
    p3d: no visible global function definition for ‘hsv’
    p3d: no visible global function definition for ‘points’
    plot.onion: no visible global function definition for ‘plot’
    roct: no visible global function definition for ‘rnorm’
    roct: no visible global function definition for ‘runif’
    roct: no visible global function definition for ‘rbinom’
    roct: no visible global function definition for ‘rpois’
    rquat: no visible global function definition for ‘rnorm’
    rquat: no visible global function definition for ‘runif’
    rquat: no visible global function definition for ‘rbinom’
    rquat: no visible global function definition for ‘rpois’
    Undefined global functions or variables:
     hsv persp plot points rbinom rnorm rpois runif
    Consider adding
     importFrom("grDevices", "hsv")
     importFrom("graphics", "persp", "plot", "points")
     importFrom("stats", "rbinom", "rnorm", "rpois", "runif")
    to your NAMESPACE file.
Flavors: r-devel-linux-x86_64-debian-clang, r-devel-linux-x86_64-debian-gcc, r-devel-windows-ix86+x86_64, r-patched-linux-x86_64, r-patched-solaris-sparc, r-patched-solaris-x86, r-release-linux-x86_64, r-release-osx-x86_64-mavericks, r-release-windows-ix86+x86_64

Version: 1.2-4
Check: compiled code
Result: NOTE
    File ‘onion/libs/onion.so’:
     Found no calls to: ‘R_registerRoutines’, ‘R_useDynamicSymbols’
    
    It is good practice to register native routines and to disable symbol
    search.
    
    See ‘Writing portable packages’ in the ‘Writing R Extensions’ manual.
Flavors: r-devel-linux-x86_64-debian-clang, r-devel-linux-x86_64-debian-gcc

Version: 1.2-4
Flags: --no-stop-on-test-error
Check: S3 generic/method consistency
Result: NOTE
    Found the following apparent S3 methods exported but not registered:
     Ops.onion get.comp.onion names<-.onion rep.onion sign.onion
     sqrt.onion
    See section ‘Registering S3 methods’ in the ‘Writing R Extensions’
    manual.
Flavors: r-devel-linux-x86_64-fedora-clang, r-devel-linux-x86_64-fedora-gcc, r-devel-macos-x86_64-clang

Version: 1.2-4
Flags: --no-stop-on-test-error
Check: R code for possible problems
Result: NOTE
    p3d: no visible global function definition for ‘persp’
    p3d: no visible global function definition for ‘hsv’
    p3d: no visible global function definition for ‘points’
    plot.onion: no visible global function definition for ‘plot’
    roct: no visible global function definition for ‘rnorm’
    roct: no visible global function definition for ‘runif’
    roct: no visible global function definition for ‘rbinom’
    roct: no visible global function definition for ‘rpois’
    rquat: no visible global function definition for ‘rnorm’
    rquat: no visible global function definition for ‘runif’
    rquat: no visible global function definition for ‘rbinom’
    rquat: no visible global function definition for ‘rpois’
    Undefined global functions or variables:
     hsv persp plot points rbinom rnorm rpois runif
    Consider adding
     importFrom("grDevices", "hsv")
     importFrom("graphics", "persp", "plot", "points")
     importFrom("stats", "rbinom", "rnorm", "rpois", "runif")
    to your NAMESPACE file.
Flavors: r-devel-linux-x86_64-fedora-clang, r-devel-linux-x86_64-fedora-gcc, r-devel-macos-x86_64-clang

Version: 1.2-4
Flags: --no-stop-on-test-error
Check: compiled code
Result: NOTE
    File ‘onion/libs/onion.so’:
     Found no calls to: ‘R_registerRoutines’, ‘R_useDynamicSymbols’
    
    It is good practice to register native routines and to disable symbol
    search.
    
    See ‘Writing portable packages’ in the ‘Writing R Extensions’ manual.
Flavors: r-devel-linux-x86_64-fedora-clang, r-devel-linux-x86_64-fedora-gcc, r-devel-macos-x86_64-clang