CRAN Package Check Results for Package onion

Last updated on 2015-02-28 07:50:08.

Flavor Version Tinstall Tcheck Ttotal Status Flags
r-devel-linux-x86_64-debian-clang 1.2-4 1.27 28.10 29.37 NOTE
r-devel-linux-x86_64-debian-gcc 1.2-4 1.18 27.15 28.33 NOTE
r-devel-linux-x86_64-fedora-clang 1.2-4 56.75 NOTE
r-devel-linux-x86_64-fedora-gcc 1.2-4 55.06 NOTE
r-devel-osx-x86_64-clang 1.2-4 46.30 NOTE
r-devel-windows-ix86+x86_64 1.2-4 6.00 45.00 51.00 OK
r-patched-linux-x86_64 1.2-4 1.25 29.42 30.67 OK
r-patched-solaris-sparc 1.2-4 250.80 OK
r-patched-solaris-x86 1.2-4 63.20 OK
r-release-linux-ix86 1.2-4 1.94 50.02 51.95 OK
r-release-linux-x86_64 1.2-4 1.23 28.56 29.79 OK
r-release-osx-x86_64-mavericks 1.2-4 OK
r-release-windows-ix86+x86_64 1.2-4 6.00 44.00 50.00 OK
r-oldrel-windows-ix86+x86_64 1.2-4 6.00 45.00 51.00 OK

Check Details

Version: 1.2-4
Check: S3 generic/method consistency
Result: NOTE
    Found the following apparent S3 methods exported but not registered:
     Ops.onion get.comp.onion names<-.onion rep.onion sign.onion
     sqrt.onion
    See section ‘Registering S3 methods’ in the ‘Writing R Extensions’
    manual.
Flavors: r-devel-linux-x86_64-debian-clang, r-devel-linux-x86_64-debian-gcc, r-devel-linux-x86_64-fedora-clang, r-devel-linux-x86_64-fedora-gcc, r-devel-osx-x86_64-clang