CRAN Package Check Results for Package onion

Last updated on 2015-05-23 02:46:54.

Flavor Version Tinstall Tcheck Ttotal Status Flags
r-devel-linux-x86_64-debian-clang 1.2-4 1.29 27.50 28.79 NOTE
r-devel-linux-x86_64-debian-gcc 1.2-4 1.24 27.32 28.57 NOTE
r-devel-linux-x86_64-fedora-clang 1.2-4 59.27 NOTE
r-devel-linux-x86_64-fedora-gcc 1.2-4 55.72 NOTE
r-devel-osx-x86_64-clang 1.2-4 45.58 NOTE
r-devel-windows-ix86+x86_64 1.2-4 10.00 44.00 54.00 OK
r-patched-linux-x86_64 1.2-4 1.20 27.28 28.48 NOTE
r-patched-solaris-sparc 1.2-4 264.30 NOTE
r-patched-solaris-x86 1.2-4 59.30 NOTE
r-release-linux-x86_64 1.2-4 1.20 27.52 28.71 NOTE
r-release-osx-x86_64-mavericks 1.2-4 OK
r-release-osx-x86_64-snowleopard 1.2-4 OK
r-release-windows-ix86+x86_64 1.2-4 5.00 49.00 54.00 OK
r-oldrel-windows-ix86+x86_64 1.2-4 9.00 48.00 57.00 OK

Check Details

Version: 1.2-4
Check: S3 generic/method consistency
Result: NOTE
    Found the following apparent S3 methods exported but not registered:
     Ops.onion get.comp.onion names<-.onion rep.onion sign.onion
     sqrt.onion
    See section ‘Registering S3 methods’ in the ‘Writing R Extensions’
    manual.
Flavors: r-devel-linux-x86_64-debian-clang, r-devel-linux-x86_64-debian-gcc, r-devel-linux-x86_64-fedora-clang, r-devel-linux-x86_64-fedora-gcc, r-devel-osx-x86_64-clang, r-patched-linux-x86_64, r-patched-solaris-sparc, r-patched-solaris-x86, r-release-linux-x86_64