CRAN Package Check Results for Package onion

Last updated on 2017-08-18 02:49:09.

Flavor Version Tinstall Tcheck Ttotal Status Flags
r-devel-linux-x86_64-debian-clang 1.2-7 1.56 31.72 33.28 OK
r-devel-linux-x86_64-debian-gcc 1.2-7 1.51 31.55 33.06 OK
r-devel-linux-x86_64-fedora-clang 1.2-7 60.72 OK
r-devel-linux-x86_64-fedora-gcc 1.2-7 61.59 OK
r-devel-windows-ix86+x86_64 1.2-7 11.00 52.00 63.00 OK
r-patched-linux-x86_64 1.2-7 1.58 31.68 33.26 OK
r-patched-solaris-x86 1.2-7 53.50 OK
r-release-linux-x86_64 1.2-7 1.55 31.44 32.99 OK
r-release-windows-ix86+x86_64 1.2-7 8.00 59.00 67.00 OK
r-release-osx-x86_64 1.2-7 NOTE
r-oldrel-windows-ix86+x86_64 1.2-7 7.00 68.00 75.00 OK
r-oldrel-osx-x86_64 1.2-7 OK

Check Details

Version: 1.2-7
Check: re-building of vignette outputs
Result: NOTE
    Error in re-building vignettes:
     ...
     "phi" is not a graphical parameter
    Warning in plot.xy(xy.coords(x, y), type = type, ...) :
     "box" is not a graphical parameter
    Warning in plot.xy(xy.coords(x, y), type = type, ...) :
     "r" is not a graphical parameter
    Warning in plot.xy(xy.coords(x, y), type = type, ...) :
     "theta" is not a graphical parameter
    Warning in plot.xy(xy.coords(x, y), type = type, ...) :
     "phi" is not a graphical parameter
    Error in texi2dvi(file = file, pdf = TRUE, clean = clean, quiet = quiet, :
     Running 'texi2dvi' on 'onionpaper.tex' failed.
    LaTeX errors:
    ! LaTeX Error: File `dsfont.sty' not found.
    
    Type X to quit or <RETURN> to proceed,
    or enter new name. (Default extension: sty)
    
    ! Emergency stop.
    <read *>
    
    l.5 \usepackage
     {bbm}^^M
    ! ==> Fatal error occurred, no output PDF file produced!
    Calls: buildVignettes -> texi2pdf -> texi2dvi
    Execution halted
Flavor: r-release-osx-x86_64