CRAN Package Check Results for Package onion

Last updated on 2015-03-28 16:47:17.

Flavor Version Tinstall Tcheck Ttotal Status Flags
r-devel-linux-x86_64-debian-clang 1.2-4 1.18 28.36 29.55 NOTE
r-devel-linux-x86_64-debian-gcc 1.2-4 1.19 27.95 29.14 NOTE
r-devel-linux-x86_64-fedora-clang 1.2-4 58.25 NOTE
r-devel-linux-x86_64-fedora-gcc 1.2-4 59.18 NOTE
r-devel-osx-x86_64-clang 1.2-4 50.48 NOTE
r-prerel-windows-ix86+x86_64 1.2-4 6.00 43.00 49.00 OK
r-prerel-linux-x86_64 1.2-4 1.19 31.44 32.63 NOTE
r-prerel-solaris-sparc 1.2-4 262.80 OK
r-prerel-solaris-x86 1.2-4 56.20 OK
r-release-linux-x86_64 1.2-4 1.26 28.48 29.74 OK
r-release-osx-x86_64-mavericks 1.2-4 OK
r-release-windows-ix86+x86_64 1.2-4 9.00 48.00 57.00 OK
r-oldrel-windows-ix86+x86_64 1.2-4 6.00 45.00 51.00 OK

Check Details

Version: 1.2-4
Check: S3 generic/method consistency
Result: NOTE
    Found the following apparent S3 methods exported but not registered:
     Ops.onion get.comp.onion names<-.onion rep.onion sign.onion
     sqrt.onion
    See section ‘Registering S3 methods’ in the ‘Writing R Extensions’
    manual.
Flavors: r-devel-linux-x86_64-debian-clang, r-devel-linux-x86_64-debian-gcc, r-devel-linux-x86_64-fedora-clang, r-devel-linux-x86_64-fedora-gcc, r-devel-osx-x86_64-clang, r-prerel-linux-x86_64