CRAN Package Check Results for Package onion

Last updated on 2014-09-21 23:47:24.

Flavor Version Tinstall Tcheck Ttotal Status Flags
r-devel-linux-x86_64-debian-clang 1.2-4 1.18 36.86 38.04 OK
r-devel-linux-x86_64-debian-gcc 1.2-4 1.18 44.52 45.69 OK
r-devel-linux-x86_64-fedora-clang 1.2-4 70.14 OK
r-devel-linux-x86_64-fedora-gcc 1.2-4 66.74 OK
r-devel-osx-x86_64-clang 1.2-4 43.67 OK
r-devel-windows-ix86+x86_64 1.2-4 5.00 41.00 46.00 OK
r-patched-linux-x86_64 1.2-4 1.30 37.91 39.22 OK
r-patched-solaris-sparc 1.2-4 246.70 OK
r-patched-solaris-x86 1.2-4 60.80 OK
r-release-linux-ix86 1.2-4 1.78 29.96 31.74 OK
r-release-linux-x86_64 1.2-4 1.34 37.22 38.56 OK
r-release-osx-x86_64-mavericks 1.2-4 NOTE
r-release-windows-ix86+x86_64 1.2-4 7.00 43.00 50.00 OK
r-oldrel-windows-ix86+x86_64 1.2-4 6.00 45.00 51.00 OK

Check Details

Version: 1.2-4
Check: re-building of vignette outputs
Result: NOTE
    Error in re-building vignettes:
     ...
     "r" is not a graphical parameter
    Warning in plot.xy(xy.coords(x, y), type = type, ...) :
     "theta" is not a graphical parameter
    Warning in plot.xy(xy.coords(x, y), type = type, ...) :
     "phi" is not a graphical parameter
    Warning in plot.xy(xy.coords(x, y), type = type, ...) :
     "box" is not a graphical parameter
    Warning in plot.xy(xy.coords(x, y), type = type, ...) :
     "r" is not a graphical parameter
    Warning in plot.xy(xy.coords(x, y), type = type, ...) :
     "theta" is not a graphical parameter
    Warning in plot.xy(xy.coords(x, y), type = type, ...) :
     "phi" is not a graphical parameter
    Error in texi2dvi(file = file, pdf = TRUE, clean = clean, quiet = quiet, :
     Running 'texi2dvi' on 'onionpaper.tex' failed.
    LaTeX errors:
    ! LaTeX Error: File `dsfont.sty' not found.
    
    Type X to quit or <RETURN> to proceed,
    or enter new name. (Default extension: sty)
    
    est/onion/vignettes/onionpaper.tex:5: ==> Fatal error occurred, no output PDF
    file produced!
    Calls: buildVignettes -> texi2pdf -> texi2dvi
    Execution halted
Flavor: r-release-osx-x86_64-mavericks