CRAN Package Check Results for Package onlinePCA

Last updated on 2022-01-23 12:05:18 CET.

Flavor Version Tinstall Tcheck Ttotal Status Flags
r-devel-linux-x86_64-debian-clang 1.3.1 47.38 78.11 125.49 OK
r-devel-linux-x86_64-debian-gcc 1.3.1 39.27 68.68 107.95 OK
r-devel-linux-x86_64-fedora-clang 1.3.1 174.97 NOTE
r-devel-linux-x86_64-fedora-gcc 1.3.1 154.75 NOTE
r-devel-windows-x86_64-new-UL 1.3.1 55.00 119.00 174.00 OK
r-devel-windows-x86_64-new-TK 1.3.1 OK
r-patched-linux-x86_64 1.3.1 42.51 76.36 118.87 OK
r-release-linux-x86_64 1.3.1 44.91 76.37 121.28 OK
r-release-macos-arm64 1.3.1 OK
r-release-macos-x86_64 1.3.1 OK
r-release-windows-ix86+x86_64 1.3.1 136.00 128.00 264.00 OK
r-oldrel-macos-x86_64 1.3.1 OK
r-oldrel-windows-ix86+x86_64 1.3.1 132.00 136.00 268.00 OK

Check Details

Version: 1.3.1
Check: compiled code
Result: NOTE
    File ‘onlinePCA/libs/onlinePCA.so’:
     Found no calls to: ‘R_registerRoutines’, ‘R_useDynamicSymbols’
    
    It is good practice to register native routines and to disable symbol
    search.
    
    See ‘Writing portable packages’ in the ‘Writing R Extensions’ manual.
Flavors: r-devel-linux-x86_64-fedora-clang, r-devel-linux-x86_64-fedora-gcc