CRAN Package Check Results for Package ontoFAST

Last updated on 2022-01-21 20:48:48 CET.

Flavor Version Tinstall Tcheck Ttotal Status Flags
r-devel-linux-x86_64-debian-clang 1.0.0 8.58 76.24 84.82 OK
r-devel-linux-x86_64-debian-gcc 1.0.0 6.13 58.25 64.38 OK
r-devel-linux-x86_64-fedora-clang 1.0.0 103.28 NOTE
r-devel-linux-x86_64-fedora-gcc 1.0.0 90.33 NOTE
r-devel-windows-x86_64-new-UL 1.0.0 48.00 99.00 147.00 OK
r-devel-windows-x86_64-new-TK 1.0.0 NOTE
r-patched-linux-x86_64 1.0.0 5.72 72.99 78.71 OK
r-release-linux-x86_64 1.0.0 7.98 72.37 80.35 OK
r-release-macos-arm64 1.0.0 NOTE
r-release-macos-x86_64 1.0.0 NOTE
r-release-windows-ix86+x86_64 1.0.0 19.00 88.00 107.00 OK
r-oldrel-macos-x86_64 1.0.0 NOTE
r-oldrel-windows-ix86+x86_64 1.0.0 19.00 90.00 109.00 OK

Check Details

Version: 1.0.0
Check: data for non-ASCII characters
Result: NOTE
     Note: found 34 marked UTF-8 strings
Flavors: r-devel-linux-x86_64-fedora-clang, r-devel-linux-x86_64-fedora-gcc, r-devel-windows-x86_64-new-TK, r-release-macos-arm64, r-release-macos-x86_64, r-oldrel-macos-x86_64