CRAN Package Check Results for Package opefimor

Last updated on 2015-03-28 11:49:20.

Flavor Version Tinstall Tcheck Ttotal Status Flags
r-devel-linux-x86_64-debian-clang 1.1 0.53 9.11 9.64 NOTE
r-devel-linux-x86_64-debian-gcc 1.1 0.53 9.13 9.66 NOTE
r-devel-linux-x86_64-fedora-clang 1.1 18.62 NOTE
r-devel-linux-x86_64-fedora-gcc 1.1 17.33 NOTE
r-devel-osx-x86_64-clang 1.1 27.90 NOTE
r-prerel-windows-ix86+x86_64 1.1 3.00 16.00 19.00 NOTE
r-prerel-linux-x86_64 1.1 0.52 9.52 10.04 NOTE
r-prerel-solaris-sparc 1.1 130.00 NOTE
r-prerel-solaris-x86 1.1 26.70 NOTE
r-release-linux-x86_64 1.1 0.61 9.52 10.12 OK
r-release-osx-x86_64-mavericks 1.1 OK
r-release-windows-ix86+x86_64 1.1 4.00 18.00 22.00 OK
r-oldrel-windows-ix86+x86_64 1.1 2.00 16.00 18.00 OK

Check Details

Version: 1.1
Check: DESCRIPTION meta-information
Result: NOTE
    Malformed Description field: should contain one or more complete sentences.
Flavors: r-devel-linux-x86_64-debian-clang, r-devel-linux-x86_64-debian-gcc, r-devel-linux-x86_64-fedora-clang, r-devel-linux-x86_64-fedora-gcc, r-devel-osx-x86_64-clang, r-prerel-windows-ix86+x86_64, r-prerel-linux-x86_64, r-prerel-solaris-sparc, r-prerel-solaris-x86