CRAN Package Check Results for Package opefimor

Last updated on 2015-05-30 15:47:56.

Flavor Version Tinstall Tcheck Ttotal Status Flags
r-devel-linux-x86_64-debian-clang 1.1 0.54 8.74 9.28 NOTE
r-devel-linux-x86_64-debian-gcc 1.1 0.56 8.58 9.14 NOTE
r-devel-linux-x86_64-fedora-clang 1.1 19.71 NOTE
r-devel-linux-x86_64-fedora-gcc 1.1 17.93 NOTE
r-devel-osx-x86_64-clang 1.1 23.97 NOTE
r-devel-windows-ix86+x86_64 1.1 3.00 17.00 20.00 NOTE
r-patched-linux-x86_64 1.1 0.52 9.01 9.53 NOTE
r-patched-solaris-sparc 1.1 130.30 NOTE
r-patched-solaris-x86 1.1 28.90 NOTE
r-release-linux-x86_64 1.1 0.61 9.01 9.62 NOTE
r-release-osx-x86_64-mavericks 1.1 NOTE
r-release-osx-x86_64-snowleopard 1.1 NOTE
r-release-windows-ix86+x86_64 1.1 2.00 18.00 20.00 NOTE
r-oldrel-windows-ix86+x86_64 1.1 4.00 18.00 22.00 OK

Check Details

Version: 1.1
Check: DESCRIPTION meta-information
Result: NOTE
    Malformed Description field: should contain one or more complete sentences.
Flavors: r-devel-linux-x86_64-debian-clang, r-devel-linux-x86_64-debian-gcc, r-devel-linux-x86_64-fedora-clang, r-devel-linux-x86_64-fedora-gcc, r-devel-osx-x86_64-clang, r-devel-windows-ix86+x86_64, r-patched-linux-x86_64, r-patched-solaris-sparc, r-patched-solaris-x86, r-release-linux-x86_64, r-release-osx-x86_64-mavericks, r-release-osx-x86_64-snowleopard, r-release-windows-ix86+x86_64