CRAN Package Check Results for Package opefimor

Last updated on 2015-04-18 13:48:53.

Flavor Version Tinstall Tcheck Ttotal Status Flags
r-devel-linux-x86_64-debian-clang 1.1 0.61 9.24 9.85 NOTE
r-devel-linux-x86_64-debian-gcc 1.1 0.54 9.69 10.22 NOTE
r-devel-linux-x86_64-fedora-clang 1.1 18.99 NOTE
r-devel-linux-x86_64-fedora-gcc 1.1 17.76 NOTE
r-devel-osx-x86_64-clang 1.1 24.12 NOTE
r-patched-linux-x86_64 1.1 0.56 9.02 9.58 NOTE
r-patched-solaris-sparc 1.1 130.00 NOTE
r-patched-solaris-x86 1.1 27.20 NOTE
r-release-linux-x86_64 1.1 0.52 9.09 9.61 NOTE
r-release-osx-x86_64-mavericks 1.1 NOTE
r-release-windows-ix86+x86_64 1.1 4.00 18.00 22.00 OK
r-oldrel-windows-ix86+x86_64 1.1 2.00 16.00 18.00 OK

Check Details

Version: 1.1
Check: DESCRIPTION meta-information
Result: NOTE
    Malformed Description field: should contain one or more complete sentences.
Flavors: r-devel-linux-x86_64-debian-clang, r-devel-linux-x86_64-debian-gcc, r-devel-linux-x86_64-fedora-clang, r-devel-linux-x86_64-fedora-gcc, r-devel-osx-x86_64-clang, r-patched-linux-x86_64, r-patched-solaris-sparc, r-patched-solaris-x86, r-release-linux-x86_64, r-release-osx-x86_64-mavericks