CRAN Package Check Results for Package opefimor

Last updated on 2015-07-31 08:50:06.

Flavor Version Tinstall Tcheck Ttotal Status Flags
r-devel-linux-x86_64-debian-clang 1.1 0.51 8.62 9.14 NOTE
r-devel-linux-x86_64-debian-gcc 1.1 0.70 8.54 9.24 NOTE
r-devel-linux-x86_64-fedora-clang 1.1 17.79 NOTE
r-devel-linux-x86_64-fedora-gcc 1.1 16.35 NOTE
r-devel-osx-x86_64-clang 1.1 19.22 NOTE
r-devel-windows-ix86+x86_64 1.1 3.00 25.00 28.00 NOTE
r-patched-linux-x86_64 1.1 0.53 8.98 9.51 NOTE
r-patched-solaris-sparc 1.1 116.90 NOTE
r-patched-solaris-x86 1.1 29.40 NOTE
r-release-linux-x86_64 1.1 0.52 8.89 9.41 NOTE
r-release-osx-x86_64-mavericks 1.1 NOTE
r-release-windows-ix86+x86_64 1.1 2.00 17.00 19.00 NOTE
r-oldrel-windows-ix86+x86_64 1.1 4.00 18.00 22.00 OK

Check Details

Version: 1.1
Check: DESCRIPTION meta-information
Result: NOTE
    Malformed Description field: should contain one or more complete sentences.
Flavors: r-devel-linux-x86_64-debian-clang, r-devel-linux-x86_64-debian-gcc, r-devel-linux-x86_64-fedora-clang, r-devel-linux-x86_64-fedora-gcc, r-devel-osx-x86_64-clang, r-devel-windows-ix86+x86_64, r-patched-linux-x86_64, r-patched-solaris-sparc, r-patched-solaris-x86, r-release-linux-x86_64, r-release-osx-x86_64-mavericks, r-release-windows-ix86+x86_64