CRAN Package Check Results for Package openNLP

Last updated on 2014-12-20 23:47:23.

Flavor Version Tinstall Tcheck Ttotal Status Flags
r-devel-linux-x86_64-debian-clang 0.2-3 1.75 22.99 24.74 NOTE
r-devel-linux-x86_64-debian-gcc 0.2-3 1.63 22.40 24.03 NOTE
r-devel-linux-x86_64-fedora-clang 0.2-3 59.90 NOTE
r-devel-linux-x86_64-fedora-gcc 0.2-3 51.36 NOTE
r-devel-osx-x86_64-clang 0.2-3 50.06 NOTE
r-devel-windows-ix86+x86_64 0.2-3 5.00 43.00 48.00 OK
r-patched-linux-x86_64 0.2-3 2.30 23.52 25.82 NOTE
r-patched-solaris-sparc 0.2-3 292.20 NOTE
r-patched-solaris-x86 0.2-3 74.70 NOTE
r-release-linux-ix86 0.2-3 2.07 29.90 31.96 NOTE
r-release-linux-x86_64 0.2-3 1.76 24.90 26.66 NOTE
r-release-osx-x86_64-mavericks 0.2-3 OK
r-release-osx-x86_64-snowleopard 0.2-3 OK
r-release-windows-ix86+x86_64 0.2-3 6.00 40.00 46.00 OK
r-oldrel-windows-ix86+x86_64 0.2-3 7.00 41.00 48.00 OK

Check Details

Version: 0.2-3
Check: package dependencies
Result: NOTE
    Package suggested but not available for checking: ‘openNLPmodels.en’
Flavors: r-devel-linux-x86_64-debian-clang, r-devel-linux-x86_64-debian-gcc, r-devel-linux-x86_64-fedora-clang, r-devel-linux-x86_64-fedora-gcc, r-devel-osx-x86_64-clang, r-patched-linux-x86_64, r-patched-solaris-sparc, r-patched-solaris-x86, r-release-linux-ix86, r-release-linux-x86_64