CRAN Package Check Results for Package openNLP

Last updated on 2016-05-03 08:49:04.

Flavor Version Tinstall Tcheck Ttotal Status Flags
r-devel-linux-x86_64-debian-gcc 0.2-6 1.21 18.37 19.58 NOTE
r-devel-linux-x86_64-fedora-clang 0.2-6 39.53 NOTE
r-devel-linux-x86_64-fedora-gcc 0.2-6 36.88 NOTE
r-devel-osx-x86_64-clang 0.2-6 42.33 NOTE
r-devel-windows-ix86+x86_64 0.2-6 4.00 40.00 44.00 NOTE
r-patched-linux-x86_64 0.2-6 1.18 18.05 19.22 NOTE
r-patched-solaris-sparc 0.2-6 236.00 NOTE
r-patched-solaris-x86 0.2-6 50.50 NOTE
r-release-linux-x86_64 0.2-6 1.32 20.40 21.72 NOTE
r-release-osx-x86_64-mavericks 0.2-6 NOTE
r-release-windows-ix86+x86_64 0.2-6 6.00 44.00 50.00 NOTE
r-oldrel-windows-ix86+x86_64 0.2-6 9.00 53.00 62.00 NOTE

Check Details

Version: 0.2-6
Check: package dependencies
Result: NOTE
    Package suggested but not available for checking: ‘openNLPmodels.en’
Flavors: r-devel-linux-x86_64-debian-gcc, r-devel-linux-x86_64-fedora-clang, r-devel-linux-x86_64-fedora-gcc, r-devel-osx-x86_64-clang, r-devel-windows-ix86+x86_64, r-patched-linux-x86_64, r-patched-solaris-sparc, r-patched-solaris-x86, r-release-linux-x86_64, r-release-osx-x86_64-mavericks, r-release-windows-ix86+x86_64, r-oldrel-windows-ix86+x86_64