CRAN Package Check Results for Package openNLP

Last updated on 2015-04-02 08:49:36.

Flavor Version Tinstall Tcheck Ttotal Status Flags
r-devel-linux-x86_64-debian-clang 0.2-4 1.33 18.78 20.11 NOTE
r-devel-linux-x86_64-debian-gcc 0.2-4 1.24 18.40 19.64 NOTE
r-devel-linux-x86_64-fedora-clang 0.2-4 43.71 NOTE
r-devel-linux-x86_64-fedora-gcc 0.2-4 45.90 NOTE
r-devel-osx-x86_64-clang 0.2-4 45.81 NOTE
r-prerel-windows-ix86+x86_64 0.2-4 5.00 29.00 34.00 NOTE
r-prerel-linux-x86_64 0.2-4 1.61 18.39 20.00 NOTE
r-prerel-solaris-sparc 0.2-4 276.50 NOTE
r-prerel-solaris-x86 0.2-4 60.90 NOTE
r-release-linux-x86_64 0.2-4 1.79 24.04 25.83 NOTE
r-release-osx-x86_64-mavericks 0.2-4 NOTE
r-release-osx-x86_64-snowleopard 0.2-4 NOTE
r-release-windows-ix86+x86_64 0.2-4 8.00 42.00 50.00 NOTE
r-oldrel-windows-ix86+x86_64 0.2-4 9.00 58.00 67.00 NOTE

Check Details

Version: 0.2-4
Check: package dependencies
Result: NOTE
    Package suggested but not available for checking: ‘openNLPmodels.en’
Flavors: r-devel-linux-x86_64-debian-clang, r-devel-linux-x86_64-debian-gcc, r-devel-linux-x86_64-fedora-clang, r-devel-linux-x86_64-fedora-gcc, r-devel-osx-x86_64-clang, r-prerel-windows-ix86+x86_64, r-prerel-linux-x86_64, r-prerel-solaris-sparc, r-prerel-solaris-x86, r-release-linux-x86_64, r-release-osx-x86_64-mavericks, r-release-osx-x86_64-snowleopard, r-release-windows-ix86+x86_64, r-oldrel-windows-ix86+x86_64