CRAN Package Check Results for Package openNLP

Last updated on 2017-04-30 23:51:43.

Flavor Version Tinstall Tcheck Ttotal Status Flags
r-devel-linux-x86_64-debian-clang 0.2-6 1.56 22.32 23.88 NOTE
r-devel-linux-x86_64-debian-gcc 0.2-6 1.53 22.07 23.60 NOTE
r-devel-linux-x86_64-fedora-clang 0.2-6 47.64 NOTE --no-stop-on-test-error
r-devel-linux-x86_64-fedora-gcc 0.2-6 43.61 NOTE --no-stop-on-test-error
r-devel-windows-ix86+x86_64 0.2-6 5.00 58.00 63.00 NOTE
r-patched-linux-x86_64 0.2-6 1.38 21.90 23.28 NOTE
r-patched-solaris-sparc 0.2-6 264.20 NOTE
r-patched-solaris-x86 0.2-6 58.40 NOTE
r-release-linux-x86_64 0.2-6 1.49 21.71 23.20 NOTE
r-release-windows-ix86+x86_64 0.2-6 5.00 44.00 49.00 NOTE
r-release-osx-x86_64 0.2-6 NOTE
r-oldrel-windows-ix86+x86_64 0.2-6 6.00 52.00 58.00 NOTE
r-oldrel-osx-x86_64 0.2-6 NOTE

Check Details

Version: 0.2-6
Check: package dependencies
Result: NOTE
    Package suggested but not available for checking: ‘openNLPmodels.en’
Flavors: r-devel-linux-x86_64-debian-clang, r-devel-linux-x86_64-debian-gcc, r-devel-windows-ix86+x86_64, r-patched-linux-x86_64, r-patched-solaris-sparc, r-patched-solaris-x86, r-release-linux-x86_64, r-release-windows-ix86+x86_64, r-release-osx-x86_64, r-oldrel-windows-ix86+x86_64, r-oldrel-osx-x86_64

Version: 0.2-6
Flags: --no-stop-on-test-error
Check: package dependencies
Result: NOTE
    Package suggested but not available for checking: ‘openNLPmodels.en’
Flavors: r-devel-linux-x86_64-fedora-clang, r-devel-linux-x86_64-fedora-gcc