CRAN Package Check Results for Package openNLP

Last updated on 2016-12-10 16:47:20.

Flavor Version Tinstall Tcheck Ttotal Status Flags
r-devel-linux-x86_64-debian-clang 0.2-6 1.46 22.24 23.70 NOTE
r-devel-linux-x86_64-debian-gcc 0.2-6 1.40 21.76 23.16 NOTE
r-devel-linux-x86_64-fedora-clang 0.2-6 45.73 NOTE --no-stop-on-test-error
r-devel-linux-x86_64-fedora-gcc 0.2-6 43.28 NOTE --no-stop-on-test-error
r-devel-macos-x86_64-clang 0.2-6 39.07 NOTE --no-stop-on-test-error
r-devel-windows-ix86+x86_64 0.2-6 7.00 44.00 51.00 NOTE
r-patched-linux-x86_64 0.2-6 1.31 18.49 19.80 NOTE
r-patched-solaris-sparc 0.2-6 239.40 NOTE
r-patched-solaris-x86 0.2-6 49.50 NOTE
r-release-linux-x86_64 0.2-6 1.36 18.71 20.06 NOTE
r-release-osx-x86_64-mavericks 0.2-6 NOTE
r-release-windows-ix86+x86_64 0.2-6 4.00 39.00 43.00 NOTE
r-oldrel-windows-ix86+x86_64 0.2-6 4.00 36.00 40.00 NOTE

Check Details

Version: 0.2-6
Check: package dependencies
Result: NOTE
    Package suggested but not available for checking: ‘openNLPmodels.en’
Flavors: r-devel-linux-x86_64-debian-clang, r-devel-linux-x86_64-debian-gcc, r-devel-windows-ix86+x86_64, r-patched-linux-x86_64, r-patched-solaris-sparc, r-patched-solaris-x86, r-release-linux-x86_64, r-release-osx-x86_64-mavericks, r-release-windows-ix86+x86_64, r-oldrel-windows-ix86+x86_64

Version: 0.2-6
Flags: --no-stop-on-test-error
Check: package dependencies
Result: NOTE
    Package suggested but not available for checking: ‘openNLPmodels.en’
Flavors: r-devel-linux-x86_64-fedora-clang, r-devel-linux-x86_64-fedora-gcc, r-devel-macos-x86_64-clang