CRAN Package Check Results for Package openNLP

Last updated on 2015-05-28 09:47:31.

Flavor Version Tinstall Tcheck Ttotal Status Flags
r-devel-linux-x86_64-debian-clang 0.2-5 1.22 18.96 20.18 NOTE
r-devel-linux-x86_64-debian-gcc 0.2-5 1.27 18.65 19.92 NOTE
r-devel-linux-x86_64-fedora-clang 0.2-5 45.79 NOTE
r-devel-linux-x86_64-fedora-gcc 0.2-5 41.33 NOTE
r-devel-osx-x86_64-clang 0.2-5 41.18 NOTE
r-devel-windows-ix86+x86_64 0.2-5 4.00 30.00 34.00 NOTE
r-patched-linux-x86_64 0.2-5 1.55 18.75 20.30 NOTE
r-patched-solaris-sparc 0.2-5 281.70 NOTE
r-patched-solaris-x86 0.2-5 65.70 NOTE
r-release-linux-x86_64 0.2-5 1.23 18.76 19.98 NOTE
r-release-osx-x86_64-mavericks 0.2-5 NOTE
r-release-osx-x86_64-snowleopard 0.2-5 NOTE
r-release-windows-ix86+x86_64 0.2-5 4.00 31.00 35.00 NOTE
r-oldrel-windows-ix86+x86_64 0.2-5 6.00 38.00 44.00 NOTE

Check Details

Version: 0.2-5
Check: package dependencies
Result: NOTE
    Package suggested but not available for checking: ‘openNLPmodels.en’
Flavors: r-devel-linux-x86_64-debian-clang, r-devel-linux-x86_64-debian-gcc, r-devel-linux-x86_64-fedora-clang, r-devel-linux-x86_64-fedora-gcc, r-devel-osx-x86_64-clang, r-devel-windows-ix86+x86_64, r-patched-linux-x86_64, r-patched-solaris-sparc, r-patched-solaris-x86, r-release-linux-x86_64, r-release-osx-x86_64-mavericks, r-release-osx-x86_64-snowleopard, r-release-windows-ix86+x86_64, r-oldrel-windows-ix86+x86_64