CRAN Package Check Results for Package openNLP

Last updated on 2015-09-03 23:47:40.

Flavor Version Tinstall Tcheck Ttotal Status Flags
r-devel-linux-x86_64-debian-clang 0.2-5 1.19 18.16 19.35 NOTE
r-devel-linux-x86_64-debian-gcc 0.2-5 1.12 18.57 19.69 NOTE
r-devel-linux-x86_64-fedora-clang 0.2-5 41.73 NOTE
r-devel-linux-x86_64-fedora-gcc 0.2-5 39.58 NOTE
r-devel-osx-x86_64-clang 0.2-5 36.93 NOTE
r-devel-windows-ix86+x86_64 0.2-5 4.00 38.00 42.00 NOTE
r-patched-linux-x86_64 0.2-5 1.29 19.10 20.38 NOTE
r-patched-solaris-sparc 0.2-5 264.60 NOTE
r-patched-solaris-x86 0.2-5 70.90 NOTE
r-release-linux-x86_64 0.2-5 1.33 19.08 20.41 NOTE
r-release-osx-x86_64-mavericks 0.2-5 NOTE
r-release-windows-ix86+x86_64 0.2-5 6.00 32.00 38.00 NOTE
r-oldrel-windows-ix86+x86_64 0.2-5 8.00 41.00 49.00 NOTE

Check Details

Version: 0.2-5
Check: package dependencies
Result: NOTE
    Package suggested but not available for checking: ‘openNLPmodels.en’
Flavors: r-devel-linux-x86_64-debian-clang, r-devel-linux-x86_64-debian-gcc, r-devel-linux-x86_64-fedora-clang, r-devel-linux-x86_64-fedora-gcc, r-devel-osx-x86_64-clang, r-devel-windows-ix86+x86_64, r-patched-linux-x86_64, r-patched-solaris-sparc, r-patched-solaris-x86, r-release-linux-x86_64, r-release-osx-x86_64-mavericks, r-release-windows-ix86+x86_64, r-oldrel-windows-ix86+x86_64