CRAN Package Check Results for Package openNLP

Last updated on 2017-10-18 23:47:56.

Flavor Version Tinstall Tcheck Ttotal Status Flags
r-devel-linux-x86_64-debian-clang 0.2-6 1.43 23.52 24.95 NOTE
r-devel-linux-x86_64-debian-gcc 0.2-6 1.76 24.23 25.98 NOTE
r-devel-linux-x86_64-fedora-clang 0.2-6 46.78 NOTE
r-devel-linux-x86_64-fedora-gcc 0.2-6 45.61 NOTE
r-devel-windows-ix86+x86_64 0.2-6 4.00 47.00 51.00 NOTE
r-patched-linux-x86_64 0.2-6 1.60 22.93 24.53 NOTE
r-patched-solaris-x86 0.2-6 63.30 NOTE
r-release-linux-x86_64 0.2-6 1.48 23.27 24.75 NOTE
r-release-windows-ix86+x86_64 0.2-6 4.00 41.00 45.00 NOTE
r-release-osx-x86_64 0.2-6 NOTE
r-oldrel-windows-ix86+x86_64 0.2-6 4.00 37.00 41.00 NOTE
r-oldrel-osx-x86_64 0.2-6 NOTE

Check Details

Version: 0.2-6
Check: package dependencies
Result: NOTE
    Package suggested but not available for checking: ‘openNLPmodels.en’
Flavors: r-devel-linux-x86_64-debian-clang, r-devel-linux-x86_64-debian-gcc, r-devel-linux-x86_64-fedora-clang, r-devel-linux-x86_64-fedora-gcc, r-devel-windows-ix86+x86_64, r-patched-linux-x86_64, r-patched-solaris-x86, r-release-linux-x86_64, r-release-windows-ix86+x86_64, r-release-osx-x86_64, r-oldrel-windows-ix86+x86_64, r-oldrel-osx-x86_64