CRAN Package Check Results for Package openNLP

Last updated on 2017-01-17 03:51:09.

Flavor Version Tinstall Tcheck Ttotal Status Flags
r-devel-linux-x86_64-debian-clang 0.2-6 1.41 21.27 22.68 NOTE
r-devel-linux-x86_64-debian-gcc 0.2-6 1.44 21.14 22.58 NOTE
r-devel-linux-x86_64-fedora-clang 0.2-6 44.67 NOTE --no-stop-on-test-error
r-devel-linux-x86_64-fedora-gcc 0.2-6 44.00 NOTE --no-stop-on-test-error
r-devel-macos-x86_64-clang 0.2-6 37.66 NOTE --no-stop-on-test-error
r-devel-windows-ix86+x86_64 0.2-6 7.00 47.00 54.00 NOTE
r-patched-linux-x86_64 0.2-6 1.23 17.89 19.11 NOTE
r-patched-solaris-sparc 0.2-6 239.50 NOTE
r-patched-solaris-x86 0.2-6 49.80 NOTE
r-release-linux-x86_64 0.2-6 1.38 18.31 19.69 NOTE
r-release-osx-x86_64-mavericks 0.2-6 NOTE
r-release-windows-ix86+x86_64 0.2-6 4.00 39.00 43.00 NOTE
r-oldrel-windows-ix86+x86_64 0.2-6 4.00 36.00 40.00 NOTE

Check Details

Version: 0.2-6
Check: package dependencies
Result: NOTE
    Package suggested but not available for checking: ‘openNLPmodels.en’
Flavors: r-devel-linux-x86_64-debian-clang, r-devel-linux-x86_64-debian-gcc, r-devel-windows-ix86+x86_64, r-patched-linux-x86_64, r-patched-solaris-sparc, r-patched-solaris-x86, r-release-linux-x86_64, r-release-osx-x86_64-mavericks, r-release-windows-ix86+x86_64, r-oldrel-windows-ix86+x86_64

Version: 0.2-6
Flags: --no-stop-on-test-error
Check: package dependencies
Result: NOTE
    Package suggested but not available for checking: ‘openNLPmodels.en’
Flavors: r-devel-linux-x86_64-fedora-clang, r-devel-linux-x86_64-fedora-gcc, r-devel-macos-x86_64-clang