CRAN Package Check Results for Package openNLP

Last updated on 2017-02-25 07:49:19.

Flavor Version Tinstall Tcheck Ttotal Status Flags
r-devel-linux-x86_64-debian-clang 0.2-6 1.37 21.99 23.36 NOTE
r-devel-linux-x86_64-debian-gcc 0.2-6 1.43 21.84 23.27 NOTE
r-devel-linux-x86_64-fedora-clang 0.2-6 45.33 NOTE --no-stop-on-test-error
r-devel-linux-x86_64-fedora-gcc 0.2-6 43.08 NOTE --no-stop-on-test-error
r-devel-macos-x86_64-clang 0.2-6 38.90 NOTE --no-stop-on-test-error
r-devel-windows-ix86+x86_64 0.2-6 7.00 55.00 62.00 NOTE
r-patched-linux-x86_64 0.2-6 1.22 18.57 19.79 NOTE
r-patched-solaris-sparc 0.2-6 239.50 NOTE
r-patched-solaris-x86 0.2-6 49.00 NOTE
r-release-linux-x86_64 0.2-6 1.25 18.45 19.70 NOTE
r-release-osx-x86_64-mavericks 0.2-6 NOTE
r-release-windows-ix86+x86_64 0.2-6 6.00 52.00 58.00 NOTE
r-oldrel-windows-ix86+x86_64 0.2-6 7.00 39.00 46.00 NOTE

Check Details

Version: 0.2-6
Check: package dependencies
Result: NOTE
    Package suggested but not available for checking: ‘openNLPmodels.en’
Flavors: r-devel-linux-x86_64-debian-clang, r-devel-linux-x86_64-debian-gcc, r-devel-windows-ix86+x86_64, r-patched-linux-x86_64, r-patched-solaris-sparc, r-patched-solaris-x86, r-release-linux-x86_64, r-release-osx-x86_64-mavericks, r-release-windows-ix86+x86_64, r-oldrel-windows-ix86+x86_64

Version: 0.2-6
Flags: --no-stop-on-test-error
Check: package dependencies
Result: NOTE
    Package suggested but not available for checking: ‘openNLPmodels.en’
Flavors: r-devel-linux-x86_64-fedora-clang, r-devel-linux-x86_64-fedora-gcc, r-devel-macos-x86_64-clang