CRAN Package Check Results for Package openNLP

Last updated on 2016-10-01 12:47:56.

Flavor Version Tinstall Tcheck Ttotal Status Flags
r-devel-linux-x86_64-debian-clang 0.2-6 1.30 19.66 20.97 NOTE
r-devel-linux-x86_64-debian-gcc 0.2-6 1.34 19.39 20.73 NOTE
r-devel-linux-x86_64-fedora-clang 0.2-6 39.78 NOTE
r-devel-linux-x86_64-fedora-gcc 0.2-6 36.14 NOTE
r-devel-macos-x86_64-clang 0.2-6 33.32 NOTE
r-devel-windows-ix86+x86_64 0.2-6 4.00 49.00 53.00 NOTE
r-patched-linux-x86_64 0.2-6 1.40 18.65 20.06 NOTE
r-patched-solaris-sparc 0.2-6 239.40 NOTE
r-patched-solaris-x86 0.2-6 48.10 NOTE
r-release-linux-x86_64 0.2-6 1.24 18.93 20.17 NOTE
r-release-osx-x86_64-mavericks 0.2-6 NOTE
r-release-windows-ix86+x86_64 0.2-6 4.00 41.00 45.00 NOTE
r-oldrel-windows-ix86+x86_64 0.2-6 6.00 44.00 50.00 NOTE

Check Details

Version: 0.2-6
Check: package dependencies
Result: NOTE
    Package suggested but not available for checking: ‘openNLPmodels.en’
Flavors: r-devel-linux-x86_64-debian-clang, r-devel-linux-x86_64-debian-gcc, r-devel-linux-x86_64-fedora-clang, r-devel-linux-x86_64-fedora-gcc, r-devel-macos-x86_64-clang, r-devel-windows-ix86+x86_64, r-patched-linux-x86_64, r-patched-solaris-sparc, r-patched-solaris-x86, r-release-linux-x86_64, r-release-osx-x86_64-mavericks, r-release-windows-ix86+x86_64, r-oldrel-windows-ix86+x86_64