CRAN Package Check Results for Package openNLP

Last updated on 2017-12-13 20:48:47 CET.

Flavor Version Tinstall Tcheck Ttotal Status Flags
r-devel-linux-x86_64-debian-clang 0.2-6 1.84 35.00 36.84 NOTE
r-devel-linux-x86_64-debian-gcc 0.2-6 1.74 30.54 32.28 NOTE
r-devel-linux-x86_64-fedora-clang 0.2-6 44.25 NOTE
r-devel-linux-x86_64-fedora-gcc 0.2-6 44.81 NOTE
r-devel-windows-ix86+x86_64 0.2-6 6.00 45.00 51.00 NOTE
r-patched-linux-x86_64 0.2-6 2.32 36.96 39.28 NOTE
r-patched-solaris-x86 0.2-6 59.90 NOTE
r-release-linux-x86_64 0.2-6 2.16 37.56 39.72 NOTE
r-release-windows-ix86+x86_64 0.2-6 4.00 41.00 45.00 NOTE
r-release-osx-x86_64 0.2-6 NOTE
r-oldrel-windows-ix86+x86_64 0.2-6 4.00 35.00 39.00 NOTE
r-oldrel-osx-x86_64 0.2-6 NOTE

Check Details

Version: 0.2-6
Check: package dependencies
Result: NOTE
    Package suggested but not available for checking: ‘openNLPmodels.en’
Flavors: r-devel-linux-x86_64-debian-clang, r-devel-linux-x86_64-debian-gcc, r-devel-linux-x86_64-fedora-clang, r-devel-linux-x86_64-fedora-gcc, r-devel-windows-ix86+x86_64, r-patched-linux-x86_64, r-patched-solaris-x86, r-release-linux-x86_64, r-release-windows-ix86+x86_64, r-release-osx-x86_64, r-oldrel-windows-ix86+x86_64, r-oldrel-osx-x86_64