CRAN Package Check Results for Package openNLP

Last updated on 2017-08-18 00:50:07.

Flavor Version Tinstall Tcheck Ttotal Status Flags
r-devel-linux-x86_64-debian-clang 0.2-6 1.37 22.25 23.62 NOTE
r-devel-linux-x86_64-debian-gcc 0.2-6 1.42 21.54 22.97 NOTE
r-devel-linux-x86_64-fedora-clang 0.2-6 45.16 NOTE
r-devel-linux-x86_64-fedora-gcc 0.2-6 44.28 NOTE
r-devel-windows-ix86+x86_64 0.2-6 5.00 44.00 49.00 NOTE
r-patched-linux-x86_64 0.2-6 1.48 21.94 23.42 NOTE
r-patched-solaris-x86 0.2-6 62.60 NOTE
r-release-linux-x86_64 0.2-6 1.40 21.62 23.02 NOTE
r-release-windows-ix86+x86_64 0.2-6 5.00 42.00 47.00 NOTE
r-release-osx-x86_64 0.2-6 NOTE
r-oldrel-windows-ix86+x86_64 0.2-6 4.00 37.00 41.00 NOTE
r-oldrel-osx-x86_64 0.2-6 NOTE

Check Details

Version: 0.2-6
Check: package dependencies
Result: NOTE
    Package suggested but not available for checking: ‘openNLPmodels.en’
Flavors: r-devel-linux-x86_64-debian-clang, r-devel-linux-x86_64-debian-gcc, r-devel-linux-x86_64-fedora-clang, r-devel-linux-x86_64-fedora-gcc, r-devel-windows-ix86+x86_64, r-patched-linux-x86_64, r-patched-solaris-x86, r-release-linux-x86_64, r-release-windows-ix86+x86_64, r-release-osx-x86_64, r-oldrel-windows-ix86+x86_64, r-oldrel-osx-x86_64