CRAN Package Check Results for Package openNLP

Last updated on 2016-08-30 12:47:06.

Flavor Version Tinstall Tcheck Ttotal Status Flags
r-devel-linux-x86_64-debian-clang 0.2-6 1.31 18.66 19.97 NOTE
r-devel-linux-x86_64-debian-gcc 0.2-6 1.36 18.40 19.76 NOTE
r-devel-linux-x86_64-fedora-clang 0.2-6 39.01 NOTE
r-devel-linux-x86_64-fedora-gcc 0.2-6 37.33 NOTE
r-devel-osx-x86_64-clang 0.2-6 35.53 NOTE
r-devel-windows-ix86+x86_64 0.2-6 6.00 51.00 57.00 NOTE
r-patched-linux-x86_64 0.2-6 1.18 18.69 19.87 NOTE
r-patched-solaris-sparc 0.2-6 239.40 NOTE
r-patched-solaris-x86 0.2-6 50.10 NOTE
r-release-linux-x86_64 0.2-6 1.20 18.89 20.08 NOTE
r-release-osx-x86_64-mavericks 0.2-6 NOTE
r-release-windows-ix86+x86_64 0.2-6 4.00 50.00 54.00 NOTE
r-oldrel-windows-ix86+x86_64 0.2-6 6.00 44.00 50.00 NOTE

Check Details

Version: 0.2-6
Check: package dependencies
Result: NOTE
    Package suggested but not available for checking: ‘openNLPmodels.en’
Flavors: r-devel-linux-x86_64-debian-clang, r-devel-linux-x86_64-debian-gcc, r-devel-linux-x86_64-fedora-clang, r-devel-linux-x86_64-fedora-gcc, r-devel-osx-x86_64-clang, r-devel-windows-ix86+x86_64, r-patched-linux-x86_64, r-patched-solaris-sparc, r-patched-solaris-x86, r-release-linux-x86_64, r-release-osx-x86_64-mavericks, r-release-windows-ix86+x86_64, r-oldrel-windows-ix86+x86_64