CRAN Package Check Results for Package openNLP

Last updated on 2017-03-25 03:48:02.

Flavor Version Tinstall Tcheck Ttotal Status Flags
r-devel-linux-x86_64-debian-clang 0.2-6 1.39 21.77 23.16 NOTE
r-devel-linux-x86_64-debian-gcc 0.2-6 1.59 21.13 22.72 NOTE
r-devel-linux-x86_64-fedora-clang 0.2-6 45.25 NOTE --no-stop-on-test-error
r-devel-linux-x86_64-fedora-gcc 0.2-6 44.03 NOTE --no-stop-on-test-error
r-devel-macos-x86_64-clang 0.2-6 39.03 NOTE --no-stop-on-test-error
r-devel-windows-ix86+x86_64 0.2-6 4.00 44.00 48.00 NOTE
r-patched-linux-x86_64 0.2-6 1.20 19.03 20.23 NOTE
r-patched-solaris-sparc 0.2-6 264.20 NOTE
r-patched-solaris-x86 0.2-6 62.10 NOTE
r-release-linux-x86_64 0.2-6 1.15 18.55 19.71 NOTE
r-release-osx-x86_64-mavericks 0.2-6 NOTE
r-release-windows-ix86+x86_64 0.2-6 6.00 52.00 58.00 NOTE
r-oldrel-windows-ix86+x86_64 0.2-6 7.00 39.00 46.00 NOTE

Check Details

Version: 0.2-6
Check: package dependencies
Result: NOTE
    Package suggested but not available for checking: ‘openNLPmodels.en’
Flavors: r-devel-linux-x86_64-debian-clang, r-devel-linux-x86_64-debian-gcc, r-devel-windows-ix86+x86_64, r-patched-linux-x86_64, r-patched-solaris-sparc, r-patched-solaris-x86, r-release-linux-x86_64, r-release-osx-x86_64-mavericks, r-release-windows-ix86+x86_64, r-oldrel-windows-ix86+x86_64

Version: 0.2-6
Flags: --no-stop-on-test-error
Check: package dependencies
Result: NOTE
    Package suggested but not available for checking: ‘openNLPmodels.en’
Flavors: r-devel-linux-x86_64-fedora-clang, r-devel-linux-x86_64-fedora-gcc, r-devel-macos-x86_64-clang