CRAN Package Check Results for Package openNLP

Last updated on 2016-07-27 15:47:51.

Flavor Version Tinstall Tcheck Ttotal Status Flags
r-devel-linux-x86_64-debian-clang 0.2-6 1.35 22.61 23.96 NOTE
r-devel-linux-x86_64-debian-gcc 0.2-6 1.90 22.74 24.64 NOTE
r-devel-linux-x86_64-fedora-clang 0.2-6 38.96 NOTE
r-devel-linux-x86_64-fedora-gcc 0.2-6 37.20 NOTE
r-devel-osx-x86_64-clang 0.2-6 34.78 NOTE
r-devel-windows-ix86+x86_64 0.2-6 4.00 39.00 43.00 NOTE
r-patched-linux-x86_64 0.2-6 1.62 21.15 22.78 NOTE
r-patched-solaris-sparc 0.2-6 239.40 NOTE
r-patched-solaris-x86 0.2-6 49.90 NOTE
r-release-linux-x86_64 0.2-6 1.42 21.78 23.20 NOTE
r-release-osx-x86_64-mavericks 0.2-6 NOTE
r-release-windows-ix86+x86_64 0.2-6 4.00 50.00 54.00 NOTE
r-oldrel-windows-ix86+x86_64 0.2-6 6.00 44.00 50.00 NOTE

Check Details

Version: 0.2-6
Check: package dependencies
Result: NOTE
    Package suggested but not available for checking: ‘openNLPmodels.en’
Flavors: r-devel-linux-x86_64-debian-clang, r-devel-linux-x86_64-debian-gcc, r-devel-linux-x86_64-fedora-clang, r-devel-linux-x86_64-fedora-gcc, r-devel-osx-x86_64-clang, r-devel-windows-ix86+x86_64, r-patched-linux-x86_64, r-patched-solaris-sparc, r-patched-solaris-x86, r-release-linux-x86_64, r-release-osx-x86_64-mavericks, r-release-windows-ix86+x86_64, r-oldrel-windows-ix86+x86_64