CRAN Package Check Results for Package openNLP

Last updated on 2015-03-06 12:46:45.

Flavor Version Tinstall Tcheck Ttotal Status Flags
r-devel-linux-x86_64-debian-clang 0.2-4 1.26 18.74 20.01 NOTE
r-devel-linux-x86_64-debian-gcc 0.2-4 1.22 18.06 19.28 NOTE
r-devel-linux-x86_64-fedora-clang 0.2-4 42.57 NOTE
r-devel-linux-x86_64-fedora-gcc 0.2-4 40.68 NOTE
r-devel-osx-x86_64-clang 0.2-4 43.72 NOTE
r-devel-windows-ix86+x86_64 0.2-4 5.00 31.00 36.00 NOTE
r-patched-linux-x86_64 0.2-4 2.18 23.96 26.13 NOTE
r-patched-solaris-sparc 0.2-3 338.80 NOTE
r-patched-solaris-x86 0.2-4 75.50 NOTE
r-release-linux-ix86 0.2-4 2.09 30.29 32.38 NOTE
r-release-linux-x86_64 0.2-4 1.79 23.59 25.38 NOTE
r-release-osx-x86_64-mavericks 0.2-4 NOTE
r-release-osx-x86_64-snowleopard 0.2-4 NOTE
r-release-windows-ix86+x86_64 0.2-4 9.00 44.00 53.00 NOTE
r-oldrel-windows-ix86+x86_64 0.2-4 9.00 58.00 67.00 NOTE

Check Details

Version: 0.2-4
Check: package dependencies
Result: NOTE
    Package suggested but not available for checking: ‘openNLPmodels.en’
Flavors: r-devel-linux-x86_64-debian-clang, r-devel-linux-x86_64-debian-gcc, r-devel-linux-x86_64-fedora-clang, r-devel-linux-x86_64-fedora-gcc, r-devel-osx-x86_64-clang, r-devel-windows-ix86+x86_64, r-patched-linux-x86_64, r-patched-solaris-x86, r-release-linux-ix86, r-release-linux-x86_64, r-release-osx-x86_64-mavericks, r-release-osx-x86_64-snowleopard, r-release-windows-ix86+x86_64, r-oldrel-windows-ix86+x86_64

Version: 0.2-3
Check: package dependencies
Result: NOTE
    Package suggested but not available for checking: ‘openNLPmodels.en’
Flavor: r-patched-solaris-sparc