CRAN Package Check Results for Package openNLP

Last updated on 2016-02-07 22:46:53.

Flavor Version Tinstall Tcheck Ttotal Status Flags
r-devel-linux-x86_64-debian-gcc 0.2-5 1.18 17.48 18.66 NOTE
r-devel-linux-x86_64-fedora-clang 0.2-5 40.17 NOTE
r-devel-linux-x86_64-fedora-gcc 0.2-5 37.13 NOTE
r-devel-osx-x86_64-clang 0.2-5 42.22 NOTE
r-devel-windows-ix86+x86_64 0.2-5 4.00 33.00 37.00 NOTE
r-patched-linux-x86_64 0.2-5 1.36 19.17 20.53 NOTE
r-patched-solaris-sparc 0.2-5 249.50 NOTE
r-patched-solaris-x86 0.2-5 54.40 NOTE
r-release-linux-x86_64 0.2-5 1.40 19.02 20.41 NOTE
r-release-osx-x86_64-mavericks 0.2-5 NOTE
r-release-windows-ix86+x86_64 0.2-5 5.00 30.00 35.00 NOTE
r-oldrel-windows-ix86+x86_64 0.2-5 8.00 38.00 46.00 NOTE

Check Details

Version: 0.2-5
Check: package dependencies
Result: NOTE
    Package suggested but not available for checking: ‘openNLPmodels.en’
Flavors: r-devel-linux-x86_64-debian-gcc, r-devel-linux-x86_64-fedora-clang, r-devel-linux-x86_64-fedora-gcc, r-devel-osx-x86_64-clang, r-devel-windows-ix86+x86_64, r-patched-linux-x86_64, r-patched-solaris-sparc, r-patched-solaris-x86, r-release-linux-x86_64, r-release-osx-x86_64-mavericks, r-release-windows-ix86+x86_64, r-oldrel-windows-ix86+x86_64