CRAN Package Check Results for Package openNLP

Last updated on 2018-06-23 16:46:49 CEST.

Flavor Version Tinstall Tcheck Ttotal Status Flags
r-devel-linux-x86_64-debian-clang 0.2-6 3.23 47.32 50.55 NOTE
r-devel-linux-x86_64-debian-gcc 0.2-6 2.53 35.94 38.47 NOTE
r-devel-linux-x86_64-fedora-clang 0.2-6 51.13 NOTE
r-devel-linux-x86_64-fedora-gcc 0.2-6 49.01 NOTE
r-devel-windows-ix86+x86_64 0.2-6 7.00 47.00 54.00 NOTE
r-patched-linux-x86_64 0.2-6 2.47 40.77 43.24 NOTE
r-patched-solaris-x86 0.2-6 61.70 NOTE
r-release-linux-x86_64 0.2-6 2.67 40.59 43.26 NOTE
r-release-windows-ix86+x86_64 0.2-6 4.00 49.00 53.00 NOTE
r-release-osx-x86_64 0.2-6 NOTE
r-oldrel-windows-ix86+x86_64 0.2-6 6.00 56.00 62.00 NOTE
r-oldrel-osx-x86_64 0.2-6 NOTE

Check Details

Version: 0.2-6
Check: package dependencies
Result: NOTE
    Package suggested but not available for checking: ‘openNLPmodels.en’
Flavors: r-devel-linux-x86_64-debian-clang, r-devel-linux-x86_64-debian-gcc, r-devel-linux-x86_64-fedora-clang, r-devel-linux-x86_64-fedora-gcc, r-devel-windows-ix86+x86_64, r-patched-linux-x86_64, r-patched-solaris-x86, r-release-linux-x86_64, r-release-windows-ix86+x86_64, r-release-osx-x86_64, r-oldrel-windows-ix86+x86_64, r-oldrel-osx-x86_64