CRAN Package Check Results for Package openNLP

Last updated on 2015-06-30 22:47:28.

Flavor Version Tinstall Tcheck Ttotal Status Flags
r-devel-linux-x86_64-debian-clang 0.2-5 1.28 19.16 20.44 NOTE
r-devel-linux-x86_64-debian-gcc 0.2-5 1.64 18.63 20.27 NOTE
r-devel-linux-x86_64-fedora-clang 0.2-5 46.13 NOTE
r-devel-linux-x86_64-fedora-gcc 0.2-5 41.31 NOTE
r-devel-osx-x86_64-clang 0.2-5 40.71 NOTE
r-devel-windows-ix86+x86_64 0.2-5 4.00 42.00 46.00 NOTE
r-patched-linux-x86_64 0.2-5 1.22 18.61 19.83 NOTE
r-patched-solaris-sparc 0.2-5 281.70 NOTE
r-patched-solaris-x86 0.2-5 67.50 NOTE
r-release-linux-x86_64 0.2-5 1.22 18.96 20.17 NOTE
r-release-osx-x86_64-mavericks 0.2-5 NOTE
r-release-windows-ix86+x86_64 0.2-5 6.00 31.00 37.00 NOTE
r-oldrel-windows-ix86+x86_64 0.2-5 9.00 40.00 49.00 NOTE

Check Details

Version: 0.2-5
Check: package dependencies
Result: NOTE
    Package suggested but not available for checking: ‘openNLPmodels.en’
Flavors: r-devel-linux-x86_64-debian-clang, r-devel-linux-x86_64-debian-gcc, r-devel-linux-x86_64-fedora-clang, r-devel-linux-x86_64-fedora-gcc, r-devel-osx-x86_64-clang, r-devel-windows-ix86+x86_64, r-patched-linux-x86_64, r-patched-solaris-sparc, r-patched-solaris-x86, r-release-linux-x86_64, r-release-osx-x86_64-mavericks, r-release-windows-ix86+x86_64, r-oldrel-windows-ix86+x86_64