CRAN Package Check Results for Package openNLP

Last updated on 2018-02-23 06:55:02 CET.

Flavor Version Tinstall Tcheck Ttotal Status Flags
r-devel-linux-x86_64-debian-clang 0.2-6 2.47 30.67 33.14 NOTE
r-devel-linux-x86_64-debian-gcc 0.2-6 1.88 28.04 29.92 NOTE
r-devel-linux-x86_64-fedora-clang 0.2-6 45.79 NOTE
r-devel-linux-x86_64-fedora-gcc 0.2-6 43.60 NOTE
r-devel-windows-ix86+x86_64 0.2-6 5.00 43.00 48.00 NOTE
r-patched-linux-x86_64 0.2-6 2.34 38.13 40.47 NOTE
r-patched-solaris-x86 0.2-6 60.00 NOTE
r-release-linux-x86_64 0.2-6 1.51 37.46 38.97 NOTE
r-release-windows-ix86+x86_64 0.2-6 6.00 57.00 63.00 NOTE
r-release-osx-x86_64 0.2-6 NOTE
r-oldrel-windows-ix86+x86_64 0.2-6 5.00 56.00 61.00 NOTE
r-oldrel-osx-x86_64 0.2-6 NOTE

Check Details

Version: 0.2-6
Check: package dependencies
Result: NOTE
    Package suggested but not available for checking: ‘openNLPmodels.en’
Flavors: r-devel-linux-x86_64-debian-clang, r-devel-linux-x86_64-debian-gcc, r-devel-linux-x86_64-fedora-clang, r-devel-linux-x86_64-fedora-gcc, r-devel-windows-ix86+x86_64, r-patched-linux-x86_64, r-patched-solaris-x86, r-release-linux-x86_64, r-release-windows-ix86+x86_64, r-release-osx-x86_64, r-oldrel-windows-ix86+x86_64, r-oldrel-osx-x86_64