CRAN Package Check Results for Package openNLPdata

Last updated on 2015-07-08 06:48:05.

Flavor Version Tinstall Tcheck Ttotal Status Flags
r-devel-linux-x86_64-debian-clang 1.5.3-2 1.57 11.58 13.15 NOTE
r-devel-linux-x86_64-debian-gcc 1.5.3-2 1.43 11.33 12.76 NOTE
r-devel-linux-x86_64-fedora-clang 1.5.3-2 26.61 NOTE
r-devel-linux-x86_64-fedora-gcc 1.5.3-2 23.42 NOTE
r-devel-osx-x86_64-clang 1.5.3-2 24.68 NOTE
r-devel-windows-ix86+x86_64 1.5.3-2 5.00 27.00 32.00 NOTE
r-patched-linux-x86_64 1.5.3-2 1.44 11.27 12.72 NOTE
r-patched-solaris-sparc 1.5.3-2 165.30 NOTE
r-patched-solaris-x86 1.5.3-2 47.90 NOTE
r-release-linux-x86_64 1.5.3-2 1.44 11.45 12.89 NOTE
r-release-osx-x86_64-mavericks 1.5.3-2 NOTE
r-release-windows-ix86+x86_64 1.5.3-2 5.00 19.00 24.00 NOTE
r-oldrel-windows-ix86+x86_64 1.5.3-2 9.00 32.00 41.00 NOTE

Check Details

Version: 1.5.3-2
Check: installed package size
Result: NOTE
     installed size is 7.2Mb
     sub-directories of 1Mb or more:
     java 1.2Mb
     models 6.0Mb
Flavors: r-devel-linux-x86_64-debian-clang, r-devel-linux-x86_64-debian-gcc, r-devel-linux-x86_64-fedora-clang, r-devel-linux-x86_64-fedora-gcc, r-devel-osx-x86_64-clang, r-devel-windows-ix86+x86_64, r-patched-linux-x86_64, r-patched-solaris-sparc, r-patched-solaris-x86, r-release-linux-x86_64, r-release-osx-x86_64-mavericks, r-release-windows-ix86+x86_64, r-oldrel-windows-ix86+x86_64