CRAN Package Check Results for Package openNLPdata

Last updated on 2017-06-24 01:47:21.

Flavor Version Tinstall Tcheck Ttotal Status Flags
r-devel-linux-x86_64-debian-clang 1.5.3-2 1.67 13.97 15.64 OK
r-devel-linux-x86_64-debian-gcc 1.5.3-2 1.67 13.64 15.31 OK
r-devel-linux-x86_64-fedora-clang 1.5.3-2 27.12 NOTE
r-devel-linux-x86_64-fedora-gcc 1.5.3-2 26.03 NOTE
r-devel-windows-ix86+x86_64 1.5.3-2 5.00 39.00 44.00 NOTE
r-patched-linux-x86_64 1.5.3-2 1.76 13.52 15.27 OK
r-patched-solaris-sparc 1.5.3-2 163.70 NOTE
r-patched-solaris-x86 1.5.3-2 39.00 NOTE
r-release-linux-x86_64 1.5.3-2 1.62 14.23 15.85 OK
r-release-windows-ix86+x86_64 1.5.3-2 5.00 30.00 35.00 NOTE
r-release-osx-x86_64 1.5.3-2 NOTE
r-oldrel-windows-ix86+x86_64 1.5.3-2 5.00 26.00 31.00 NOTE
r-oldrel-osx-x86_64 1.5.3-2 NOTE

Check Details

Version: 1.5.3-2
Check: installed package size
Result: NOTE
     installed size is 7.2Mb
     sub-directories of 1Mb or more:
     java 1.2Mb
     models 6.0Mb
Flavors: r-devel-linux-x86_64-fedora-clang, r-devel-linux-x86_64-fedora-gcc, r-devel-windows-ix86+x86_64, r-patched-solaris-sparc, r-patched-solaris-x86, r-release-windows-ix86+x86_64, r-release-osx-x86_64, r-oldrel-windows-ix86+x86_64, r-oldrel-osx-x86_64