CRAN Package Check Results for Package openNLPdata

Last updated on 2016-09-29 23:47:41.

Flavor Version Tinstall Tcheck Ttotal Status Flags
r-devel-linux-x86_64-debian-clang 1.5.3-2 1.50 11.57 13.07 NOTE
r-devel-linux-x86_64-debian-gcc 1.5.3-2 1.78 12.21 13.98 NOTE
r-devel-linux-x86_64-fedora-clang 1.5.3-2 23.04 NOTE
r-devel-linux-x86_64-fedora-gcc 1.5.3-2 20.05 NOTE
r-devel-macos-x86_64-clang 1.5.3-2 19.00 NOTE
r-devel-windows-ix86+x86_64 1.5.3-2 7.00 33.00 40.00 NOTE
r-patched-linux-x86_64 1.5.3-2 1.67 11.59 13.26 NOTE
r-patched-solaris-sparc 1.5.3-2 145.00 NOTE
r-patched-solaris-x86 1.5.3-2 30.20 NOTE
r-release-linux-x86_64 1.5.3-2 1.53 11.56 13.09 NOTE
r-release-osx-x86_64-mavericks 1.5.3-2 NOTE
r-release-windows-ix86+x86_64 1.5.3-2 5.00 26.00 31.00 NOTE
r-oldrel-windows-ix86+x86_64 1.5.3-2 6.00 20.00 26.00 NOTE

Check Details

Version: 1.5.3-2
Check: installed package size
Result: NOTE
     installed size is 7.2Mb
     sub-directories of 1Mb or more:
     java 1.2Mb
     models 6.0Mb
Flavors: r-devel-linux-x86_64-debian-clang, r-devel-linux-x86_64-debian-gcc, r-devel-linux-x86_64-fedora-clang, r-devel-linux-x86_64-fedora-gcc, r-devel-macos-x86_64-clang, r-devel-windows-ix86+x86_64, r-patched-linux-x86_64, r-patched-solaris-sparc, r-patched-solaris-x86, r-release-linux-x86_64, r-release-osx-x86_64-mavericks, r-release-windows-ix86+x86_64, r-oldrel-windows-ix86+x86_64