CRAN Package Check Results for Package openNLPdata

Last updated on 2015-03-05 19:48:00.

Flavor Version Tinstall Tcheck Ttotal Status Flags
r-devel-linux-x86_64-debian-clang 1.5.3-1 1.84 12.41 14.25 NOTE
r-devel-linux-x86_64-debian-gcc 1.5.3-1 1.48 11.68 13.16 NOTE
r-devel-linux-x86_64-fedora-clang 1.5.3-1 25.62 NOTE
r-devel-linux-x86_64-fedora-gcc 1.5.3-1 24.28 NOTE
r-devel-osx-x86_64-clang 1.5.3-1 27.74 NOTE
r-devel-windows-ix86+x86_64 1.5.3-1 7.00 18.00 25.00 NOTE
r-patched-linux-x86_64 1.5.3-1 1.94 15.13 17.08 NOTE
r-patched-solaris-sparc 1.5.3-1 216.10 NOTE
r-patched-solaris-x86 1.5.3-1 50.00 NOTE
r-release-linux-ix86 1.5.3-1 2.58 18.60 21.18 NOTE
r-release-linux-x86_64 1.5.3-1 1.97 14.24 16.20 NOTE
r-release-osx-x86_64-mavericks 1.5.3-1 NOTE
r-release-osx-x86_64-snowleopard 1.5.3-1 NOTE
r-release-windows-ix86+x86_64 1.5.3-1 6.00 23.00 29.00 NOTE
r-oldrel-windows-ix86+x86_64 1.5.3-1 5.00 21.00 26.00 NOTE

Check Details

Version: 1.5.3-1
Check: installed package size
Result: NOTE
     installed size is 7.2Mb
     sub-directories of 1Mb or more:
     java 1.2Mb
     models 6.0Mb
Flavors: r-devel-linux-x86_64-debian-clang, r-devel-linux-x86_64-debian-gcc, r-devel-linux-x86_64-fedora-clang, r-devel-linux-x86_64-fedora-gcc, r-devel-osx-x86_64-clang, r-devel-windows-ix86+x86_64, r-patched-linux-x86_64, r-patched-solaris-sparc, r-patched-solaris-x86, r-release-linux-ix86, r-release-linux-x86_64, r-release-osx-x86_64-mavericks, r-release-osx-x86_64-snowleopard, r-release-windows-ix86+x86_64, r-oldrel-windows-ix86+x86_64