CRAN Package Check Results for Package openNLPdata

Last updated on 2016-07-25 11:50:56.

Flavor Version Tinstall Tcheck Ttotal Status Flags
r-devel-linux-x86_64-debian-clang 1.5.3-2 1.84 13.79 15.63 NOTE
r-devel-linux-x86_64-debian-gcc 1.5.3-2 2.14 13.73 15.87 NOTE
r-devel-linux-x86_64-fedora-clang 1.5.3-2 22.08 NOTE
r-devel-linux-x86_64-fedora-gcc 1.5.3-2 21.05 NOTE
r-devel-osx-x86_64-clang 1.5.3-2 20.75 NOTE
r-devel-windows-ix86+x86_64 1.5.3-2 5.00 26.00 31.00 NOTE
r-patched-linux-x86_64 1.5.3-2 2.06 13.88 15.93 NOTE
r-patched-solaris-sparc 1.5.3-2 145.00 NOTE
r-patched-solaris-x86 1.5.3-2 31.50 NOTE
r-release-linux-x86_64 1.5.3-2 2.02 14.19 16.21 NOTE
r-release-osx-x86_64-mavericks 1.5.3-2 NOTE
r-release-windows-ix86+x86_64 1.5.3-2 5.00 33.00 38.00 NOTE
r-oldrel-windows-ix86+x86_64 1.5.3-2 6.00 20.00 26.00 NOTE

Check Details

Version: 1.5.3-2
Check: installed package size
Result: NOTE
     installed size is 7.2Mb
     sub-directories of 1Mb or more:
     java 1.2Mb
     models 6.0Mb
Flavors: r-devel-linux-x86_64-debian-clang, r-devel-linux-x86_64-debian-gcc, r-devel-linux-x86_64-fedora-clang, r-devel-linux-x86_64-fedora-gcc, r-devel-osx-x86_64-clang, r-devel-windows-ix86+x86_64, r-patched-linux-x86_64, r-patched-solaris-sparc, r-patched-solaris-x86, r-release-linux-x86_64, r-release-osx-x86_64-mavericks, r-release-windows-ix86+x86_64, r-oldrel-windows-ix86+x86_64