CRAN Package Check Results for Package openNLPdata

Last updated on 2016-12-02 18:47:43.

Flavor Version Tinstall Tcheck Ttotal Status Flags
r-devel-linux-x86_64-debian-clang 1.5.3-2 1.73 13.37 15.10 OK
r-devel-linux-x86_64-debian-gcc 1.5.3-2 1.68 13.58 15.25 OK
r-devel-linux-x86_64-fedora-clang 1.5.3-2 27.31 NOTE
r-devel-linux-x86_64-fedora-gcc 1.5.3-2 26.77 NOTE
r-devel-macos-x86_64-clang 1.5.3-2 23.39 NOTE
r-devel-windows-ix86+x86_64 1.5.3-2 8.00 27.00 35.00 NOTE
r-patched-linux-x86_64 1.5.3-2 1.47 11.80 13.27 OK
r-patched-solaris-sparc 1.5.3-2 145.00 NOTE
r-patched-solaris-x86 1.5.3-2 30.60 NOTE
r-release-linux-x86_64 1.5.3-2 1.62 11.59 13.21 OK
r-release-osx-x86_64-mavericks 1.5.3-2 NOTE
r-release-windows-ix86+x86_64 1.5.3-2 5.00 26.00 31.00 NOTE
r-oldrel-windows-ix86+x86_64 1.5.3-2 4.00 25.00 29.00 NOTE

Check Details

Version: 1.5.3-2
Check: installed package size
Result: NOTE
     installed size is 7.2Mb
     sub-directories of 1Mb or more:
     java 1.2Mb
     models 6.0Mb
Flavors: r-devel-linux-x86_64-fedora-clang, r-devel-linux-x86_64-fedora-gcc, r-devel-macos-x86_64-clang, r-devel-windows-ix86+x86_64, r-patched-solaris-sparc, r-patched-solaris-x86, r-release-osx-x86_64-mavericks, r-release-windows-ix86+x86_64, r-oldrel-windows-ix86+x86_64