CRAN Package Check Results for Package openNLPdata

Last updated on 2017-10-22 20:47:24.

Flavor Version Tinstall Tcheck Ttotal Status Flags
r-devel-linux-x86_64-debian-clang 1.5.3-3 1.76 13.89 15.65 OK
r-devel-linux-x86_64-debian-gcc 1.5.3-3 1.55 16.19 17.74 OK
r-devel-linux-x86_64-fedora-clang 1.5.3-3 16.63 NOTE
r-devel-linux-x86_64-fedora-gcc 1.5.3-3 15.02 NOTE
r-devel-windows-ix86+x86_64 1.5.3-3 5.00 31.00 36.00 NOTE
r-patched-linux-x86_64 1.5.3-3 1.66 14.34 15.99 OK
r-patched-solaris-x86 1.5.3-3 34.10 NOTE
r-release-linux-x86_64 1.5.3-3 1.66 14.38 16.05 OK
r-release-windows-ix86+x86_64 1.5.3-3 5.00 29.00 34.00 NOTE
r-release-osx-x86_64 1.5.3-3 NOTE
r-oldrel-windows-ix86+x86_64 1.5.3-3 5.00 28.00 33.00 NOTE
r-oldrel-osx-x86_64 1.5.3-3 NOTE

Check Details

Version: 1.5.3-3
Check: installed package size
Result: NOTE
     installed size is 7.2Mb
     sub-directories of 1Mb or more:
     java 1.2Mb
     models 6.0Mb
Flavors: r-devel-linux-x86_64-fedora-clang, r-devel-linux-x86_64-fedora-gcc, r-devel-windows-ix86+x86_64, r-patched-solaris-x86, r-release-windows-ix86+x86_64, r-release-osx-x86_64, r-oldrel-windows-ix86+x86_64, r-oldrel-osx-x86_64