CRAN Package Check Results for Package openNLPdata

Last updated on 2016-08-27 04:51:02.

Flavor Version Tinstall Tcheck Ttotal Status Flags
r-devel-linux-x86_64-debian-clang 1.5.3-2 1.59 11.63 13.22 NOTE
r-devel-linux-x86_64-debian-gcc 1.5.3-2 2.69 15.05 17.74 NOTE
r-devel-linux-x86_64-fedora-clang 1.5.3-2 23.08 NOTE
r-devel-linux-x86_64-fedora-gcc 1.5.3-2 21.50 NOTE
r-devel-osx-x86_64-clang 1.5.3-2 20.77 NOTE
r-devel-windows-ix86+x86_64 1.5.3-2 6.00 34.00 40.00 NOTE
r-patched-linux-x86_64 1.5.3-2 1.46 11.03 12.48 NOTE
r-patched-solaris-sparc 1.5.3-2 145.00 NOTE
r-patched-solaris-x86 1.5.3-2 31.20 NOTE
r-release-linux-x86_64 1.5.3-2 1.75 11.38 13.13 NOTE
r-release-osx-x86_64-mavericks 1.5.3-2 NOTE
r-release-windows-ix86+x86_64 1.5.3-2 5.00 33.00 38.00 NOTE
r-oldrel-windows-ix86+x86_64 1.5.3-2 6.00 20.00 26.00 NOTE

Check Details

Version: 1.5.3-2
Check: installed package size
Result: NOTE
     installed size is 7.2Mb
     sub-directories of 1Mb or more:
     java 1.2Mb
     models 6.0Mb
Flavors: r-devel-linux-x86_64-debian-clang, r-devel-linux-x86_64-debian-gcc, r-devel-linux-x86_64-fedora-clang, r-devel-linux-x86_64-fedora-gcc, r-devel-osx-x86_64-clang, r-devel-windows-ix86+x86_64, r-patched-linux-x86_64, r-patched-solaris-sparc, r-patched-solaris-x86, r-release-linux-x86_64, r-release-osx-x86_64-mavericks, r-release-windows-ix86+x86_64, r-oldrel-windows-ix86+x86_64