CRAN Package Check Results for Package openNLPdata

Last updated on 2015-08-03 19:49:17.

Flavor Version Tinstall Tcheck Ttotal Status Flags
r-devel-linux-x86_64-debian-clang 1.5.3-2 1.64 11.66 13.31 NOTE
r-devel-linux-x86_64-debian-gcc 1.5.3-2 1.47 11.53 13.00 NOTE
r-devel-linux-x86_64-fedora-clang 1.5.3-2 27.44 NOTE
r-devel-linux-x86_64-fedora-gcc 1.5.3-2 24.61 NOTE
r-devel-osx-x86_64-clang 1.5.3-2 25.05 NOTE
r-devel-windows-ix86+x86_64 1.5.3-2 5.00 20.00 25.00 NOTE
r-patched-linux-x86_64 1.5.3-2 1.47 11.62 13.09 NOTE
r-patched-solaris-sparc 1.5.3-2 164.30 NOTE
r-patched-solaris-x86 1.5.3-2 43.40 NOTE
r-release-linux-x86_64 1.5.3-2 1.82 11.72 13.54 NOTE
r-release-osx-x86_64-mavericks 1.5.3-2 NOTE
r-release-windows-ix86+x86_64 1.5.3-2 6.00 20.00 26.00 NOTE
r-oldrel-windows-ix86+x86_64 1.5.3-2 9.00 25.00 34.00 NOTE

Check Details

Version: 1.5.3-2
Check: installed package size
Result: NOTE
     installed size is 7.2Mb
     sub-directories of 1Mb or more:
     java 1.2Mb
     models 6.0Mb
Flavors: r-devel-linux-x86_64-debian-clang, r-devel-linux-x86_64-debian-gcc, r-devel-linux-x86_64-fedora-clang, r-devel-linux-x86_64-fedora-gcc, r-devel-osx-x86_64-clang, r-devel-windows-ix86+x86_64, r-patched-linux-x86_64, r-patched-solaris-sparc, r-patched-solaris-x86, r-release-linux-x86_64, r-release-osx-x86_64-mavericks, r-release-windows-ix86+x86_64, r-oldrel-windows-ix86+x86_64