CRAN Package Check Results for Package openNLPdata

Last updated on 2017-02-21 03:49:37.

Flavor Version Tinstall Tcheck Ttotal Status Flags
r-devel-linux-x86_64-debian-clang 1.5.3-2 1.64 13.61 15.25 OK
r-devel-linux-x86_64-debian-gcc 1.5.3-2 1.59 13.60 15.19 OK
r-devel-linux-x86_64-fedora-clang 1.5.3-2 25.42 NOTE --no-stop-on-test-error
r-devel-linux-x86_64-fedora-gcc 1.5.3-2 25.17 NOTE --no-stop-on-test-error
r-devel-macos-x86_64-clang 1.5.3-2 23.30 NOTE --no-stop-on-test-error
r-devel-windows-ix86+x86_64 1.5.3-2 5.00 36.00 41.00 NOTE
r-patched-linux-x86_64 1.5.3-2 1.43 11.60 13.03 OK
r-patched-solaris-sparc 1.5.3-2 142.60 NOTE
r-patched-solaris-x86 1.5.3-2 35.60 NOTE
r-release-linux-x86_64 1.5.3-2 1.50 11.77 13.27 OK
r-release-osx-x86_64-mavericks 1.5.3-2 NOTE
r-release-windows-ix86+x86_64 1.5.3-2 5.00 26.00 31.00 NOTE
r-oldrel-windows-ix86+x86_64 1.5.3-2 4.00 25.00 29.00 NOTE

Check Details

Version: 1.5.3-2
Flags: --no-stop-on-test-error
Check: installed package size
Result: NOTE
     installed size is 7.2Mb
     sub-directories of 1Mb or more:
     java 1.2Mb
     models 6.0Mb
Flavors: r-devel-linux-x86_64-fedora-clang, r-devel-linux-x86_64-fedora-gcc, r-devel-macos-x86_64-clang

Version: 1.5.3-2
Check: installed package size
Result: NOTE
     installed size is 7.2Mb
     sub-directories of 1Mb or more:
     java 1.2Mb
     models 6.0Mb
Flavors: r-devel-windows-ix86+x86_64, r-patched-solaris-sparc, r-patched-solaris-x86, r-release-osx-x86_64-mavericks, r-release-windows-ix86+x86_64, r-oldrel-windows-ix86+x86_64