CRAN Package Check Results for Package openNLPdata

Last updated on 2015-09-02 23:47:02.

Flavor Version Tinstall Tcheck Ttotal Status Flags
r-devel-linux-x86_64-debian-clang 1.5.3-2 1.38 11.33 12.71 NOTE
r-devel-linux-x86_64-debian-gcc 1.5.3-2 1.38 11.14 12.52 NOTE
r-devel-linux-x86_64-fedora-clang 1.5.3-2 25.00 NOTE
r-devel-linux-x86_64-fedora-gcc 1.5.3-2 22.36 NOTE
r-devel-osx-x86_64-clang 1.5.3-2 24.01 NOTE
r-devel-windows-ix86+x86_64 1.5.3-2 5.00 24.00 29.00 NOTE
r-patched-linux-x86_64 1.5.3-2 1.47 11.72 13.19 NOTE
r-patched-solaris-sparc 1.5.3-2 164.30 NOTE
r-patched-solaris-x86 1.5.3-2 48.70 NOTE
r-release-linux-x86_64 1.5.3-2 1.59 11.88 13.47 NOTE
r-release-osx-x86_64-mavericks 1.5.3-2 NOTE
r-release-windows-ix86+x86_64 1.5.3-2 5.00 21.00 26.00 NOTE
r-oldrel-windows-ix86+x86_64 1.5.3-2 9.00 25.00 34.00 NOTE

Check Details

Version: 1.5.3-2
Check: installed package size
Result: NOTE
     installed size is 7.2Mb
     sub-directories of 1Mb or more:
     java 1.2Mb
     models 6.0Mb
Flavors: r-devel-linux-x86_64-debian-clang, r-devel-linux-x86_64-debian-gcc, r-devel-linux-x86_64-fedora-clang, r-devel-linux-x86_64-fedora-gcc, r-devel-osx-x86_64-clang, r-devel-windows-ix86+x86_64, r-patched-linux-x86_64, r-patched-solaris-sparc, r-patched-solaris-x86, r-release-linux-x86_64, r-release-osx-x86_64-mavericks, r-release-windows-ix86+x86_64, r-oldrel-windows-ix86+x86_64