CRAN Package Check Results for Package openNLPdata

Last updated on 2017-08-24 02:48:20.

Flavor Version Tinstall Tcheck Ttotal Status Flags
r-devel-linux-x86_64-debian-clang 1.5.3-2 1.68 14.07 15.75 OK
r-devel-linux-x86_64-debian-gcc 1.5.3-2 1.78 13.65 15.43 OK
r-devel-linux-x86_64-fedora-clang 1.5.3-2 26.91 NOTE
r-devel-linux-x86_64-fedora-gcc 1.5.3-2 26.32 NOTE
r-devel-windows-ix86+x86_64 1.5.3-2 5.00 29.00 34.00 NOTE
r-patched-linux-x86_64 1.5.3-2 1.57 14.05 15.62 OK
r-patched-solaris-x86 1.5.3-2 39.00 NOTE
r-release-linux-x86_64 1.5.3-2 1.94 13.63 15.57 OK
r-release-windows-ix86+x86_64 1.5.3-2 5.00 28.00 33.00 NOTE
r-release-osx-x86_64 1.5.3-2 NOTE
r-oldrel-windows-ix86+x86_64 1.5.3-2 5.00 26.00 31.00 NOTE
r-oldrel-osx-x86_64 1.5.3-2 NOTE

Check Details

Version: 1.5.3-2
Check: installed package size
Result: NOTE
     installed size is 7.2Mb
     sub-directories of 1Mb or more:
     java 1.2Mb
     models 6.0Mb
Flavors: r-devel-linux-x86_64-fedora-clang, r-devel-linux-x86_64-fedora-gcc, r-devel-windows-ix86+x86_64, r-patched-solaris-x86, r-release-windows-ix86+x86_64, r-release-osx-x86_64, r-oldrel-windows-ix86+x86_64, r-oldrel-osx-x86_64