CRAN Package Check Results for Package openNLPdata

Last updated on 2015-04-21 06:47:33.

Flavor Version Tinstall Tcheck Ttotal Status Flags
r-devel-linux-x86_64-debian-clang 1.5.3-1 1.64 11.91 13.55 NOTE
r-devel-linux-x86_64-debian-gcc 1.5.3-1 1.47 11.87 13.34 NOTE
r-devel-linux-x86_64-fedora-clang 1.5.3-1 25.86 NOTE
r-devel-linux-x86_64-fedora-gcc 1.5.3-1 24.27 NOTE
r-devel-osx-x86_64-clang 1.5.3-1 26.14 NOTE
r-devel-windows-ix86+x86_64 1.5.3-1 6.00 23.00 29.00 NOTE
r-patched-linux-x86_64 1.5.3-1 1.78 12.58 14.37 NOTE
r-patched-solaris-sparc 1.5.3-1 162.40 NOTE
r-patched-solaris-x86 1.5.3-1 41.60 NOTE
r-release-linux-x86_64 1.5.3-1 1.56 11.55 13.10 NOTE
r-release-osx-x86_64-mavericks 1.5.3-1 NOTE
r-release-osx-x86_64-snowleopard 1.5.3-1 NOTE
r-release-windows-ix86+x86_64 1.5.3-1 4.00 23.00 27.00 NOTE
r-oldrel-windows-ix86+x86_64 1.5.3-1 8.00 25.00 33.00 NOTE

Check Details

Version: 1.5.3-1
Check: installed package size
Result: NOTE
     installed size is 7.2Mb
     sub-directories of 1Mb or more:
     java 1.2Mb
     models 6.0Mb
Flavors: r-devel-linux-x86_64-debian-clang, r-devel-linux-x86_64-debian-gcc, r-devel-linux-x86_64-fedora-clang, r-devel-linux-x86_64-fedora-gcc, r-devel-osx-x86_64-clang, r-devel-windows-ix86+x86_64, r-patched-linux-x86_64, r-patched-solaris-sparc, r-patched-solaris-x86, r-release-linux-x86_64, r-release-osx-x86_64-mavericks, r-release-osx-x86_64-snowleopard, r-release-windows-ix86+x86_64, r-oldrel-windows-ix86+x86_64