CRAN Package Check Results for Package openNLPdata

Last updated on 2014-10-30 16:48:25.

Flavor Version Tinstall Tcheck Ttotal Status Flags
r-devel-linux-x86_64-debian-clang 1.5.3-1 1.88 15.27 17.15 NOTE
r-devel-linux-x86_64-debian-gcc 1.5.3-1 1.98 13.61 15.59 NOTE
r-devel-linux-x86_64-fedora-clang 1.5.3-1 32.80 NOTE
r-devel-linux-x86_64-fedora-gcc 1.5.3-1 30.02 NOTE
r-devel-osx-x86_64-clang 1.5.3-1 29.11 NOTE
r-devel-windows-ix86+x86_64 1.5.3-1 6.00 22.00 28.00 NOTE
r-patched-linux-x86_64 1.5.3-1 1.96 14.19 16.14 NOTE
r-patched-solaris-sparc 1.5.3-1 190.00 NOTE
r-patched-solaris-x86 1.5.3-1 46.90 NOTE
r-release-linux-ix86 1.5.3-1 2.79 18.84 21.63 NOTE
r-release-linux-x86_64 1.5.3-1 2.04 14.10 16.14 NOTE
r-release-osx-x86_64-mavericks 1.5.3-1 NOTE
r-release-osx-x86_64-snowleopard 1.5.3-1 NOTE
r-release-windows-ix86+x86_64 1.5.3-1 7.00 22.00 29.00 NOTE
r-oldrel-windows-ix86+x86_64 1.5.3-1 5.00 21.00 26.00 NOTE

Check Details

Version: 1.5.3-1
Check: installed package size
Result: NOTE
     installed size is 7.2Mb
     sub-directories of 1Mb or more:
     java 1.2Mb
     models 6.0Mb
Flavors: r-devel-linux-x86_64-debian-clang, r-devel-linux-x86_64-debian-gcc, r-devel-linux-x86_64-fedora-clang, r-devel-linux-x86_64-fedora-gcc, r-devel-osx-x86_64-clang, r-devel-windows-ix86+x86_64, r-patched-linux-x86_64, r-patched-solaris-sparc, r-patched-solaris-x86, r-release-linux-ix86, r-release-linux-x86_64, r-release-osx-x86_64-mavericks, r-release-osx-x86_64-snowleopard, r-release-windows-ix86+x86_64, r-oldrel-windows-ix86+x86_64