CRAN Package Check Results for Package openNLPdata

Last updated on 2016-06-26 13:46:59.

Flavor Version Tinstall Tcheck Ttotal Status Flags
r-devel-linux-x86_64-debian-gcc 1.5.3-2 1.66 11.82 13.48 NOTE
r-devel-linux-x86_64-fedora-clang 1.5.3-2 22.85 NOTE
r-devel-linux-x86_64-fedora-gcc 1.5.3-2 20.80 NOTE
r-devel-osx-x86_64-clang 1.5.3-2 20.62 NOTE
r-devel-windows-ix86+x86_64 1.5.3-2 5.00 27.00 32.00 NOTE
r-patched-linux-x86_64 1.5.3-2 1.74 11.64 13.38 NOTE
r-patched-solaris-sparc 1.5.3-2 145.00 NOTE
r-patched-solaris-x86 1.5.3-2 31.60 NOTE
r-release-linux-x86_64 1.5.3-2 1.67 11.93 13.60 NOTE
r-release-osx-x86_64-mavericks 1.5.3-2 NOTE
r-release-windows-ix86+x86_64 1.5.3-2 5.00 33.00 38.00 NOTE
r-oldrel-windows-ix86+x86_64 1.5.3-2 6.00 20.00 26.00 NOTE

Check Details

Version: 1.5.3-2
Check: installed package size
Result: NOTE
     installed size is 7.2Mb
     sub-directories of 1Mb or more:
     java 1.2Mb
     models 6.0Mb
Flavors: r-devel-linux-x86_64-debian-gcc, r-devel-linux-x86_64-fedora-clang, r-devel-linux-x86_64-fedora-gcc, r-devel-osx-x86_64-clang, r-devel-windows-ix86+x86_64, r-patched-linux-x86_64, r-patched-solaris-sparc, r-patched-solaris-x86, r-release-linux-x86_64, r-release-osx-x86_64-mavericks, r-release-windows-ix86+x86_64, r-oldrel-windows-ix86+x86_64