CRAN Package Check Results for Package openNLPdata

Last updated on 2018-05-28 04:49:31 CEST.

Flavor Version Tinstall Tcheck Ttotal Status Flags
r-devel-linux-x86_64-debian-clang 1.5.3-4 2.26 22.75 25.01 OK
r-devel-linux-x86_64-debian-gcc 1.5.3-4 2.06 21.03 23.09 OK
r-devel-linux-x86_64-fedora-clang 1.5.3-4 31.49 NOTE
r-devel-linux-x86_64-fedora-gcc 1.5.3-4 29.81 NOTE
r-devel-windows-ix86+x86_64 1.5.3-4 6.00 38.00 44.00 NOTE
r-patched-linux-x86_64 1.5.3-4 2.33 22.41 24.74 OK
r-patched-solaris-x86 1.5.3-4 40.80 NOTE
r-release-linux-x86_64 1.5.3-4 2.12 22.61 24.73 OK
r-release-windows-ix86+x86_64 1.5.3-4 5.00 29.00 34.00 NOTE
r-release-osx-x86_64 1.5.3-4 NOTE
r-oldrel-windows-ix86+x86_64 1.5.3-4 8.00 39.00 47.00 NOTE
r-oldrel-osx-x86_64 1.5.3-4 NOTE

Check Details

Version: 1.5.3-4
Check: installed package size
Result: NOTE
     installed size is 7.2Mb
     sub-directories of 1Mb or more:
     java 1.2Mb
     models 6.0Mb
Flavors: r-devel-linux-x86_64-fedora-clang, r-devel-linux-x86_64-fedora-gcc, r-devel-windows-ix86+x86_64, r-patched-solaris-x86, r-release-windows-ix86+x86_64, r-release-osx-x86_64, r-oldrel-windows-ix86+x86_64, r-oldrel-osx-x86_64