CRAN Package Check Results for Package openNLPdata

Last updated on 2015-01-30 11:49:17.

Flavor Version Tinstall Tcheck Ttotal Status Flags
r-devel-linux-x86_64-debian-clang 1.5.3-1 1.81 13.18 14.99 NOTE
r-devel-linux-x86_64-debian-gcc 1.5.3-1 1.87 12.70 14.56 NOTE
r-devel-linux-x86_64-fedora-clang 1.5.3-1 32.74 NOTE
r-devel-linux-x86_64-fedora-gcc 1.5.3-1 30.98 NOTE
r-devel-osx-x86_64-clang 1.5.3-1 31.05 NOTE
r-devel-windows-ix86+x86_64 1.5.3-1 6.00 22.00 28.00 NOTE
r-patched-linux-x86_64 1.5.3-1 1.98 14.28 16.25 NOTE
r-patched-solaris-sparc 1.5.3-1 198.10 NOTE
r-patched-solaris-x86 1.5.3-1 50.60 NOTE
r-release-linux-ix86 1.5.3-1 2.90 18.42 21.32 NOTE
r-release-linux-x86_64 1.5.3-1 2.06 14.30 16.36 NOTE
r-release-osx-x86_64-mavericks 1.5.3-1 NOTE
r-release-osx-x86_64-snowleopard 1.5.3-1 NOTE
r-release-windows-ix86+x86_64 1.5.3-1 6.00 23.00 29.00 NOTE
r-oldrel-windows-ix86+x86_64 1.5.3-1 5.00 21.00 26.00 NOTE

Check Details

Version: 1.5.3-1
Check: installed package size
Result: NOTE
     installed size is 7.2Mb
     sub-directories of 1Mb or more:
     java 1.2Mb
     models 6.0Mb
Flavors: r-devel-linux-x86_64-debian-clang, r-devel-linux-x86_64-debian-gcc, r-devel-linux-x86_64-fedora-clang, r-devel-linux-x86_64-fedora-gcc, r-devel-osx-x86_64-clang, r-devel-windows-ix86+x86_64, r-patched-linux-x86_64, r-patched-solaris-sparc, r-patched-solaris-x86, r-release-linux-ix86, r-release-linux-x86_64, r-release-osx-x86_64-mavericks, r-release-osx-x86_64-snowleopard, r-release-windows-ix86+x86_64, r-oldrel-windows-ix86+x86_64