CRAN Package Check Results for Package openNLPdata

Last updated on 2014-12-21 11:46:39.

Flavor Version Tinstall Tcheck Ttotal Status Flags
r-devel-linux-x86_64-debian-clang 1.5.3-1 2.06 14.14 16.20 NOTE
r-devel-linux-x86_64-debian-gcc 1.5.3-1 1.78 14.12 15.90 NOTE
r-devel-linux-x86_64-fedora-clang 1.5.3-1 37.48 NOTE
r-devel-linux-x86_64-fedora-gcc 1.5.3-1 28.63 NOTE
r-devel-osx-x86_64-clang 1.5.3-1 31.84 NOTE
r-devel-windows-ix86+x86_64 1.5.3-1 9.00 25.00 34.00 NOTE
r-patched-linux-x86_64 1.5.3-1 1.94 14.30 16.24 NOTE
r-patched-solaris-sparc 1.5.3-1 190.00 NOTE
r-patched-solaris-x86 1.5.3-1 48.00 NOTE
r-release-linux-ix86 1.5.3-1 2.66 18.27 20.93 NOTE
r-release-linux-x86_64 1.5.3-1 1.98 15.13 17.11 NOTE
r-release-osx-x86_64-mavericks 1.5.3-1 NOTE
r-release-osx-x86_64-snowleopard 1.5.3-1 NOTE
r-release-windows-ix86+x86_64 1.5.3-1 6.00 23.00 29.00 NOTE
r-oldrel-windows-ix86+x86_64 1.5.3-1 5.00 21.00 26.00 NOTE

Check Details

Version: 1.5.3-1
Check: installed package size
Result: NOTE
     installed size is 7.2Mb
     sub-directories of 1Mb or more:
     java 1.2Mb
     models 6.0Mb
Flavors: r-devel-linux-x86_64-debian-clang, r-devel-linux-x86_64-debian-gcc, r-devel-linux-x86_64-fedora-clang, r-devel-linux-x86_64-fedora-gcc, r-devel-osx-x86_64-clang, r-devel-windows-ix86+x86_64, r-patched-linux-x86_64, r-patched-solaris-sparc, r-patched-solaris-x86, r-release-linux-ix86, r-release-linux-x86_64, r-release-osx-x86_64-mavericks, r-release-osx-x86_64-snowleopard, r-release-windows-ix86+x86_64, r-oldrel-windows-ix86+x86_64