CRAN Package Check Results for Package openNLPdata

Last updated on 2016-05-31 21:46:46.

Flavor Version Tinstall Tcheck Ttotal Status Flags
r-devel-linux-x86_64-debian-gcc 1.5.3-2 1.91 12.43 14.34 NOTE
r-devel-linux-x86_64-fedora-clang 1.5.3-2 22.53 NOTE
r-devel-linux-x86_64-fedora-gcc 1.5.3-2 20.81 NOTE
r-devel-osx-x86_64-clang 1.5.3-2 27.50 NOTE
r-devel-windows-ix86+x86_64 1.5.3-2 5.00 26.00 31.00 NOTE
r-patched-linux-x86_64 1.5.3-2 1.88 12.17 14.06 NOTE
r-patched-solaris-sparc 1.5.3-2 146.90 NOTE
r-patched-solaris-x86 1.5.3-2 31.50 NOTE
r-release-linux-x86_64 1.5.3-2 1.47 11.25 12.72 NOTE
r-release-osx-x86_64-mavericks 1.5.3-2 NOTE
r-release-windows-ix86+x86_64 1.5.3-2 5.00 33.00 38.00 NOTE
r-oldrel-windows-ix86+x86_64 1.5.3-2 6.00 20.00 26.00 NOTE

Check Details

Version: 1.5.3-2
Check: installed package size
Result: NOTE
     installed size is 7.2Mb
     sub-directories of 1Mb or more:
     java 1.2Mb
     models 6.0Mb
Flavors: r-devel-linux-x86_64-debian-gcc, r-devel-linux-x86_64-fedora-clang, r-devel-linux-x86_64-fedora-gcc, r-devel-osx-x86_64-clang, r-devel-windows-ix86+x86_64, r-patched-linux-x86_64, r-patched-solaris-sparc, r-patched-solaris-x86, r-release-linux-x86_64, r-release-osx-x86_64-mavericks, r-release-windows-ix86+x86_64, r-oldrel-windows-ix86+x86_64