CRAN Package Check Results for Package openNLPdata

Last updated on 2016-02-11 03:47:15.

Flavor Version Tinstall Tcheck Ttotal Status Flags
r-devel-linux-x86_64-debian-gcc 1.5.3-2 1.50 10.57 12.07 NOTE
r-devel-linux-x86_64-fedora-clang 1.5.3-2 22.85 NOTE
r-devel-linux-x86_64-fedora-gcc 1.5.3-2 20.95 NOTE
r-devel-osx-x86_64-clang 1.5.3-2 26.95 NOTE
r-devel-windows-ix86+x86_64 1.5.3-2 6.00 22.00 28.00 NOTE
r-patched-linux-x86_64 1.5.3-2 1.76 12.05 13.81 NOTE
r-patched-solaris-sparc 1.5.3-2 155.50 NOTE
r-patched-solaris-x86 1.5.3-2 34.00 NOTE
r-release-linux-x86_64 1.5.3-2 1.60 12.21 13.82 NOTE
r-release-osx-x86_64-mavericks 1.5.3-2 NOTE
r-release-windows-ix86+x86_64 1.5.3-2 6.00 20.00 26.00 NOTE
r-oldrel-windows-ix86+x86_64 1.5.3-2 9.00 23.00 32.00 NOTE

Check Details

Version: 1.5.3-2
Check: installed package size
Result: NOTE
     installed size is 7.2Mb
     sub-directories of 1Mb or more:
     java 1.2Mb
     models 6.0Mb
Flavors: r-devel-linux-x86_64-debian-gcc, r-devel-linux-x86_64-fedora-clang, r-devel-linux-x86_64-fedora-gcc, r-devel-osx-x86_64-clang, r-devel-windows-ix86+x86_64, r-patched-linux-x86_64, r-patched-solaris-sparc, r-patched-solaris-x86, r-release-linux-x86_64, r-release-osx-x86_64-mavericks, r-release-windows-ix86+x86_64, r-oldrel-windows-ix86+x86_64