CRAN Package Check Results for Package openNLPdata

Last updated on 2017-04-29 23:50:36.

Flavor Version Tinstall Tcheck Ttotal Status Flags
r-devel-linux-x86_64-debian-clang 1.5.3-2 1.86 14.09 15.96 OK
r-devel-linux-x86_64-debian-gcc 1.5.3-2 1.57 13.49 15.05 OK
r-devel-linux-x86_64-fedora-clang 1.5.3-2 27.95 NOTE --no-stop-on-test-error
r-devel-linux-x86_64-fedora-gcc 1.5.3-2 25.88 NOTE --no-stop-on-test-error
r-devel-windows-ix86+x86_64 1.5.3-2 7.00 34.00 41.00 NOTE
r-patched-linux-x86_64 1.5.3-2 1.74 13.76 15.49 OK
r-patched-solaris-sparc 1.5.3-2 163.70 NOTE
r-patched-solaris-x86 1.5.3-2 38.10 NOTE
r-release-linux-x86_64 1.5.3-2 2.14 13.43 15.57 OK
r-release-windows-ix86+x86_64 1.5.3-2 5.00 30.00 35.00 NOTE
r-release-osx-x86_64 1.5.3-2 NOTE
r-oldrel-windows-ix86+x86_64 1.5.3-2 5.00 26.00 31.00 NOTE
r-oldrel-osx-x86_64 1.5.3-2 NOTE

Check Details

Version: 1.5.3-2
Flags: --no-stop-on-test-error
Check: installed package size
Result: NOTE
     installed size is 7.2Mb
     sub-directories of 1Mb or more:
     java 1.2Mb
     models 6.0Mb
Flavors: r-devel-linux-x86_64-fedora-clang, r-devel-linux-x86_64-fedora-gcc

Version: 1.5.3-2
Check: installed package size
Result: NOTE
     installed size is 7.2Mb
     sub-directories of 1Mb or more:
     java 1.2Mb
     models 6.0Mb
Flavors: r-devel-windows-ix86+x86_64, r-patched-solaris-sparc, r-patched-solaris-x86, r-release-windows-ix86+x86_64, r-release-osx-x86_64, r-oldrel-windows-ix86+x86_64, r-oldrel-osx-x86_64