CRAN Package Check Results for Package openNLPdata

Last updated on 2015-05-24 03:48:08.

Flavor Version Tinstall Tcheck Ttotal Status Flags
r-devel-linux-x86_64-debian-clang 1.5.3-1 1.57 12.14 13.71 NOTE
r-devel-linux-x86_64-debian-gcc 1.5.3-1 1.45 11.75 13.20 NOTE
r-devel-linux-x86_64-fedora-clang 1.5.3-1 27.04 NOTE
r-devel-linux-x86_64-fedora-gcc 1.5.3-1 24.29 NOTE
r-devel-osx-x86_64-clang 1.5.3-1 26.47 NOTE
r-devel-windows-ix86+x86_64 1.5.3-1 5.00 19.00 24.00 NOTE
r-patched-linux-x86_64 1.5.3-1 1.56 12.04 13.60 NOTE
r-patched-solaris-sparc 1.5.3-1 172.20 NOTE
r-patched-solaris-x86 1.5.3-1 45.20 NOTE
r-release-linux-x86_64 1.5.3-1 1.51 11.40 12.91 NOTE
r-release-osx-x86_64-mavericks 1.5.3-1 NOTE
r-release-osx-x86_64-snowleopard 1.5.3-1 NOTE
r-release-windows-ix86+x86_64 1.5.3-1 4.00 23.00 27.00 NOTE
r-oldrel-windows-ix86+x86_64 1.5.3-1 8.00 25.00 33.00 NOTE

Check Details

Version: 1.5.3-1
Check: installed package size
Result: NOTE
     installed size is 7.2Mb
     sub-directories of 1Mb or more:
     java 1.2Mb
     models 6.0Mb
Flavors: r-devel-linux-x86_64-debian-clang, r-devel-linux-x86_64-debian-gcc, r-devel-linux-x86_64-fedora-clang, r-devel-linux-x86_64-fedora-gcc, r-devel-osx-x86_64-clang, r-devel-windows-ix86+x86_64, r-patched-linux-x86_64, r-patched-solaris-sparc, r-patched-solaris-x86, r-release-linux-x86_64, r-release-osx-x86_64-mavericks, r-release-osx-x86_64-snowleopard, r-release-windows-ix86+x86_64, r-oldrel-windows-ix86+x86_64