CRAN Package Check Results for Package openNLPdata

Last updated on 2014-04-19 18:47:45.

Flavor Version Tinstall Tcheck Ttotal Status Flags
r-devel-linux-x86_64-debian-clang 1.5.3-1 2.21 14.48 16.69 NOTE
r-devel-linux-x86_64-debian-gcc 1.5.3-1 2.02 14.43 16.46 NOTE
r-devel-linux-x86_64-fedora-clang 1.5.3-1 32.59 NOTE
r-devel-linux-x86_64-fedora-gcc 1.5.3-1 30.64 NOTE
r-devel-macosx-x86_64-clang 1.5.3-1 27.86 NOTE
r-devel-macosx-x86_64-gcc 1.5.3-1 NOTE
r-devel-windows-ix86+x86_64 1.5.3-1 6.00 21.00 27.00 NOTE
r-patched-linux-x86_64 1.5.3-1 2.03 14.39 16.42 NOTE
r-patched-solaris-sparc 1.5.3-1 190.60 NOTE
r-patched-solaris-x86 1.5.3-1 50.30 NOTE
r-release-linux-ix86 NOTE
r-release-linux-x86_64 1.5.3-1 2.04 14.14 16.18 NOTE
r-release-macosx-x86_64 1.5.3-1 NOTE
r-release-windows-ix86+x86_64 1.5.3-1 9.00 30.00 39.00 NOTE
r-oldrel-windows-ix86+x86_64 1.5.3-1 5.00 21.00 26.00 NOTE

Check Details

Version: 1.5.3-1
Check: installed package size
Result: NOTE
     installed size is 7.2Mb
     sub-directories of 1Mb or more:
     java 1.2Mb
     models 6.0Mb
Flavors: r-devel-linux-x86_64-debian-clang, r-devel-linux-x86_64-debian-gcc, r-devel-linux-x86_64-fedora-clang, r-devel-linux-x86_64-fedora-gcc, r-devel-macosx-x86_64-clang, r-devel-macosx-x86_64-gcc, r-devel-windows-ix86+x86_64, r-patched-linux-x86_64, r-patched-solaris-sparc, r-patched-solaris-x86, r-release-linux-ix86, r-release-linux-x86_64, r-release-macosx-x86_64, r-release-windows-ix86+x86_64, r-oldrel-windows-ix86+x86_64