CRAN Package Check Results for Package openair

Last updated on 2014-11-26 09:48:45.

Flavor Version Tinstall Tcheck Ttotal Status Flags
r-devel-linux-x86_64-debian-clang 1.0 19.93 114.64 134.58 NOTE
r-devel-linux-x86_64-debian-gcc 1.0 18.14 111.92 130.07 NOTE
r-devel-linux-x86_64-fedora-clang 1.0 294.29 NOTE
r-devel-linux-x86_64-fedora-gcc 1.0 275.52 NOTE
r-devel-osx-x86_64-clang 1.0 223.30 NOTE
r-devel-windows-ix86+x86_64 1.0 46.00 273.00 319.00 NOTE
r-patched-linux-x86_64 1.0 22.82 116.75 139.58 NOTE
r-patched-solaris-sparc 1.0 1664.70 NOTE
r-patched-solaris-x86 1.0 352.20 NOTE
r-release-linux-ix86 1.0 23.22 138.00 161.22 NOTE
r-release-linux-x86_64 1.0 20.34 117.24 137.58 NOTE
r-release-osx-x86_64-mavericks 1.0 OK
r-release-osx-x86_64-snowleopard 1.0 OK
r-release-windows-ix86+x86_64 1.0 47.00 296.00 343.00 NOTE
r-oldrel-windows-ix86+x86_64 1.0 48.00 262.00 310.00 OK

Check Details

Version: 1.0
Check: R code for possible problems
Result: NOTE
    GoogleMapsPlot: no visible binding for global variable ‘MapBackground’
    GoogleMapsPlot: no visible binding for global variable ‘GetMap.bbox’
    GoogleMapsPlot: no visible binding for global variable ‘GetMap’
    GoogleMapsPlot: no visible global function definition for ‘qbbox’
    GoogleMapsPlot: no visible global function definition for
     ‘LatLon2XY.centered’
    GoogleMapsPlot : gmYscale.components: no visible global function
     definition for ‘LatLon2XY.centered’
    GoogleMapsPlot : gmXscale.components: no visible global function
     definition for ‘LatLon2XY.centered’
    add.map: no visible global function definition for ‘map’
    openairMapManager: no visible global function definition for ‘writePNG’
    openairMapManager: no visible global function definition for ‘readPNG’
    scatterPlot : <anonymous>: no visible global function definition for
     ‘panel.hexbinplot’
    scatterPlot: no visible binding for global variable ‘hexbinplot’
Flavors: r-devel-linux-x86_64-debian-clang, r-devel-linux-x86_64-debian-gcc, r-devel-linux-x86_64-fedora-clang, r-devel-linux-x86_64-fedora-gcc, r-devel-osx-x86_64-clang, r-devel-windows-ix86+x86_64, r-patched-linux-x86_64, r-patched-solaris-sparc, r-patched-solaris-x86, r-release-linux-ix86, r-release-linux-x86_64, r-release-windows-ix86+x86_64