CRAN Package Check Results for Package openair

Last updated on 2015-04-02 02:48:18.

Flavor Version Tinstall Tcheck Ttotal Status Flags
r-devel-linux-x86_64-debian-clang 1.1-5 23.34 110.96 134.31 OK
r-devel-linux-x86_64-debian-gcc 1.1-5 22.19 107.13 129.32 OK
r-devel-linux-x86_64-fedora-clang 1.1-5 267.16 OK
r-devel-linux-x86_64-fedora-gcc 1.1-5 274.35 OK
r-devel-osx-x86_64-clang 1.1-5 239.73 OK
r-prerel-windows-ix86+x86_64 1.1-5 57.00 278.00 335.00 OK
r-prerel-linux-x86_64 1.1-5 21.70 107.57 129.27 OK
r-prerel-solaris-sparc 1.1-5 1608.90 OK
r-prerel-solaris-x86 1.1-5 318.00 OK
r-release-linux-x86_64 1.1-5 26.32 131.29 157.61 OK
r-release-osx-x86_64-mavericks 1.1-5 OK
r-release-osx-x86_64-snowleopard 1.1-5 OK
r-release-windows-ix86+x86_64 1.1-5 65.00 330.00 395.00 OK
r-oldrel-windows-ix86+x86_64 1.1-5 1.00 1.00 2.00 ERROR

Check Details

Version: 1.1-5
Check: package dependencies
Result: ERROR
    Package required but not available: 'lazyeval'
    
    See the information on DESCRIPTION files in the chapter 'Creating R
    packages' of the 'Writing R Extensions' manual.
Flavor: r-oldrel-windows-ix86+x86_64