CRAN Package Check Results for Package openair

Last updated on 2016-04-30 21:47:07.

Flavor Version Tinstall Tcheck Ttotal Status Flags
r-devel-linux-x86_64-debian-gcc 1.8-2 24.24 104.99 129.23 OK
r-devel-linux-x86_64-fedora-clang 1.8-2 142.41 OK
r-devel-linux-x86_64-fedora-gcc 1.8-2 132.24 OK
r-devel-osx-x86_64-clang 1.8-2 139.80 OK
r-devel-windows-ix86+x86_64 1.8-2 73.00 240.00 313.00 OK
r-patched-linux-x86_64 1.8-2 23.86 100.01 123.88 OK
r-patched-solaris-sparc 1.8-2 1425.50 OK
r-patched-solaris-x86 1.8-2 270.10 OK
r-release-linux-x86_64 1.8-2 24.80 106.67 131.47 OK
r-release-osx-x86_64-mavericks 1.8-2 OK
r-release-windows-ix86+x86_64 1.8-2 103.00 313.00 416.00 OK
r-oldrel-windows-ix86+x86_64 1.8-2 115.00 427.00 542.00 NOTE

Check Details

Version: 1.8-2
Check: R code for possible problems
Result: NOTE
    importAURN : loadData: possible error in url(fileName, method =
     "libcurl"): unused argument (method = "libcurl")
Flavor: r-oldrel-windows-ix86+x86_64