CRAN Package Check Results for Package openair

Last updated on 2014-10-26 07:50:06.

Flavor Version Tinstall Tcheck Ttotal Status Flags
r-devel-linux-x86_64-debian-clang 1.0 19.08 113.26 132.34 NOTE
r-devel-linux-x86_64-debian-gcc 1.0 18.55 115.74 134.29 NOTE
r-devel-linux-x86_64-fedora-clang 1.0 293.33 NOTE
r-devel-linux-x86_64-fedora-gcc 1.0 279.57 NOTE
r-devel-osx-x86_64-clang 1.0 227.95 NOTE
r-devel-windows-ix86+x86_64 1.0 45.00 279.00 324.00 NOTE
r-patched-linux-x86_64 1.0 21.22 123.28 144.50 NOTE
r-patched-solaris-sparc 1.0 1664.70 NOTE
r-patched-solaris-x86 1.0 357.50 NOTE
r-release-linux-ix86 1.0 24.50 146.76 171.25 OK
r-release-linux-x86_64 1.0 20.01 117.84 137.86 OK
r-release-osx-x86_64-mavericks 1.0 OK
r-release-osx-x86_64-snowleopard 1.0 OK
r-release-windows-ix86+x86_64 1.0 45.00 307.00 352.00 OK
r-oldrel-windows-ix86+x86_64 1.0 50.00 258.00 308.00 OK

Check Details

Version: 1.0
Check: R code for possible problems
Result: NOTE
    GoogleMapsPlot: no visible binding for global variable ‘MapBackground’
    GoogleMapsPlot: no visible binding for global variable ‘GetMap.bbox’
    GoogleMapsPlot: no visible binding for global variable ‘GetMap’
    GoogleMapsPlot: no visible global function definition for ‘qbbox’
    GoogleMapsPlot: no visible global function definition for
     ‘LatLon2XY.centered’
    GoogleMapsPlot : gmYscale.components: no visible global function
     definition for ‘LatLon2XY.centered’
    GoogleMapsPlot : gmXscale.components: no visible global function
     definition for ‘LatLon2XY.centered’
    add.map: no visible global function definition for ‘map’
    openairMapManager: no visible global function definition for ‘writePNG’
    openairMapManager: no visible global function definition for ‘readPNG’
    scatterPlot : <anonymous>: no visible global function definition for
     ‘panel.hexbinplot’
    scatterPlot: no visible binding for global variable ‘hexbinplot’
Flavors: r-devel-linux-x86_64-debian-clang, r-devel-linux-x86_64-debian-gcc, r-devel-linux-x86_64-fedora-clang, r-devel-linux-x86_64-fedora-gcc, r-devel-osx-x86_64-clang, r-devel-windows-ix86+x86_64, r-patched-linux-x86_64, r-patched-solaris-sparc, r-patched-solaris-x86