CRAN Package Check Results for Package openair

Last updated on 2014-08-21 05:46:58.

Flavor Version Tinstall Tcheck Ttotal Status Flags
r-devel-linux-x86_64-debian-clang 1.0 18.87 119.36 138.23 OK
r-devel-linux-x86_64-debian-gcc 1.0 19.52 112.70 132.22 OK
r-devel-linux-x86_64-fedora-clang 1.0 300.91 NOTE
r-devel-linux-x86_64-fedora-gcc 1.0 295.18 NOTE
r-devel-osx-x86_64-clang 1.0 218.22 NOTE
r-devel-windows-ix86+x86_64 1.0 47.00 285.00 332.00 OK
r-patched-linux-x86_64 1.0 20.26 119.23 139.48 OK
r-patched-solaris-sparc 1.0 1694.20 OK
r-patched-solaris-x86 1.0 354.80 OK
r-release-linux-ix86 1.0 24.04 144.68 168.72 OK
r-release-linux-x86_64 1.0 19.94 116.97 136.92 OK
r-release-osx-x86_64-mavericks 1.0 OK
r-release-osx-x86_64-snowleopard 1.0 OK
r-release-windows-ix86+x86_64 1.0 52.00 297.00 349.00 OK
r-oldrel-windows-ix86+x86_64 1.0 48.00 250.00 298.00 OK

Check Details

Version: 1.0
Check: R code for possible problems
Result: NOTE
    GoogleMapsPlot: no visible binding for global variable ‘MapBackground’
    GoogleMapsPlot: no visible binding for global variable ‘GetMap.bbox’
    GoogleMapsPlot: no visible binding for global variable ‘GetMap’
    GoogleMapsPlot: no visible global function definition for ‘qbbox’
    GoogleMapsPlot: no visible global function definition for
     ‘LatLon2XY.centered’
    GoogleMapsPlot : gmYscale.components: no visible global function
     definition for ‘LatLon2XY.centered’
    GoogleMapsPlot : gmXscale.components: no visible global function
     definition for ‘LatLon2XY.centered’
    add.map: no visible global function definition for ‘map’
    openairMapManager: no visible global function definition for ‘writePNG’
    openairMapManager: no visible global function definition for ‘readPNG’
    scatterPlot : <anonymous>: no visible global function definition for
     ‘panel.hexbinplot’
    scatterPlot: no visible binding for global variable ‘hexbinplot’
Flavors: r-devel-linux-x86_64-fedora-clang, r-devel-linux-x86_64-fedora-gcc, r-devel-osx-x86_64-clang