CRAN Package Check Results for Package openair

Last updated on 2015-05-29 15:47:03.

Flavor Version Tinstall Tcheck Ttotal Status Flags
r-devel-linux-x86_64-debian-clang 1.5 21.58 108.71 130.29 OK
r-devel-linux-x86_64-debian-gcc 1.5 22.74 111.78 134.52 OK
r-devel-linux-x86_64-fedora-clang 1.5 273.68 OK
r-devel-linux-x86_64-fedora-gcc 1.5 248.23 OK
r-devel-osx-x86_64-clang 1.5 217.78 OK
r-devel-windows-ix86+x86_64 1.5 56.00 276.00 332.00 OK
r-patched-linux-x86_64 1.5 22.46 104.38 126.84 OK
r-patched-solaris-sparc 1.5 1619.00 OK
r-patched-solaris-x86 1.5 329.10 OK
r-release-linux-x86_64 1.5 21.45 108.33 129.78 OK
r-release-osx-x86_64-mavericks 1.5 OK
r-release-osx-x86_64-snowleopard 1.5 ERROR
r-release-windows-ix86+x86_64 1.5 59.00 288.00 347.00 OK
r-oldrel-windows-ix86+x86_64 1.5 65.00 324.00 389.00 OK

Check Details

Version: 1.5
Check: package dependencies
Result: ERROR
    Packages required but not available: ‘lazyeval’ ‘dplyr’ ‘latticeExtra’
    
    See section ‘The DESCRIPTION file’ in the ‘Writing R Extensions’
    manual.
Flavor: r-release-osx-x86_64-snowleopard