CRAN Package Check Results for Package openair

Last updated on 2017-02-25 03:48:27.

Flavor Version Tinstall Tcheck Ttotal Status Flags
r-devel-linux-x86_64-debian-clang 2.0-0 27.87 110.78 138.64 NOTE
r-devel-linux-x86_64-debian-gcc 2.0-0 27.19 105.89 133.08 NOTE
r-devel-linux-x86_64-fedora-clang 2.0-0 293.81 NOTE --no-stop-on-test-error
r-devel-linux-x86_64-fedora-gcc 2.0-0 271.77 NOTE --no-stop-on-test-error
r-devel-macos-x86_64-clang 2.0-0 206.53 NOTE --no-stop-on-test-error
r-devel-windows-ix86+x86_64 2.0-0 140.00 317.00 457.00 OK
r-patched-linux-x86_64 2.0-0 24.70 107.04 131.74 OK
r-patched-solaris-sparc 2.0-0 1606.10 OK
r-patched-solaris-x86 2.0-0 310.00 OK
r-release-linux-x86_64 2.0-0 24.64 106.67 131.31 OK
r-release-osx-x86_64-mavericks 2.0-0 OK
r-release-windows-ix86+x86_64 2.0-0 106.00 263.00 369.00 OK
r-oldrel-windows-ix86+x86_64 2.0-0 108.00 378.00 486.00 OK

Check Details

Version: 2.0-0
Check: compiled code
Result: NOTE
    File ‘openair/libs/openair.so’:
     Found no calls to: ‘R_registerRoutines’, ‘R_useDynamicSymbols’
    
    It is good practice to register native routines and to disable symbol
    search.
    
    See ‘Writing portable packages’ in the ‘Writing R Extensions’ manual.
Flavors: r-devel-linux-x86_64-debian-clang, r-devel-linux-x86_64-debian-gcc

Version: 2.0-0
Flags: --no-stop-on-test-error
Check: compiled code
Result: NOTE
    File ‘openair/libs/openair.so’:
     Found no calls to: ‘R_registerRoutines’, ‘R_useDynamicSymbols’
    
    It is good practice to register native routines and to disable symbol
    search.
    
    See ‘Writing portable packages’ in the ‘Writing R Extensions’ manual.
Flavors: r-devel-linux-x86_64-fedora-clang, r-devel-linux-x86_64-fedora-gcc, r-devel-macos-x86_64-clang