CRAN Package Check Results for Package openair

Last updated on 2014-09-18 21:46:51.

Flavor Version Tinstall Tcheck Ttotal Status Flags
r-devel-linux-x86_64-debian-clang 1.0 18.55 114.02 132.56 NOTE
r-devel-linux-x86_64-debian-gcc 1.0 18.47 109.11 127.58 NOTE
r-devel-linux-x86_64-fedora-clang 1.0 293.91 NOTE
r-devel-linux-x86_64-fedora-gcc 1.0 278.60 NOTE
r-devel-osx-x86_64-clang 1.0 214.82 NOTE
r-devel-windows-ix86+x86_64 1.0 46.00 272.00 318.00 NOTE
r-patched-linux-x86_64 1.0 21.14 119.97 141.11 OK
r-patched-solaris-sparc 1.0 1694.20 OK
r-patched-solaris-x86 1.0 354.40 OK
r-release-linux-ix86 1.0 24.19 145.40 169.59 OK
r-release-linux-x86_64 1.0 21.05 122.41 143.46 OK
r-release-osx-x86_64-mavericks 1.0 OK
r-release-osx-x86_64-snowleopard 1.0 OK
r-release-windows-ix86+x86_64 1.0 47.00 312.00 359.00 OK
r-oldrel-windows-ix86+x86_64 1.0 52.00 254.00 306.00 OK

Check Details

Version: 1.0
Check: R code for possible problems
Result: NOTE
    GoogleMapsPlot: no visible binding for global variable ‘MapBackground’
    GoogleMapsPlot: no visible binding for global variable ‘GetMap.bbox’
    GoogleMapsPlot: no visible binding for global variable ‘GetMap’
    GoogleMapsPlot: no visible global function definition for ‘qbbox’
    GoogleMapsPlot: no visible global function definition for
     ‘LatLon2XY.centered’
    GoogleMapsPlot : gmYscale.components: no visible global function
     definition for ‘LatLon2XY.centered’
    GoogleMapsPlot : gmXscale.components: no visible global function
     definition for ‘LatLon2XY.centered’
    add.map: no visible global function definition for ‘map’
    openairMapManager: no visible global function definition for ‘writePNG’
    openairMapManager: no visible global function definition for ‘readPNG’
    scatterPlot : <anonymous>: no visible global function definition for
     ‘panel.hexbinplot’
    scatterPlot: no visible binding for global variable ‘hexbinplot’
Flavors: r-devel-linux-x86_64-debian-clang, r-devel-linux-x86_64-debian-gcc, r-devel-linux-x86_64-fedora-clang, r-devel-linux-x86_64-fedora-gcc, r-devel-osx-x86_64-clang, r-devel-windows-ix86+x86_64