CRAN Package Check Results for Package openair

Last updated on 2014-07-23 08:49:51.

Flavor Version Tinstall Tcheck Ttotal Status Flags
r-devel-linux-x86_64-debian-clang 1.0 19.20 117.00 136.20 OK
r-devel-linux-x86_64-debian-gcc 1.0 20.17 114.60 134.77 OK
r-devel-linux-x86_64-fedora-clang 1.0 314.65 OK
r-devel-linux-x86_64-fedora-gcc 1.0 301.74 OK
r-devel-osx-x86_64-clang 1.0 231.68 OK
r-devel-windows-ix86+x86_64 1.0 48.00 296.00 344.00 OK
r-patched-linux-x86_64 1.0 20.99 116.78 137.77 OK
r-patched-solaris-sparc 1.0 1575.80 OK
r-patched-solaris-x86 1.0 353.10 OK
r-release-linux-ix86 1.0 23.91 150.34 174.26 OK
r-release-linux-x86_64 1.0 20.28 117.07 137.35 OK
r-release-osx-x86_64-mavericks 1.0 OK
r-release-osx-x86_64-snowleopard 1.0 OK
r-release-windows-ix86+x86_64 1.0 49.00 296.00 345.00 OK
r-oldrel-windows-ix86+x86_64 1.0 27.00 1.00 28.00 ERROR

Check Details

Version: 1.0
Check: whether package can be installed
Result: ERROR
    Installation failed.
    See 'd:/Rcompile/CRANpkg/local/3.0/openair.Rcheck/00install.out' for details.
Flavor: r-oldrel-windows-ix86+x86_64