CRAN Package Check Results for Package openair

Last updated on 2017-03-28 11:51:33.

Flavor Version Tinstall Tcheck Ttotal Status Flags
r-devel-linux-x86_64-debian-clang 2.0-0 29.00 109.10 138.10 NOTE
r-devel-linux-x86_64-debian-gcc 2.0-0 27.37 105.50 132.87 NOTE
r-devel-linux-x86_64-fedora-clang 2.0-0 281.51 NOTE --no-stop-on-test-error
r-devel-linux-x86_64-fedora-gcc 2.0-0 270.07 NOTE --no-stop-on-test-error
r-devel-macos-x86_64-clang 2.0-0 205.01 NOTE --no-stop-on-test-error
r-devel-windows-ix86+x86_64 2.0-0 77.00 355.00 432.00 OK
r-patched-linux-x86_64 2.0-0 25.61 105.26 130.87 NOTE
r-patched-solaris-sparc 2.0-0 1644.40 OK
r-patched-solaris-x86 2.0-0 342.00 OK
r-release-linux-x86_64 2.0-0 25.32 104.82 130.13 OK
r-release-osx-x86_64-mavericks 2.0-0 OK
r-release-windows-ix86+x86_64 2.0-0 97.00 327.00 424.00 OK
r-oldrel-windows-ix86+x86_64 2.0-0 74.00 270.00 344.00 OK

Check Details

Version: 2.0-0
Check: compiled code
Result: NOTE
    File ‘openair/libs/openair.so’:
     Found no calls to: ‘R_registerRoutines’, ‘R_useDynamicSymbols’
    
    It is good practice to register native routines and to disable symbol
    search.
    
    See ‘Writing portable packages’ in the ‘Writing R Extensions’ manual.
Flavors: r-devel-linux-x86_64-debian-clang, r-devel-linux-x86_64-debian-gcc, r-patched-linux-x86_64

Version: 2.0-0
Flags: --no-stop-on-test-error
Check: compiled code
Result: NOTE
    File ‘openair/libs/openair.so’:
     Found no calls to: ‘R_registerRoutines’, ‘R_useDynamicSymbols’
    
    It is good practice to register native routines and to disable symbol
    search.
    
    See ‘Writing portable packages’ in the ‘Writing R Extensions’ manual.
Flavors: r-devel-linux-x86_64-fedora-clang, r-devel-linux-x86_64-fedora-gcc, r-devel-macos-x86_64-clang