CRAN Package Check Results for Package openair

Last updated on 2015-03-07 03:50:14.

Flavor Version Tinstall Tcheck Ttotal Status Flags
r-devel-linux-x86_64-debian-clang 1.1-5 20.72 109.82 130.53 OK
r-devel-linux-x86_64-debian-gcc 1.1-5 21.13 105.18 126.32 OK
r-devel-linux-x86_64-fedora-clang 1.1-5 268.11 OK
r-devel-linux-x86_64-fedora-gcc 1.1-5 252.36 OK
r-devel-osx-x86_64-clang 1.1-5 238.83 OK
r-devel-windows-ix86+x86_64 1.1-5 79.00 279.00 358.00 OK
r-patched-linux-x86_64 1.1-5 25.43 134.71 160.14 OK
r-patched-solaris-sparc 1.1-5 1936.70 OK
r-patched-solaris-x86 1.1-5 398.50 OK
r-release-linux-ix86 1.1-5 29.01 155.17 184.18 OK
r-release-linux-x86_64 1.1-5 25.15 133.32 158.48 OK
r-release-osx-x86_64-mavericks 1.1-5 OK
r-release-osx-x86_64-snowleopard 1.1-5 OK
r-release-windows-ix86+x86_64 1.1-5 65.00 339.00 404.00 OK
r-oldrel-windows-ix86+x86_64 1.1-5 1.00 2.00 3.00 ERROR

Check Details

Version: 1.1-5
Check: package dependencies
Result: ERROR
    Package required but not available: 'lazyeval'
    
    See the information on DESCRIPTION files in the chapter 'Creating R
    packages' of the 'Writing R Extensions' manual.
Flavor: r-oldrel-windows-ix86+x86_64