CRAN Package Check Results for Package openair

Last updated on 2014-12-20 17:51:11.

Flavor Version Tinstall Tcheck Ttotal Status Flags
r-devel-linux-x86_64-debian-clang 1.0 17.86 113.29 131.15 NOTE
r-devel-linux-x86_64-debian-gcc 1.0 18.20 110.55 128.74 NOTE
r-devel-linux-x86_64-fedora-clang 1.0 300.96 NOTE
r-devel-linux-x86_64-fedora-gcc 1.0 254.27 NOTE
r-devel-osx-x86_64-clang 1.0 235.28 NOTE
r-devel-windows-ix86+x86_64 1.0 52.00 272.00 324.00 NOTE
r-patched-linux-x86_64 1.0 22.99 122.40 145.39 NOTE
r-patched-solaris-sparc 1.0 1664.70 NOTE
r-patched-solaris-x86 1.0 352.10 NOTE
r-release-linux-ix86 1.0 23.20 137.75 160.95 NOTE
r-release-linux-x86_64 1.0 20.10 121.72 141.82 NOTE
r-release-osx-x86_64-mavericks 1.0 OK
r-release-osx-x86_64-snowleopard 1.0 OK
r-release-windows-ix86+x86_64 1.0 56.00 297.00 353.00 NOTE
r-oldrel-windows-ix86+x86_64 1.0 54.00 262.00 316.00 OK

Check Details

Version: 1.0
Check: R code for possible problems
Result: NOTE
    GoogleMapsPlot: no visible binding for global variable ‘MapBackground’
    GoogleMapsPlot: no visible binding for global variable ‘GetMap.bbox’
    GoogleMapsPlot: no visible binding for global variable ‘GetMap’
    GoogleMapsPlot: no visible global function definition for ‘qbbox’
    GoogleMapsPlot: no visible global function definition for
     ‘LatLon2XY.centered’
    GoogleMapsPlot : gmYscale.components: no visible global function
     definition for ‘LatLon2XY.centered’
    GoogleMapsPlot : gmXscale.components: no visible global function
     definition for ‘LatLon2XY.centered’
    add.map: no visible global function definition for ‘map’
    openairMapManager: no visible global function definition for ‘writePNG’
    openairMapManager: no visible global function definition for ‘readPNG’
    scatterPlot : <anonymous>: no visible global function definition for
     ‘panel.hexbinplot’
    scatterPlot: no visible binding for global variable ‘hexbinplot’
Flavors: r-devel-linux-x86_64-debian-clang, r-devel-linux-x86_64-debian-gcc, r-devel-linux-x86_64-fedora-clang, r-devel-linux-x86_64-fedora-gcc, r-devel-osx-x86_64-clang, r-devel-windows-ix86+x86_64, r-patched-linux-x86_64, r-patched-solaris-sparc, r-patched-solaris-x86, r-release-linux-ix86, r-release-linux-x86_64, r-release-windows-ix86+x86_64