CRAN Package Check Results for Package openair

Last updated on 2016-07-23 23:48:11.

Flavor Version Tinstall Tcheck Ttotal Status Flags
r-devel-linux-x86_64-debian-clang 1.8-6 36.03 121.86 157.89 OK
r-devel-linux-x86_64-debian-gcc 1.8-6 33.38 117.96 151.34 OK
r-devel-linux-x86_64-fedora-clang 1.8-6 263.95 OK
r-devel-linux-x86_64-fedora-gcc 1.8-6 243.71 OK
r-devel-osx-x86_64-clang 1.8-6 203.90 OK
r-devel-windows-ix86+x86_64 1.8-6 96.00 277.00 373.00 OK
r-patched-linux-x86_64 1.8-6 27.56 113.13 140.69 OK
r-patched-solaris-sparc 1.8-6 1543.40 NOTE
r-patched-solaris-x86 1.8-6 296.70 OK
r-release-linux-x86_64 1.8-6 27.93 115.11 143.04 OK
r-release-osx-x86_64-mavericks 1.8-6 OK
r-release-windows-ix86+x86_64 1.8-6 75.00 249.00 324.00 OK
r-oldrel-windows-ix86+x86_64 1.8-6 92.00 342.00 434.00 OK

Check Details

Version: 1.8-6
Check: installed package size
Result: NOTE
     installed size is 7.7Mb
     sub-directories of 1Mb or more:
     libs 4.9Mb
Flavor: r-patched-solaris-sparc