CRAN Package Check Results for Package openair

Last updated on 2014-04-17 10:47:53.

Flavor Version Tinstall Tcheck Ttotal Status Flags
r-devel-linux-x86_64-debian-clang 0.9-2 19.94 118.94 138.87 OK
r-devel-linux-x86_64-debian-gcc 0.9-2 21.61 119.48 141.09 OK
r-devel-linux-x86_64-fedora-clang 0.9-2 328.18 OK
r-devel-linux-x86_64-fedora-gcc 0.9-2 295.12 OK
r-devel-macosx-x86_64-clang 0.9-2 229.93 OK
r-devel-macosx-x86_64-gcc 0.9-2 ERROR
r-devel-windows-ix86+x86_64 0.9-2 50.00 282.00 332.00 OK
r-patched-linux-x86_64 0.9-2 21.22 121.20 142.41 OK
r-patched-solaris-sparc 0.9-2 1633.50 OK
r-patched-solaris-x86 0.9-2 353.30 OK
r-release-linux-ix86 0.9-2 37.00 181.00 218.00 OK
r-release-linux-x86_64 0.9-2 20.07 120.42 140.49 OK
r-release-macosx-x86_64 0.9-2 OK
r-release-windows-ix86+x86_64 0.9-2 51.00 284.00 335.00 OK
r-oldrel-windows-ix86+x86_64 0.9-2 48.00 250.00 298.00 OK

Check Details

Version: 0.9-2
Check: package dependencies
Result: ERROR
    Package required but not available: ‘latticeExtra’
    
    See the information on DESCRIPTION files in the chapter ‘Creating R
    packages’ of the ‘Writing R Extensions’ manual.
Flavor: r-devel-macosx-x86_64-gcc