CRAN Package Check Results for Package openair

Last updated on 2016-06-27 07:47:44.

Flavor Version Tinstall Tcheck Ttotal Status Flags
r-devel-linux-x86_64-debian-gcc 1.8-6 28.36 102.14 130.50 OK
r-devel-linux-x86_64-fedora-clang 1.8-6 262.58 OK
r-devel-linux-x86_64-fedora-gcc 1.8-6 238.77 OK
r-devel-osx-x86_64-clang 1.8-6 199.10 OK
r-devel-windows-ix86+x86_64 1.8-6 66.00 229.00 295.00 OK
r-patched-linux-x86_64 1.8-6 24.66 102.82 127.49 OK
r-patched-solaris-sparc 1.8-6 1543.40 NOTE
r-patched-solaris-x86 1.8-6 298.70 NOTE
r-release-linux-x86_64 1.8-6 25.24 103.02 128.26 OK
r-release-osx-x86_64-mavericks 1.8-6 OK
r-release-windows-ix86+x86_64 1.8-6 66.00 244.00 310.00 OK
r-oldrel-windows-ix86+x86_64 1.8-6 94.00 290.00 384.00 OK

Check Details

Version: 1.8-6
Check: installed package size
Result: NOTE
     installed size is 7.7Mb
     sub-directories of 1Mb or more:
     libs 4.9Mb
Flavors: r-patched-solaris-sparc, r-patched-solaris-x86