CRAN Package Check Results for Package openair

Last updated on 2015-07-01 06:48:45.

Flavor Version Tinstall Tcheck Ttotal Status Flags
r-devel-linux-x86_64-debian-clang 1.5 27.82 108.15 135.97 NOTE
r-devel-linux-x86_64-debian-gcc 1.5 21.20 107.72 128.92 NOTE
r-devel-linux-x86_64-fedora-clang 1.5 267.97 NOTE
r-devel-linux-x86_64-fedora-gcc 1.5 249.87 NOTE
r-devel-osx-x86_64-clang 1.5 242.24 OK
r-devel-windows-ix86+x86_64 1.5 62.00 296.00 358.00 NOTE
r-patched-linux-x86_64 1.5 22.22 116.14 138.36 OK
r-patched-solaris-sparc 1.5 1619.00 OK
r-patched-solaris-x86 1.5 339.50 OK
r-release-linux-x86_64 1.5 21.93 109.29 131.22 OK
r-release-osx-x86_64-mavericks 1.5 OK
r-release-windows-ix86+x86_64 1.5 59.00 346.00 405.00 OK
r-oldrel-windows-ix86+x86_64 1.5 69.00 388.00 457.00 OK

Check Details

Version: 1.5
Check: R code for possible problems
Result: NOTE
    .smoothScatterCalcDensity: no visible binding for global variable
     ‘quantile’
    COE: no visible global function definition for ‘na.omit’
    FAC2: no visible global function definition for ‘na.omit’
    GoogleMapsPlot: no visible global function definition for ‘na.omit’
    GoogleMapsPlot : <anonymous>: no visible global function definition for
     ‘is’
    GoogleMapsPlot: no visible global function definition for ‘col2rgb’
    GoogleMapsPlot: no visible global function definition for ‘rgb’
    GoogleMapsPlot: no visible global function definition for ‘quantile’
    GoogleMapsPlot: no visible global function definition for ‘is’
    GoogleMapsPlot: no visible global function definition for ‘grey’
    GoogleMapsPlot: no visible global function definition for ‘formula’
    IOA: no visible global function definition for ‘na.omit’
    MB: no visible global function definition for ‘na.omit’
    MGE: no visible global function definition for ‘na.omit’
    NMB: no visible global function definition for ‘na.omit’
    NMGE: no visible global function definition for ‘na.omit’
    RMSE: no visible global function definition for ‘na.omit’
    TaylorDiagram: no visible global function definition for ‘na.omit’
    TaylorDiagram : calcStats: no visible global function definition for
     ‘cor’
    TaylorDiagram : calcStats: no visible global function definition for
     ‘sd’
    TaylorDiagram: no visible global function definition for ‘formula’
    TheilSen : process.cond: no visible global function definition for
     ‘approx’
    TheilSen : process.cond: no visible global function definition for ‘ts’
    TheilSen : process.cond: no visible global function definition for
     ‘stl’
    TheilSen : process.cond: no visible global function definition for
     ‘na.omit’
    TheilSen: no visible global function definition for ‘formula’
    airbaseSplice : <anonymous>: no visible global function definition for
     ‘na.omit’
    bootMean: no visible global function definition for ‘quantile’
    bootMeanDiff: no visible global function definition for ‘na.omit’
    bootMeanDiff: no visible global function definition for ‘quantile’
    calcFno2 : calc.error: no visible global function definition for
     ‘aggregate’
    calcFno2: no visible global function definition for ‘na.omit’
    calcFno2 : fun.opt: no visible global function definition for
     ‘optimize’
    calcFno2: no visible global function definition for ‘approx’
    conditionalEval: no visible global function definition for ‘na.omit’
    conditionalEval : procData : statFun: no visible global function
     definition for ‘quantile’
    conditionalEval: no visible global function definition for ‘formula’
    conditionalQuantile: no visible global function definition for ‘grey’
    conditionalQuantile: no visible global function definition for
     ‘na.omit’
    conditionalQuantile : procData: no visible binding for global variable
     ‘median’
    conditionalQuantile : procData: no visible binding for global variable
     ‘quantile’
    conditionalQuantile: no visible global function definition for
     ‘formula’
    conditionalQuantile: no visible global function definition for ‘update’
    corPlot : prepare.cond: no visible global function definition for ‘cor’
    corPlot : prepare.cond: no visible global function definition for
     ‘hclust’
    corPlot : prepare.cond: no visible global function definition for
     ‘dist’
    corPlot : prepare.cond: no visible global function definition for
     ‘order.dendrogram’
    corPlot : prepare.cond: no visible global function definition for
     ‘as.dendrogram’
    corPlot: no visible global function definition for ‘as.dendrogram’
    corPlot: no visible global function definition for ‘formula’
    cutData : makeCond: no visible global function definition for
     ‘quantile’
    ellipse: no visible global function definition for ‘qchisq’
    errorInMean: no visible global function definition for ‘qt’
    fitGam: no visible global function definition for ‘qnorm’
    fitGam: no visible global function definition for ‘predict’
    fitGam : <anonymous>: no visible global function definition for
     ‘quantile’
    import: no visible global function definition for ‘read.table’
    import.2: no visible global function definition for ‘read.table’
    importADMSBgd: no visible global function definition for ‘read.csv’
    importADMSMet: no visible global function definition for ‘read.csv’
    importADMSMop: no visible global function definition for ‘read.csv’
    importADMSPst: no visible global function definition for ‘read.csv’
    importADMSPst: no visible global function definition for ‘na.omit’
    importAURNCsv: no visible global function definition for ‘read.table’
    is.openair: no visible global function definition for ‘is’
    kernelExceed: no visible global function definition for ‘na.omit’
    kernelExceed : prepare.grid: no visible global function definition for
     ‘xy.coords’
    kernelExceed: no visible global function definition for ‘formula’
    linearRelation: no visible global function definition for ‘na.omit’
    linearRelation : model: no visible global function definition for ‘lm’
    linearRelation : <anonymous>: no visible global function definition for
     ‘coef’
    linearRelation: no visible global function definition for ‘formula’
    listUpdate: no visible global function definition for ‘modifyList’
    map.grid2: no visible global function definition for ‘median’
    median.hilow: no visible global function definition for ‘quantile’
    n: no visible global function definition for ‘na.omit’
    openColours: no visible global function definition for
     ‘colorRampPalette’
    openColours : brewer1: no visible global function definition for
     ‘colorRampPalette’
    openColours : find.brewer: no visible global function definition for
     ‘colorRampPalette’
    openColours: no visible global function definition for ‘grey’
    openairMapManager : tempfun: no visible global function definition for
     ‘compareVersion’
    openairMapManager : tempfun: no visible global function definition for
     ‘packageDescription’
    openairMapManager: no visible global function definition for ‘rgb’
    openairMapManager: no visible global function definition for ‘grey’
    panel.gam: no visible global function definition for ‘qnorm’
    panel.gam: no visible global function definition for ‘predict’
    panel.gam : <anonymous>: no visible global function definition for
     ‘quantile’
    panel.linear: no visible global function definition for ‘na.omit’
    panel.linear: no visible global function definition for ‘lm’
    panel.linear: no visible global function definition for ‘predict’
    panel.linear: no visible global function definition for ‘coef’
    panel.smooth.spline: no visible global function definition for
     ‘smooth.spline’
    panel.taylor.setup: no visible global function definition for ‘col2rgb’
    panel.taylor.setup: no visible global function definition for ‘rgb’
    percentileRose : prepare.grid : mod.percentiles: no visible global
     function definition for ‘spline’
    percentileRose : prepare.grid : <anonymous>: no visible global function
     definition for ‘quantile’
    percentileRose: no visible global function definition for ‘quantile’
    percentileRose: no visible global function definition for ‘formula’
    polarAnnulus: no visible global function definition for ‘na.omit’
    polarAnnulus: no visible global function definition for ‘quantile’
    polarAnnulus : prepare.grid : <anonymous>: no visible global function
     definition for ‘na.omit’
    polarAnnulus : prepare.grid : <anonymous>: no visible global function
     definition for ‘median’
    polarAnnulus : prepare.grid : <anonymous>: no visible global function
     definition for ‘sd’
    polarAnnulus : prepare.grid : <anonymous>: no visible global function
     definition for ‘quantile’
    polarAnnulus : prepare.grid: no visible global function definition for
     ‘na.omit’
    polarAnnulus: no visible global function definition for ‘formula’
    polarCluster: no visible global function definition for ‘na.omit’
    polarCluster: no visible global function definition for ‘formula’
    polarFreq: no visible global function definition for ‘na.omit’
    polarFreq : prepare.grid : <anonymous>: no visible global function
     definition for ‘na.omit’
    polarFreq : prepare.grid : <anonymous>: no visible global function
     definition for ‘median’
    polarFreq : prepare.grid : <anonymous>: no visible global function
     definition for ‘sd’
    polarFreq: no visible global function definition for ‘formula’
    polarPlot: no visible global function definition for ‘na.omit’
    polarPlot: no visible global function definition for ‘quantile’
    polarPlot : prepare.grid : <anonymous>: no visible global function
     definition for ‘na.omit’
    polarPlot : prepare.grid : <anonymous>: no visible global function
     definition for ‘median’
    polarPlot : prepare.grid : <anonymous>: no visible global function
     definition for ‘sd’
    polarPlot : prepare.grid : <anonymous>: no visible global function
     definition for ‘quantile’
    polarPlot : prepare.grid : exclude: no visible global function
     definition for ‘na.omit’
    polarPlot: no visible global function definition for ‘formula’
    pollutionRose: no visible global function definition for ‘quantile’
    proc : summary.values: no visible global function definition for
     ‘formula’
    proc : summary.values: no visible global function definition for
     ‘aggregate’
    r: no visible global function definition for ‘na.omit’
    r: no visible global function definition for ‘cor’
    regci: no visible global function definition for ‘var’
    scatterPlot: no visible global function definition for ‘na.omit’
    scatterPlot: no visible global function definition for ‘formula’
    scatterPlot : smooth.grid: no visible global function definition for
     ‘formula’
    scatterPlot : smooth.grid: no visible global function definition for
     ‘na.omit’
    scatterPlot : prepare.grid: no visible global function definition for
     ‘xy.coords’
    smoothTrend : process.cond: no visible global function definition for
     ‘approx’
    smoothTrend : process.cond: no visible global function definition for
     ‘ts’
    smoothTrend : process.cond: no visible global function definition for
     ‘stl’
    smoothTrend: no visible global function definition for ‘na.omit’
    smoothTrend: no visible global function definition for ‘formula’
    summaryPlot: no visible global function definition for ‘rgb’
    summaryPlot: no visible global function definition for ‘grey’
    summaryPlot: no visible global function definition for ‘reshape’
    summaryPlot : summmary.stats: no visible global function definition for
     ‘median’
    summaryPlot : summmary.stats: no visible global function definition for
     ‘quantile’
    summaryPlot : summmary.stats : <anonymous>: no visible global function
     definition for ‘na.omit’
    summaryPlot : <anonymous>: no visible global function definition for
     ‘quantile’
    timeAverage : FUN: no visible global function definition for ‘sd’
    timeAverage : calc.mean: no visible global function definition for
     ‘ave’
    timePlot : norm.by.date: no visible global function definition for
     ‘na.omit’
    timePlot: no visible global function definition for ‘formula’
    timeProp: no visible global function definition for ‘na.omit’
    timeProp: no visible global function definition for ‘formula’
    timeProp: no visible global function definition for ‘modifyList’
    timeVariation: no visible global function definition for ‘formula’
    timeVariation : main.plot: no visible global function definition for
     ‘update’
    timeVariation : ind.plot: no visible global function definition for
     ‘update’
    trajCluster : calcTraj: no visible global function definition for ‘ave’
    trajCluster : calcTraj: no visible global function definition for
     ‘as.dist’
    trajCluster: no visible global function definition for ‘aggregate’
    trajLevel: no visible global function definition for ‘quantile’
    trajPlot: no visible global function definition for ‘ave’
    trendLevel : stat.fun: no visible global function definition for
     ‘na.omit’
    trendLevel: no visible global function definition for ‘is’
    trendLevel: no visible global function definition for ‘formula’
    tsp1reg: no visible global function definition for ‘median’
    tsp1reg: no visible global function definition for ‘abline’
    tsreg: no visible global function definition for ‘median’
    windRose: no visible global function definition for ‘na.omit’
    windRose: no visible global function definition for ‘formula’
Flavors: r-devel-linux-x86_64-debian-clang, r-devel-linux-x86_64-debian-gcc, r-devel-linux-x86_64-fedora-clang, r-devel-linux-x86_64-fedora-gcc, r-devel-windows-ix86+x86_64