CRAN Package Check Results for Package opencpu

Last updated on 2022-11-27 11:55:55 CET.

Flavor Version Tinstall Tcheck Ttotal Status Flags
r-devel-linux-x86_64-debian-clang 2.2.8 4.49 43.04 47.53 OK
r-devel-linux-x86_64-debian-gcc 2.2.8 4.09 33.76 37.85 OK
r-devel-linux-x86_64-fedora-clang 2.2.8 72.49 NOTE
r-devel-linux-x86_64-fedora-gcc 2.2.8 69.47 NOTE
r-devel-windows-x86_64 2.2.8 35.00 68.00 103.00 NOTE
r-patched-linux-x86_64 2.2.8 7.30 41.69 48.99 OK
r-release-linux-x86_64 2.2.8 5.83 42.42 48.25 OK
r-release-macos-arm64 2.2.8 24.00 NOTE
r-release-macos-x86_64 2.2.8 32.00 NOTE
r-release-windows-x86_64 2.2.8 48.00 71.00 119.00 NOTE
r-oldrel-macos-arm64 2.2.8 23.00 NOTE
r-oldrel-macos-x86_64 2.2.8 32.00 NOTE
r-oldrel-windows-ix86+x86_64 2.2.8 11.00 64.00 75.00 NOTE

Check Details

Version: 2.2.8
Check: data for non-ASCII characters
Result: NOTE
     Note: found 4 marked UTF-8 strings
Flavors: r-devel-linux-x86_64-fedora-clang, r-devel-linux-x86_64-fedora-gcc, r-release-macos-arm64, r-release-macos-x86_64, r-oldrel-macos-arm64, r-oldrel-macos-x86_64

Version: 2.2.8
Check: package dependencies
Result: NOTE
    Package suggested but not available for checking: 'unix'
Flavors: r-devel-windows-x86_64, r-release-windows-x86_64, r-oldrel-windows-ix86+x86_64