Last updated on 2023-12-01 17:52:41 CET.
Flavor | Version | Tinstall | Tcheck | Ttotal | Status | Flags |
---|---|---|---|---|---|---|
r-devel-linux-x86_64-debian-clang | 2.2.11 | 6.42 | 42.55 | 48.97 | OK | |
r-devel-linux-x86_64-debian-gcc | 2.2.11 | 4.99 | 32.41 | 37.40 | OK | |
r-devel-linux-x86_64-fedora-clang | 2.2.11 | 61.53 | NOTE | |||
r-devel-linux-x86_64-fedora-gcc | 2.2.11 | 69.38 | NOTE | |||
r-devel-windows-x86_64 | 2.2.11 | 5.00 | 50.00 | 55.00 | NOTE | |
r-patched-linux-x86_64 | 2.2.11 | 9.82 | 42.57 | 52.39 | OK | |
r-release-linux-x86_64 | 2.2.11 | 4.68 | 42.14 | 46.82 | OK | |
r-release-macos-arm64 | 2.2.11 | 30.00 | OK | |||
r-release-macos-x86_64 | 2.2.11 | 49.00 | OK | |||
r-release-windows-x86_64 | 2.2.11 | 8.00 | 57.00 | 65.00 | NOTE | |
r-oldrel-macos-arm64 | 2.2.11 | 26.00 | OK | |||
r-oldrel-macos-x86_64 | 2.2.11 | 37.00 | OK | |||
r-oldrel-windows-x86_64 | 2.2.11 | 8.00 | 60.00 | 68.00 | NOTE |
Version: 2.2.11
Check: data for non-ASCII characters
Result: NOTE
Note: found 4 marked UTF-8 strings
Flavors: r-devel-linux-x86_64-fedora-clang, r-devel-linux-x86_64-fedora-gcc
Version: 2.2.11
Check: package dependencies
Result: NOTE
Package suggested but not available for checking: 'unix'
Flavors: r-devel-windows-x86_64, r-release-windows-x86_64, r-oldrel-windows-x86_64