CRAN Package Check Results for Package opencpu

Last updated on 2020-04-07 09:49:34 CEST.

Flavor Version Tinstall Tcheck Ttotal Status Flags
r-devel-linux-x86_64-debian-clang 2.1.6 5.77 38.62 44.39 OK
r-devel-linux-x86_64-debian-gcc 2.1.6 4.63 30.61 35.24 OK
r-devel-linux-x86_64-fedora-clang 2.1.6 71.32 NOTE
r-devel-linux-x86_64-fedora-gcc 2.1.6 79.67 NOTE
r-devel-windows-ix86+x86_64 2.1.6 18.00 68.00 86.00 NOTE
r-devel-windows-ix86+x86_64-gcc8 2.1.6 11.00 59.00 70.00 NOTE
r-patched-linux-x86_64 2.1.6 5.50 37.63 43.13 OK
r-patched-solaris-x86 2.1.6 104.40 NOTE
r-release-linux-x86_64 2.1.6 5.03 34.99 40.02 OK
r-release-windows-ix86+x86_64 2.1.6 10.00 87.00 97.00 NOTE
r-release-osx-x86_64 2.1.6 WARN
r-oldrel-windows-ix86+x86_64 2.1.6 8.00 64.00 72.00 NOTE
r-oldrel-osx-x86_64 2.1.6 WARN

Check Details

Version: 2.1.6
Check: data for non-ASCII characters
Result: NOTE
     Note: found 4 marked UTF-8 strings
Flavors: r-devel-linux-x86_64-fedora-clang, r-devel-linux-x86_64-fedora-gcc, r-patched-solaris-x86, r-release-osx-x86_64, r-oldrel-osx-x86_64

Version: 2.1.6
Check: package dependencies
Result: NOTE
    Package suggested but not available for checking: 'unix'
Flavors: r-devel-windows-ix86+x86_64, r-devel-windows-ix86+x86_64-gcc8, r-release-windows-ix86+x86_64, r-oldrel-windows-ix86+x86_64

Version: 2.1.6
Check: dependencies in R code
Result: NOTE
    No protocol specified
Flavors: r-release-osx-x86_64, r-oldrel-osx-x86_64

Version: 2.1.6
Check: S3 generic/method consistency
Result: WARN
    No protocol specified
    See section ‘Generic functions and methods’ in the ‘Writing R
    Extensions’ manual.
Flavors: r-release-osx-x86_64, r-oldrel-osx-x86_64

Version: 2.1.6
Check: replacement functions
Result: WARN
    No protocol specified
    The argument of a replacement function which corresponds to the right
    hand side must be named ‘value’.
Flavors: r-release-osx-x86_64, r-oldrel-osx-x86_64

Version: 2.1.6
Check: foreign function calls
Result: NOTE
    No protocol specified
    See chapter ‘System and foreign language interfaces’ in the ‘Writing R
    Extensions’ manual.
Flavors: r-release-osx-x86_64, r-oldrel-osx-x86_64

Version: 2.1.6
Check: for missing documentation entries
Result: WARN
    No protocol specified
    All user-level objects in a package should have documentation entries.
    See chapter ‘Writing R documentation files’ in the ‘Writing R
    Extensions’ manual.
Flavors: r-release-osx-x86_64, r-oldrel-osx-x86_64

Version: 2.1.6
Check: for code/documentation mismatches
Result: WARN
    No protocol specified
    No protocol specified
    No protocol specified
Flavors: r-release-osx-x86_64, r-oldrel-osx-x86_64

Version: 2.1.6
Check: Rd \usage sections
Result: NOTE
    No protocol specified
    The \usage entries for S3 methods should use the \method markup and not
    their full name.
    See chapter ‘Writing R documentation files’ in the ‘Writing R
    Extensions’ manual.
Flavors: r-release-osx-x86_64, r-oldrel-osx-x86_64