CRAN Package Check Results for Package opencpu

Last updated on 2019-09-18 07:52:43 CEST.

Flavor Version Tinstall Tcheck Ttotal Status Flags
r-devel-linux-x86_64-debian-clang 2.1.3 4.75 35.09 39.84 OK
r-devel-linux-x86_64-debian-gcc 2.1.3 4.43 28.13 32.56 OK
r-devel-linux-x86_64-fedora-clang 2.1.3 63.46 NOTE
r-devel-linux-x86_64-fedora-gcc 2.1.3 62.20 NOTE
r-devel-windows-ix86+x86_64 2.1.3 25.00 83.00 108.00 NOTE
r-patched-linux-x86_64 2.1.3 3.98 35.74 39.72 OK
r-patched-solaris-x86 2.1.3 91.80 NOTE
r-release-linux-x86_64 2.1.3 5.61 34.71 40.32 OK
r-release-windows-ix86+x86_64 2.1.3 14.00 57.00 71.00 NOTE
r-release-osx-x86_64 2.1.3 WARN
r-oldrel-windows-ix86+x86_64 2.1.3 9.00 56.00 65.00 NOTE
r-oldrel-osx-x86_64 2.1.3 WARN

Check Details

Version: 2.1.3
Check: data for non-ASCII characters
Result: NOTE
     Note: found 4 marked UTF-8 strings
Flavors: r-devel-linux-x86_64-fedora-clang, r-devel-linux-x86_64-fedora-gcc, r-patched-solaris-x86, r-release-osx-x86_64, r-oldrel-osx-x86_64

Version: 2.1.3
Check: package dependencies
Result: NOTE
    Package suggested but not available for checking: 'unix'
Flavors: r-devel-windows-ix86+x86_64, r-release-windows-ix86+x86_64, r-oldrel-windows-ix86+x86_64

Version: 2.1.3
Check: whether the namespace can be loaded with stated dependencies
Result: NOTE
    Warning in file.create(to[okay]) :
     cannot create file '/Users/urbanek/Library/Application Support/opencpu/user.conf', reason 'No such file or directory'
    Warning in create_user_config() :
     Failed to create new config file: /Users/urbanek/Library/Application Support/opencpu/user.conf. Using default config.
    No protocol specified
    
    A namespace must be able to be loaded with just the base namespace
    loaded: otherwise if the namespace gets loaded by a saved object, the
    session will be unable to start.
    
    Probably some imports need to be declared in the NAMESPACE file.
Flavors: r-release-osx-x86_64, r-oldrel-osx-x86_64

Version: 2.1.3
Check: dependencies in R code
Result: NOTE
    No protocol specified
Flavors: r-release-osx-x86_64, r-oldrel-osx-x86_64

Version: 2.1.3
Check: S3 generic/method consistency
Result: WARN
    No protocol specified
    See section ‘Generic functions and methods’ in the ‘Writing R
    Extensions’ manual.
Flavors: r-release-osx-x86_64, r-oldrel-osx-x86_64

Version: 2.1.3
Check: replacement functions
Result: WARN
    No protocol specified
    The argument of a replacement function which corresponds to the right
    hand side must be named ‘value’.
Flavors: r-release-osx-x86_64, r-oldrel-osx-x86_64

Version: 2.1.3
Check: foreign function calls
Result: NOTE
    No protocol specified
    See chapter ‘System and foreign language interfaces’ in the ‘Writing R
    Extensions’ manual.
Flavors: r-release-osx-x86_64, r-oldrel-osx-x86_64

Version: 2.1.3
Check: R code for possible problems
Result: NOTE
    No protocol specified
Flavors: r-release-osx-x86_64, r-oldrel-osx-x86_64

Version: 2.1.3
Check: for missing documentation entries
Result: WARN
    No protocol specified
    All user-level objects in a package should have documentation entries.
    See chapter ‘Writing R documentation files’ in the ‘Writing R
    Extensions’ manual.
Flavors: r-release-osx-x86_64, r-oldrel-osx-x86_64

Version: 2.1.3
Check: for code/documentation mismatches
Result: WARN
    No protocol specified
    No protocol specified
    No protocol specified
Flavors: r-release-osx-x86_64, r-oldrel-osx-x86_64

Version: 2.1.3
Check: Rd \usage sections
Result: NOTE
    No protocol specified
    The \usage entries for S3 methods should use the \method markup and not
    their full name.
    See chapter ‘Writing R documentation files’ in the ‘Writing R
    Extensions’ manual.
Flavors: r-release-osx-x86_64, r-oldrel-osx-x86_64