CRAN Package Check Results for Package opencpu

Last updated on 2022-06-28 14:51:12 CEST.

Flavor Version Tinstall Tcheck Ttotal Status Flags
r-devel-linux-x86_64-debian-clang 2.2.8 4.87 42.53 47.40 OK
r-devel-linux-x86_64-debian-gcc 2.2.8 4.61 33.10 37.71 OK
r-devel-linux-x86_64-fedora-clang 2.2.8 68.17 NOTE
r-devel-linux-x86_64-fedora-gcc 2.2.8 67.60 NOTE
r-devel-windows-x86_64 2.2.8 29.00 68.00 97.00 NOTE
r-patched-linux-x86_64 2.2.8 8.50 42.37 50.87 OK
r-release-linux-x86_64 2.2.8 5.17 41.69 46.86 OK
r-release-macos-arm64 2.2.8 24.00 NOTE
r-release-macos-x86_64 2.2.8 32.00 NOTE
r-release-windows-x86_64 2.2.8 31.00 67.00 98.00 NOTE
r-oldrel-macos-arm64 2.2.8 23.00 NOTE
r-oldrel-macos-x86_64 2.2.8 32.00 NOTE
r-oldrel-windows-ix86+x86_64 2.2.8 11.00 58.00 69.00 NOTE

Check Details

Version: 2.2.8
Check: data for non-ASCII characters
Result: NOTE
     Note: found 4 marked UTF-8 strings
Flavors: r-devel-linux-x86_64-fedora-clang, r-devel-linux-x86_64-fedora-gcc, r-release-macos-arm64, r-release-macos-x86_64, r-oldrel-macos-arm64, r-oldrel-macos-x86_64

Version: 2.2.8
Check: package dependencies
Result: NOTE
    Package suggested but not available for checking: 'unix'
Flavors: r-devel-windows-x86_64, r-release-windows-x86_64, r-oldrel-windows-ix86+x86_64