Last updated on 2021-03-04 00:48:04 CET.
Flavor | Version | Tinstall | Tcheck | Ttotal | Status | Flags |
---|---|---|---|---|---|---|
r-devel-linux-x86_64-debian-clang | 2.2.2 | 5.26 | 41.16 | 46.42 | OK | |
r-devel-linux-x86_64-debian-gcc | 2.2.2 | 4.28 | 32.34 | 36.62 | OK | |
r-devel-linux-x86_64-fedora-clang | 2.2.2 | 65.75 | NOTE | |||
r-devel-linux-x86_64-fedora-gcc | 2.2.2 | 54.57 | NOTE | |||
r-devel-windows-ix86+x86_64 | 2.2.2 | 11.00 | 88.00 | 99.00 | NOTE | |
r-patched-linux-x86_64 | 2.2.2 | 5.10 | 39.10 | 44.20 | OK | |
r-patched-solaris-x86 | 2.2.2 | 84.00 | NOTE | |||
r-release-linux-x86_64 | 2.2.2 | 4.29 | 39.69 | 43.98 | OK | |
r-release-macos-x86_64 | 2.2.2 | NOTE | ||||
r-release-windows-ix86+x86_64 | 2.2.2 | 7.00 | 58.00 | 65.00 | NOTE | |
r-oldrel-macos-x86_64 | 2.2.2 | WARN | ||||
r-oldrel-windows-ix86+x86_64 | 2.2.2 | 9.00 | 69.00 | 78.00 | NOTE |
Version: 2.2.2
Check: data for non-ASCII characters
Result: NOTE
Note: found 4 marked UTF-8 strings
Flavors: r-devel-linux-x86_64-fedora-clang, r-devel-linux-x86_64-fedora-gcc, r-patched-solaris-x86, r-release-macos-x86_64, r-oldrel-macos-x86_64
Version: 2.2.2
Check: package dependencies
Result: NOTE
Package suggested but not available for checking: 'unix'
Flavors: r-devel-windows-ix86+x86_64, r-release-windows-ix86+x86_64, r-oldrel-windows-ix86+x86_64
Version: 2.2.2
Check: dependencies in R code
Result: NOTE
No protocol specified
Missing or unexported object: 'tools::R_user_dir'
Flavor: r-oldrel-macos-x86_64
Version: 2.2.2
Check: S3 generic/method consistency
Result: WARN
No protocol specified
See section ‘Generic functions and methods’ in the ‘Writing R
Extensions’ manual.
Flavor: r-oldrel-macos-x86_64
Version: 2.2.2
Check: replacement functions
Result: WARN
No protocol specified
The argument of a replacement function which corresponds to the right
hand side must be named ‘value’.
Flavor: r-oldrel-macos-x86_64
Version: 2.2.2
Check: foreign function calls
Result: NOTE
No protocol specified
See chapter ‘System and foreign language interfaces’ in the ‘Writing R
Extensions’ manual.
Flavor: r-oldrel-macos-x86_64
Version: 2.2.2
Check: for missing documentation entries
Result: WARN
No protocol specified
All user-level objects in a package should have documentation entries.
See chapter ‘Writing R documentation files’ in the ‘Writing R
Extensions’ manual.
Flavor: r-oldrel-macos-x86_64
Version: 2.2.2
Check: for code/documentation mismatches
Result: WARN
No protocol specified
No protocol specified
No protocol specified
Flavor: r-oldrel-macos-x86_64
Version: 2.2.2
Check: Rd \usage sections
Result: NOTE
No protocol specified
The \usage entries for S3 methods should use the \method markup and not
their full name.
See chapter ‘Writing R documentation files’ in the ‘Writing R
Extensions’ manual.
Flavor: r-oldrel-macos-x86_64
Version: 2.2.2
Check: dependencies in R code
Result: NOTE
Missing or unexported object: 'tools::R_user_dir'
Flavor: r-oldrel-windows-ix86+x86_64