CRAN Package Check Results for Package opendotaR

Last updated on 2020-04-02 18:49:33 CEST.

Flavor Version Tinstall Tcheck Ttotal Status Flags
r-devel-linux-x86_64-debian-clang 0.1.4 1.96 18.76 20.72 OK
r-devel-linux-x86_64-debian-gcc 0.1.4 1.52 14.94 16.46 OK
r-devel-linux-x86_64-fedora-clang 0.1.4 25.68 NOTE
r-devel-linux-x86_64-fedora-gcc 0.1.4 25.34 NOTE
r-devel-windows-ix86+x86_64 0.1.4 8.00 34.00 42.00 OK
r-devel-windows-ix86+x86_64-gcc8 0.1.4 6.00 32.00 38.00 OK
r-patched-linux-x86_64 0.1.4 1.97 18.20 20.17 OK
r-patched-solaris-x86 0.1.4 42.00 NOTE
r-release-linux-x86_64 0.1.4 1.51 17.54 19.05 OK
r-release-windows-ix86+x86_64 0.1.4 4.00 35.00 39.00 OK
r-release-osx-x86_64 0.1.4 NOTE
r-oldrel-windows-ix86+x86_64 0.1.4 3.00 31.00 34.00 OK
r-oldrel-osx-x86_64 0.1.4 NOTE

Check Details

Version: 0.1.4
Check: dependencies in R code
Result: NOTE
    Namespace in Imports field not imported from: ‘dplyr’
     All declared Imports should be used.
Flavors: r-devel-linux-x86_64-fedora-clang, r-devel-linux-x86_64-fedora-gcc, r-patched-solaris-x86, r-release-osx-x86_64, r-oldrel-osx-x86_64