CRAN Package Check Results for Package openmetrics

Last updated on 2022-06-25 21:53:06 CEST.

Flavor Version Tinstall Tcheck Ttotal Status Flags
r-devel-linux-x86_64-debian-clang 0.3.0 8.56 26.13 34.69 NOTE
r-devel-linux-x86_64-debian-gcc 0.3.0 4.68 20.29 24.97 NOTE
r-devel-linux-x86_64-fedora-clang 0.3.0 51.41 NOTE
r-devel-linux-x86_64-fedora-gcc 0.3.0 50.52 NOTE
r-devel-windows-x86_64 0.3.0 27.00 51.00 78.00 NOTE
r-patched-linux-x86_64 0.3.0 5.34 25.36 30.70 NOTE
r-release-linux-x86_64 0.3.0 5.34 25.28 30.62 NOTE
r-release-macos-arm64 0.3.0 24.00 NOTE
r-release-macos-x86_64 0.3.0 23.00 NOTE
r-release-windows-x86_64 0.3.0 33.00 48.00 81.00 NOTE
r-oldrel-macos-arm64 0.3.0 28.00 NOTE
r-oldrel-macos-x86_64 0.3.0 24.00 NOTE
r-oldrel-windows-ix86+x86_64 0.3.0 13.00 40.00 53.00 NOTE

Check Details

Version: 0.3.0
Check: LazyData
Result: NOTE
     'LazyData' is specified without a 'data' directory
Flavors: r-devel-linux-x86_64-debian-clang, r-devel-linux-x86_64-debian-gcc, r-devel-linux-x86_64-fedora-clang, r-devel-linux-x86_64-fedora-gcc, r-devel-windows-x86_64, r-patched-linux-x86_64, r-release-linux-x86_64, r-release-macos-arm64, r-release-macos-x86_64, r-release-windows-x86_64, r-oldrel-macos-arm64, r-oldrel-macos-x86_64, r-oldrel-windows-ix86+x86_64

Version: 0.3.0
Check: dependencies in R code
Result: NOTE
    Namespace in Imports field not imported from: ‘R6’
     All declared Imports should be used.
Flavors: r-devel-linux-x86_64-fedora-clang, r-devel-linux-x86_64-fedora-gcc, r-release-macos-arm64, r-release-macos-x86_64, r-oldrel-macos-arm64, r-oldrel-macos-x86_64