CRAN Package Check Results for Package openxlsx

Last updated on 2020-05-26 15:49:47 CEST.

Flavor Version Tinstall Tcheck Ttotal Status Flags
r-devel-linux-x86_64-debian-clang 4.1.5 132.28 104.27 236.55 OK
r-devel-linux-x86_64-debian-gcc 4.1.5 99.26 79.67 178.93 OK
r-devel-linux-x86_64-fedora-clang 4.1.5 307.43 NOTE
r-devel-linux-x86_64-fedora-gcc 4.1.5 303.35 OK
r-devel-windows-ix86+x86_64 4.1.5 262.00 197.00 459.00 OK
r-patched-linux-x86_64 4.1.5 114.60 105.89 220.49 OK
r-patched-solaris-x86 4.1.5 310.70 OK
r-release-linux-x86_64 4.1.5 114.31 105.12 219.43 OK
r-release-osx-x86_64 4.1.5 NOTE
r-release-windows-ix86+x86_64 4.1.5 188.00 268.00 456.00 OK
r-oldrel-osx-x86_64 4.1.5 NOTE
r-oldrel-windows-ix86+x86_64 4.1.5 246.00 199.00 445.00 OK

Check Details

Version: 4.1.5
Check: installed package size
Result: NOTE
     installed size is 8.4Mb
     sub-directories of 1Mb or more:
     extdata 1.0Mb
     libs 6.3Mb
Flavors: r-devel-linux-x86_64-fedora-clang, r-release-osx-x86_64, r-oldrel-osx-x86_64