Last updated on 2023-12-04 17:54:08 CET.
Flavor | Version | Tinstall | Tcheck | Ttotal | Status | Flags |
---|---|---|---|---|---|---|
r-devel-linux-x86_64-debian-clang | 4.2.5.2 | 144.14 | 139.45 | 283.59 | NOTE | |
r-devel-linux-x86_64-debian-gcc | 4.2.5.2 | 107.62 | 106.47 | 214.09 | NOTE | |
r-devel-linux-x86_64-fedora-clang | 4.2.5.2 | 382.47 | OK | |||
r-devel-linux-x86_64-fedora-gcc | 4.2.5.2 | 388.79 | OK | |||
r-devel-windows-x86_64 | 4.2.5.2 | 111.00 | 161.00 | 272.00 | OK | |
r-patched-linux-x86_64 | 4.2.5.2 | 119.84 | 134.69 | 254.53 | OK | |
r-release-linux-x86_64 | 4.2.5.2 | 116.40 | 134.54 | 250.94 | OK | |
r-release-macos-arm64 | 4.2.5.2 | 109.00 | NOTE | |||
r-release-macos-x86_64 | 4.2.5.2 | 185.00 | NOTE | |||
r-release-windows-x86_64 | 4.2.5.2 | 141.00 | 192.00 | 333.00 | OK | |
r-oldrel-macos-arm64 | 4.2.5.2 | 96.00 | NOTE | |||
r-oldrel-macos-x86_64 | 4.2.5.2 | 146.00 | NOTE | |||
r-oldrel-windows-x86_64 | 4.2.5.2 | 134.00 | 180.00 | 314.00 | OK |
Version: 4.2.5.2
Check: Rd files
Result: NOTE
checkRd: (-1) addWorksheet.Rd:68: Lost braces in \itemize; meant \describe ?
checkRd: (-1) addWorksheet.Rd:69: Lost braces in \itemize; meant \describe ?
checkRd: (-1) addWorksheet.Rd:70: Lost braces in \itemize; meant \describe ?
checkRd: (-1) addWorksheet.Rd:71: Lost braces in \itemize; meant \describe ?
checkRd: (-1) addWorksheet.Rd:72: Lost braces in \itemize; meant \describe ?
checkRd: (-1) addWorksheet.Rd:73: Lost braces in \itemize; meant \describe ?
checkRd: (-1) addWorksheet.Rd:74: Lost braces in \itemize; meant \describe ?
checkRd: (-1) buildWorkbook.Rd:43: Lost braces in \itemize; meant \describe ?
checkRd: (-1) buildWorkbook.Rd:48: Lost braces in \itemize; meant \describe ?
checkRd: (-1) buildWorkbook.Rd:49: Lost braces in \itemize; meant \describe ?
checkRd: (-1) buildWorkbook.Rd:50-51: Lost braces in \itemize; meant \describe ?
checkRd: (-1) buildWorkbook.Rd:52: Lost braces in \itemize; meant \describe ?
checkRd: (-1) buildWorkbook.Rd:57: Lost braces in \itemize; meant \describe ?
checkRd: (-1) buildWorkbook.Rd:58: Lost braces in \itemize; meant \describe ?
checkRd: (-1) buildWorkbook.Rd:59-60: Lost braces in \itemize; meant \describe ?
checkRd: (-1) buildWorkbook.Rd:61: Lost braces in \itemize; meant \describe ?
checkRd: (-1) buildWorkbook.Rd:62: Lost braces in \itemize; meant \describe ?
checkRd: (-1) buildWorkbook.Rd:63: Lost braces in \itemize; meant \describe ?
checkRd: (-1) buildWorkbook.Rd:64-66: Lost braces in \itemize; meant \describe ?
checkRd: (-1) buildWorkbook.Rd:67: Lost braces in \itemize; meant \describe ?
checkRd: (-1) buildWorkbook.Rd:68: Lost braces in \itemize; meant \describe ?
checkRd: (-1) buildWorkbook.Rd:69: Lost braces in \itemize; meant \describe ?
checkRd: (-1) buildWorkbook.Rd:70: Lost braces in \itemize; meant \describe ?
checkRd: (-1) buildWorkbook.Rd:75: Lost braces in \itemize; meant \describe ?
checkRd: (-1) buildWorkbook.Rd:76: Lost braces in \itemize; meant \describe ?
checkRd: (-1) buildWorkbook.Rd:77: Lost braces in \itemize; meant \describe ?
checkRd: (-1) buildWorkbook.Rd:78: Lost braces in \itemize; meant \describe ?
checkRd: (-1) buildWorkbook.Rd:83: Lost braces in \itemize; meant \describe ?
checkRd: (-1) createStyle.Rd:51: Lost braces
51 | \item{\strong{COMMA}{ for comma separated thousands}}
| ^
checkRd: (-1) createStyle.Rd:58: Lost braces in \itemize; meant \describe ?
checkRd: (-1) createStyle.Rd:59: Lost braces in \itemize; meant \describe ?
checkRd: (-1) createStyle.Rd:60: Lost braces in \itemize; meant \describe ?
checkRd: (-1) createStyle.Rd:61: Lost braces in \itemize; meant \describe ?
checkRd: (-1) createStyle.Rd:62: Lost braces in \itemize; meant \describe ?
checkRd: (-1) createStyle.Rd:63: Lost braces in \itemize; meant \describe ?
checkRd: (-1) createStyle.Rd:64: Lost braces in \itemize; meant \describe ?
checkRd: (-1) createStyle.Rd:65: Lost braces in \itemize; meant \describe ?
checkRd: (-1) createStyle.Rd:73: Lost braces in \itemize; meant \describe ?
checkRd: (-1) createStyle.Rd:74: Lost braces in \itemize; meant \describe ?
checkRd: (-1) createStyle.Rd:75: Lost braces in \itemize; meant \describe ?
checkRd: (-1) createStyle.Rd:76: Lost braces in \itemize; meant \describe ?
checkRd: (-1) createStyle.Rd:77: Lost braces in \itemize; meant \describe ?
checkRd: (-1) createStyle.Rd:78: Lost braces in \itemize; meant \describe ?
checkRd: (-1) createStyle.Rd:79: Lost braces in \itemize; meant \describe ?
checkRd: (-1) createStyle.Rd:80: Lost braces in \itemize; meant \describe ?
checkRd: (-1) createStyle.Rd:81: Lost braces in \itemize; meant \describe ?
checkRd: (-1) createStyle.Rd:82: Lost braces in \itemize; meant \describe ?
checkRd: (-1) createStyle.Rd:83: Lost braces in \itemize; meant \describe ?
checkRd: (-1) createStyle.Rd:84: Lost braces in \itemize; meant \describe ?
checkRd: (-1) createStyle.Rd:85: Lost braces in \itemize; meant \describe ?
checkRd: (-1) createStyle.Rd:86: Lost braces in \itemize; meant \describe ?
checkRd: (-1) createStyle.Rd:98: Lost braces in \itemize; meant \describe ?
checkRd: (-1) createStyle.Rd:99: Lost braces in \itemize; meant \describe ?
checkRd: (-1) createStyle.Rd:100: Lost braces in \itemize; meant \describe ?
checkRd: (-1) createStyle.Rd:101: Lost braces in \itemize; meant \describe ?
checkRd: (-1) createStyle.Rd:107: Lost braces in \itemize; meant \describe ?
checkRd: (-1) createStyle.Rd:108: Lost braces in \itemize; meant \describe ?
checkRd: (-1) createStyle.Rd:109: Lost braces in \itemize; meant \describe ?
checkRd: (-1) createStyle.Rd:114: Lost braces in \itemize; meant \describe ?
checkRd: (-1) createStyle.Rd:115: Lost braces in \itemize; meant \describe ?
checkRd: (-1) createStyle.Rd:116: Lost braces in \itemize; meant \describe ?
checkRd: (-1) createStyle.Rd:117: Lost braces in \itemize; meant \describe ?
checkRd: (-1) createStyle.Rd:118: Lost braces in \itemize; meant \describe ?
checkRd: (-1) createStyle.Rd:119: Lost braces in \itemize; meant \describe ?
checkRd: (-1) createStyle.Rd:120: Lost braces in \itemize; meant \describe ?
checkRd: (-1) pageSetup.Rd:68: Lost braces in \itemize; meant \describe ?
checkRd: (-1) pageSetup.Rd:69: Lost braces in \itemize; meant \describe ?
checkRd: (-1) pageSetup.Rd:70: Lost braces in \itemize; meant \describe ?
checkRd: (-1) pageSetup.Rd:71: Lost braces in \itemize; meant \describe ?
checkRd: (-1) pageSetup.Rd:72: Lost braces in \itemize; meant \describe ?
checkRd: (-1) pageSetup.Rd:73: Lost braces in \itemize; meant \describe ?
checkRd: (-1) pageSetup.Rd:74: Lost braces in \itemize; meant \describe ?
checkRd: (-1) pageSetup.Rd:75: Lost braces in \itemize; meant \describe ?
checkRd: (-1) pageSetup.Rd:76: Lost braces in \itemize; meant \describe ?
checkRd: (-1) pageSetup.Rd:77: Lost braces in \itemize; meant \describe ?
checkRd: (-1) pageSetup.Rd:78: Lost braces in \itemize; meant \describe ?
checkRd: (-1) pageSetup.Rd:79: Lost braces in \itemize; meant \describe ?
checkRd: (-1) pageSetup.Rd:80: Lost braces in \itemize; meant \describe ?
checkRd: (-1) pageSetup.Rd:81: Lost braces in \itemize; meant \describe ?
checkRd: (-1) pageSetup.Rd:82: Lost braces in \itemize; meant \describe ?
checkRd: (-1) pageSetup.Rd:83: Lost braces in \itemize; meant \describe ?
checkRd: (-1) pageSetup.Rd:84: Lost braces in \itemize; meant \describe ?
checkRd: (-1) pageSetup.Rd:85: Lost braces in \itemize; meant \describe ?
checkRd: (-1) pageSetup.Rd:86: Lost braces in \itemize; meant \describe ?
checkRd: (-1) pageSetup.Rd:87: Lost braces in \itemize; meant \describe ?
checkRd: (-1) pageSetup.Rd:88: Lost braces in \itemize; meant \describe ?
checkRd: (-1) pageSetup.Rd:89: Lost braces in \itemize; meant \describe ?
checkRd: (-1) pageSetup.Rd:90: Lost braces in \itemize; meant \describe ?
checkRd: (-1) pageSetup.Rd:91: Lost braces in \itemize; meant \describe ?
checkRd: (-1) pageSetup.Rd:92: Lost braces in \itemize; meant \describe ?
checkRd: (-1) pageSetup.Rd:93: Lost braces in \itemize; meant \describe ?
checkRd: (-1) pageSetup.Rd:94: Lost braces in \itemize; meant \describe ?
checkRd: (-1) pageSetup.Rd:95: Lost braces in \itemize; meant \describe ?
checkRd: (-1) pageSetup.Rd:96: Lost braces in \itemize; meant \describe ?
checkRd: (-1) pageSetup.Rd:97: Lost braces in \itemize; meant \describe ?
checkRd: (-1) pageSetup.Rd:98: Lost braces in \itemize; meant \describe ?
checkRd: (-1) pageSetup.Rd:99: Lost braces in \itemize; meant \describe ?
checkRd: (-1) pageSetup.Rd:100: Lost braces in \itemize; meant \describe ?
checkRd: (-1) pageSetup.Rd:101: Lost braces in \itemize; meant \describe ?
checkRd: (-1) pageSetup.Rd:102: Lost braces in \itemize; meant \describe ?
checkRd: (-1) pageSetup.Rd:103: Lost braces in \itemize; meant \describe ?
checkRd: (-1) pageSetup.Rd:104: Lost braces in \itemize; meant \describe ?
checkRd: (-1) pageSetup.Rd:105: Lost braces in \itemize; meant \describe ?
checkRd: (-1) pageSetup.Rd:106: Lost braces in \itemize; meant \describe ?
checkRd: (-1) pageSetup.Rd:107: Lost braces in \itemize; meant \describe ?
checkRd: (-1) pageSetup.Rd:108: Lost braces in \itemize; meant \describe ?
checkRd: (-1) pageSetup.Rd:109: Lost braces in \itemize; meant \describe ?
checkRd: (-1) pageSetup.Rd:110: Lost braces in \itemize; meant \describe ?
checkRd: (-1) pageSetup.Rd:111: Lost braces in \itemize; meant \describe ?
checkRd: (-1) pageSetup.Rd:112: Lost braces in \itemize; meant \describe ?
checkRd: (-1) pageSetup.Rd:113: Lost braces in \itemize; meant \describe ?
checkRd: (-1) pageSetup.Rd:114: Lost braces in \itemize; meant \describe ?
checkRd: (-1) pageSetup.Rd:115: Lost braces in \itemize; meant \describe ?
checkRd: (-1) pageSetup.Rd:116: Lost braces in \itemize; meant \describe ?
checkRd: (-1) pageSetup.Rd:117: Lost braces in \itemize; meant \describe ?
checkRd: (-1) pageSetup.Rd:118: Lost braces in \itemize; meant \describe ?
checkRd: (-1) pageSetup.Rd:119: Lost braces in \itemize; meant \describe ?
checkRd: (-1) pageSetup.Rd:120: Lost braces in \itemize; meant \describe ?
checkRd: (-1) pageSetup.Rd:121: Lost braces in \itemize; meant \describe ?
checkRd: (-1) pageSetup.Rd:122: Lost braces in \itemize; meant \describe ?
checkRd: (-1) pageSetup.Rd:123: Lost braces in \itemize; meant \describe ?
checkRd: (-1) pageSetup.Rd:124: Lost braces in \itemize; meant \describe ?
checkRd: (-1) pageSetup.Rd:125: Lost braces in \itemize; meant \describe ?
checkRd: (-1) pageSetup.Rd:126: Lost braces in \itemize; meant \describe ?
checkRd: (-1) pageSetup.Rd:127: Lost braces in \itemize; meant \describe ?
checkRd: (-1) pageSetup.Rd:128: Lost braces in \itemize; meant \describe ?
checkRd: (-1) pageSetup.Rd:129: Lost braces in \itemize; meant \describe ?
checkRd: (-1) pageSetup.Rd:130: Lost braces in \itemize; meant \describe ?
checkRd: (-1) pageSetup.Rd:131: Lost braces in \itemize; meant \describe ?
checkRd: (-1) pageSetup.Rd:132: Lost braces in \itemize; meant \describe ?
checkRd: (-1) pageSetup.Rd:133: Lost braces in \itemize; meant \describe ?
checkRd: (-1) setHeaderFooter.Rd:41: Lost braces in \itemize; meant \describe ?
checkRd: (-1) setHeaderFooter.Rd:42: Lost braces in \itemize; meant \describe ?
checkRd: (-1) setHeaderFooter.Rd:43: Lost braces in \itemize; meant \describe ?
checkRd: (-1) setHeaderFooter.Rd:44: Lost braces in \itemize; meant \describe ?
checkRd: (-1) setHeaderFooter.Rd:45: Lost braces in \itemize; meant \describe ?
checkRd: (-1) setHeaderFooter.Rd:46: Lost braces in \itemize; meant \describe ?
checkRd: (-1) setHeaderFooter.Rd:47: Lost braces in \itemize; meant \describe ?
checkRd: (-1) write.xlsx.Rd:34: Lost braces in \itemize; meant \describe ?
checkRd: (-1) write.xlsx.Rd:39: Lost braces in \itemize; meant \describe ?
checkRd: (-1) write.xlsx.Rd:40: Lost braces in \itemize; meant \describe ?
checkRd: (-1) write.xlsx.Rd:41-42: Lost braces in \itemize; meant \describe ?
checkRd: (-1) write.xlsx.Rd:43: Lost braces in \itemize; meant \describe ?
checkRd: (-1) write.xlsx.Rd:48: Lost braces in \itemize; meant \describe ?
checkRd: (-1) write.xlsx.Rd:49: Lost braces in \itemize; meant \describe ?
checkRd: (-1) write.xlsx.Rd:50-51: Lost braces in \itemize; meant \describe ?
checkRd: (-1) write.xlsx.Rd:52: Lost braces in \itemize; meant \describe ?
checkRd: (-1) write.xlsx.Rd:53: Lost braces in \itemize; meant \describe ?
checkRd: (-1) write.xlsx.Rd:54: Lost braces in \itemize; meant \describe ?
checkRd: (-1) write.xlsx.Rd:55-57: Lost braces in \itemize; meant \describe ?
checkRd: (-1) write.xlsx.Rd:58: Lost braces in \itemize; meant \describe ?
checkRd: (-1) write.xlsx.Rd:59: Lost braces in \itemize; meant \describe ?
checkRd: (-1) write.xlsx.Rd:60: Lost braces in \itemize; meant \describe ?
checkRd: (-1) write.xlsx.Rd:61: Lost braces in \itemize; meant \describe ?
checkRd: (-1) write.xlsx.Rd:66: Lost braces in \itemize; meant \describe ?
checkRd: (-1) write.xlsx.Rd:67: Lost braces in \itemize; meant \describe ?
checkRd: (-1) write.xlsx.Rd:68: Lost braces in \itemize; meant \describe ?
checkRd: (-1) write.xlsx.Rd:69: Lost braces in \itemize; meant \describe ?
checkRd: (-1) write.xlsx.Rd:74: Lost braces in \itemize; meant \describe ?
checkRd: (-1) writeData.Rd:64: Lost braces in \itemize; meant \describe ?
checkRd: (-1) writeData.Rd:65: Lost braces in \itemize; meant \describe ?
checkRd: (-1) writeData.Rd:66: Lost braces in \itemize; meant \describe ?
checkRd: (-1) writeData.Rd:67: Lost braces in \itemize; meant \describe ?
checkRd: (-1) writeData.Rd:68: Lost braces in \itemize; meant \describe ?
checkRd: (-1) writeData.Rd:69: Lost braces in \itemize; meant \describe ?
checkRd: (-1) writeData.Rd:70: Lost braces in \itemize; meant \describe ?
checkRd: (-1) writeData.Rd:71: Lost braces in \itemize; meant \describe ?
checkRd: (-1) writeData.Rd:72: Lost braces in \itemize; meant \describe ?
checkRd: (-1) writeData.Rd:73: Lost braces in \itemize; meant \describe ?
checkRd: (-1) writeData.Rd:74: Lost braces in \itemize; meant \describe ?
checkRd: (-1) writeData.Rd:75: Lost braces in \itemize; meant \describe ?
checkRd: (-1) writeData.Rd:76: Lost braces in \itemize; meant \describe ?
checkRd: (-1) writeData.Rd:77: Lost braces in \itemize; meant \describe ?
Flavors: r-devel-linux-x86_64-debian-clang, r-devel-linux-x86_64-debian-gcc
Version: 4.2.5.2
Check: installed package size
Result: NOTE
installed size is 7.1Mb
sub-directories of 1Mb or more:
extdata 1.1Mb
libs 4.9Mb
Flavors: r-release-macos-arm64, r-release-macos-x86_64, r-oldrel-macos-arm64, r-oldrel-macos-x86_64