CRAN Package Check Results for Package openxlsx

Last updated on 2019-08-24 06:47:25 CEST.

Flavor Version Tinstall Tcheck Ttotal Status Flags
r-devel-linux-x86_64-debian-clang 4.1.0.1 93.71 95.78 189.49 NOTE
r-devel-linux-x86_64-debian-gcc 4.1.0.1 88.07 75.72 163.79 NOTE
r-devel-linux-x86_64-fedora-clang 4.1.0.1 268.65 NOTE
r-devel-linux-x86_64-fedora-gcc 4.1.0.1 269.88 NOTE
r-devel-windows-ix86+x86_64 4.1.0.1 163.00 281.00 444.00 OK
r-patched-linux-x86_64 4.1.0.1 92.66 95.70 188.36 OK
r-patched-solaris-x86 4.1.0.1 284.70 OK
r-release-linux-x86_64 4.1.0.1 94.37 97.12 191.49 OK
r-release-windows-ix86+x86_64 4.1.0.1 222.00 277.00 499.00 OK
r-release-osx-x86_64 4.1.0.1 NOTE
r-oldrel-windows-ix86+x86_64 4.1.0.1 212.00 253.00 465.00 OK
r-oldrel-osx-x86_64 4.1.0.1 NOTE

Check Details

Version: 4.1.0.1
Check: for non-standard things in the check directory
Result: NOTE
    Found the following files/directories:
     'addFilterExample.xlsx' 'addStyleExample.xlsx'
     'addWorksheetExample.xlsx' 'conditionalFormattingExample.xlsx'
     'createCommentExample.xlsx' 'createWorkbookExample.xlsx'
     'dataValidationExample.xlsx' 'databarExample.xlsx'
     'deleteDataExample.xlsx' 'freezePaneExample.xlsx'
     'getDateOriginExample.xlsx' 'insertImageExample.xlsx'
     'internalHyperlinks.xlsx' 'loadExample.xlsx' 'mergeCellsExample.xlsx'
     'modifyBaseFontExample.xlsx' 'pageBreakExample.xlsx'
     'pageSetupExample.xlsx' 'removeColWidthsExample.xlsx'
     'removeFilterExample.xlsx' 'removeRowHeightsExample.xlsx'
     'removeTableExample.xlsx' 'removeWorksheetExample.xlsx'
     'renameWorksheetExample.xlsx' 'replaceStyleExample.xlsx'
     'saveWorkbookExample.xlsx' 'setColWidthsExample.xlsx'
     'setHeaderFooterExample.xlsx' 'setRowHeightsExample.xlsx'
     'showGridLinesExample.xlsx' 'tableStylesGallery.xlsx'
     'worksheetOrderExample.xlsx' 'worksheetOrderExample2.xlsx'
     'writeCommentExample.xlsx' 'writeDataExample.xlsx'
     'writeDataTableExample.xlsx' 'writeFormulaExample.xlsx'
     'writeFormulaHyperlinkExample.xlsx' 'writeList1.xlsx'
     'writeList2.xlsx' 'writeXLSX1.xlsx' 'writeXLSX2.xlsx'
     'writeXLSX3.xlsx'
Flavors: r-devel-linux-x86_64-debian-clang, r-devel-linux-x86_64-debian-gcc, r-devel-linux-x86_64-fedora-clang, r-devel-linux-x86_64-fedora-gcc

Version: 4.1.0.1
Check: installed package size
Result: NOTE
     installed size is 7.4Mb
     sub-directories of 1Mb or more:
     libs 5.5Mb
Flavors: r-devel-linux-x86_64-fedora-clang, r-release-osx-x86_64, r-oldrel-osx-x86_64