CRAN Package Check Results for Package operator.tools

Last updated on 2017-02-27 09:47:53.

Flavor Version Tinstall Tcheck Ttotal Status Flags
r-devel-linux-x86_64-debian-clang 1.4.4 0.78 13.08 13.87 NOTE
r-devel-linux-x86_64-debian-gcc 1.4.4 0.70 12.84 13.55 NOTE
r-devel-linux-x86_64-fedora-clang 1.4.4 24.60 NOTE --no-stop-on-test-error
r-devel-linux-x86_64-fedora-gcc 1.4.4 21.42 NOTE --no-stop-on-test-error
r-devel-macos-x86_64-clang 1.4.4 20.89 NOTE --no-stop-on-test-error
r-devel-windows-ix86+x86_64 1.4.4 4.00 81.00 85.00 NOTE
r-patched-linux-x86_64 1.4.4 0.67 10.33 11.00 NOTE
r-patched-solaris-sparc 1.4.4 120.40 NOTE
r-patched-solaris-x86 1.4.4 26.20 NOTE
r-release-linux-x86_64 1.4.4 0.66 10.47 11.13 NOTE
r-release-osx-x86_64-mavericks 1.4.4 NOTE
r-release-windows-ix86+x86_64 1.4.4 5.00 26.00 31.00 NOTE
r-oldrel-windows-ix86+x86_64 1.4.4 6.00 86.00 92.00 OK

Check Details

Version: 1.4.4
Check: R code for possible problems
Result: NOTE
    fun2name: no visible global function definition for ‘apropos’
    operators: no visible global function definition for ‘apropos’
    setOperators: no visible global function definition for ‘apropos’
    Undefined global functions or variables:
     apropos
    Consider adding
     importFrom("utils", "apropos")
    to your NAMESPACE file.
Flavors: r-devel-linux-x86_64-debian-clang, r-devel-linux-x86_64-debian-gcc, r-devel-windows-ix86+x86_64, r-patched-linux-x86_64, r-patched-solaris-sparc, r-patched-solaris-x86, r-release-linux-x86_64, r-release-osx-x86_64-mavericks, r-release-windows-ix86+x86_64

Version: 1.4.4
Flags: --no-stop-on-test-error
Check: R code for possible problems
Result: NOTE
    fun2name: no visible global function definition for ‘apropos’
    operators: no visible global function definition for ‘apropos’
    setOperators: no visible global function definition for ‘apropos’
    Undefined global functions or variables:
     apropos
    Consider adding
     importFrom("utils", "apropos")
    to your NAMESPACE file.
Flavors: r-devel-linux-x86_64-fedora-clang, r-devel-linux-x86_64-fedora-gcc, r-devel-macos-x86_64-clang