CRAN Package Check Results for Package operator.tools

Last updated on 2014-07-23 13:47:54.

Flavor Version Tinstall Tcheck Ttotal Status Flags
r-devel-linux-x86_64-debian-clang 1.3.0 0.65 10.58 11.22 NOTE
r-devel-linux-x86_64-debian-gcc 1.3.0 0.62 10.35 10.97 NOTE
r-devel-linux-x86_64-fedora-clang 1.3.0 24.19 NOTE
r-devel-linux-x86_64-fedora-gcc 1.3.0 22.96 NOTE
r-devel-osx-x86_64-clang 1.3.0 24.05 NOTE
r-devel-windows-ix86+x86_64 1.3.0 3.00 18.00 21.00 NOTE
r-patched-linux-x86_64 1.3.0 0.60 10.48 11.09 NOTE
r-patched-solaris-sparc 1.3.0 134.00 NOTE
r-patched-solaris-x86 1.3.0 34.30 NOTE
r-release-linux-ix86 1.3.0 0.90 18.20 19.09 NOTE
r-release-linux-x86_64 1.3.0 0.63 11.28 11.91 NOTE
r-release-osx-x86_64-mavericks 1.3.0 NOTE
r-release-windows-ix86+x86_64 1.3.0 3.00 20.00 23.00 NOTE
r-oldrel-windows-ix86+x86_64 1.3.0 2.00 20.00 22.00 NOTE

Check Details

Version: 1.3.0
Check: top-level files
Result: NOTE
    File
     LICENSE
    is not mentioned in the DESCRIPTION file.
Flavors: r-devel-linux-x86_64-debian-clang, r-devel-linux-x86_64-debian-gcc, r-devel-osx-x86_64-clang, r-devel-windows-ix86+x86_64, r-patched-linux-x86_64, r-patched-solaris-sparc, r-patched-solaris-x86, r-release-linux-ix86, r-release-linux-x86_64, r-release-osx-x86_64-mavericks, r-release-windows-ix86+x86_64, r-oldrel-windows-ix86+x86_64

Version: 1.3.0
Check: top-level files
Result: NOTE
    File
     LICENSE
    is not mentioned in the DESCRIPTION file.
    Non-standard file/directory found at top level:
     ‘operator.Rproj’
Flavors: r-devel-linux-x86_64-fedora-clang, r-devel-linux-x86_64-fedora-gcc