CRAN Package Check Results for Package operator.tools

Last updated on 2014-08-27 18:48:26.

Flavor Version Tinstall Tcheck Ttotal Status Flags
r-devel-linux-x86_64-debian-clang 1.3.0 0.59 10.41 11.00 NOTE
r-devel-linux-x86_64-debian-gcc 1.3.0 0.58 10.10 10.67 NOTE
r-devel-linux-x86_64-fedora-clang 1.3.0 22.51 NOTE
r-devel-linux-x86_64-fedora-gcc 1.3.0 21.20 NOTE
r-devel-osx-x86_64-clang 1.3.0 22.73 NOTE
r-devel-windows-ix86+x86_64 1.3.0 3.00 19.00 22.00 NOTE
r-patched-linux-x86_64 1.3.0 0.60 10.44 11.04 NOTE
r-patched-solaris-sparc 1.3.0 129.90 NOTE
r-patched-solaris-x86 1.3.0 34.90 NOTE
r-release-linux-ix86 1.3.0 0.90 17.23 18.13 NOTE
r-release-linux-x86_64 1.3.0 0.65 10.70 11.34 NOTE
r-release-osx-x86_64-mavericks 1.3.0 NOTE
r-release-windows-ix86+x86_64 1.3.0 3.00 20.00 23.00 NOTE
r-oldrel-windows-ix86+x86_64 1.3.0 2.00 20.00 22.00 NOTE

Check Details

Version: 1.3.0
Check: top-level files
Result: NOTE
    File
     LICENSE
    is not mentioned in the DESCRIPTION file.
Flavors: r-devel-linux-x86_64-debian-clang, r-devel-linux-x86_64-debian-gcc, r-devel-osx-x86_64-clang, r-devel-windows-ix86+x86_64, r-patched-linux-x86_64, r-patched-solaris-sparc, r-patched-solaris-x86, r-release-linux-ix86, r-release-linux-x86_64, r-release-osx-x86_64-mavericks, r-release-windows-ix86+x86_64, r-oldrel-windows-ix86+x86_64

Version: 1.3.0
Check: top-level files
Result: NOTE
    File
     LICENSE
    is not mentioned in the DESCRIPTION file.
    Non-standard file/directory found at top level:
     ‘operator.Rproj’
Flavors: r-devel-linux-x86_64-fedora-clang, r-devel-linux-x86_64-fedora-gcc