CRAN Package Check Results for Package operator.tools

Last updated on 2015-05-25 03:47:45.

Flavor Version Tinstall Tcheck Ttotal Status Flags
r-devel-linux-x86_64-debian-clang 1.3.0 0.58 11.10 11.69 NOTE
r-devel-linux-x86_64-debian-gcc 1.3.0 0.61 10.57 11.18 NOTE
r-devel-linux-x86_64-fedora-clang 1.3.0 23.10 NOTE
r-devel-linux-x86_64-fedora-gcc 1.3.0 21.83 NOTE
r-devel-osx-x86_64-clang 1.3.0 27.09 NOTE
r-devel-windows-ix86+x86_64 1.3.0 4.00 19.00 23.00 NOTE
r-patched-linux-x86_64 1.3.0 0.59 10.73 11.32 NOTE
r-patched-solaris-sparc 1.3.0 150.70 NOTE
r-patched-solaris-x86 1.3.0 34.60 NOTE
r-release-linux-x86_64 1.3.0 0.63 10.68 11.31 NOTE
r-release-osx-x86_64-mavericks 1.3.0 NOTE
r-release-osx-x86_64-snowleopard 1.3.0 NOTE
r-release-windows-ix86+x86_64 1.3.0 2.00 20.00 22.00 NOTE
r-oldrel-windows-ix86+x86_64 1.3.0 3.00 20.00 23.00 NOTE

Check Details

Version: 1.3.0
Check: DESCRIPTION meta-information
Result: NOTE
    Malformed Description field: should contain one or more complete sentences.
Flavors: r-devel-linux-x86_64-debian-clang, r-devel-linux-x86_64-debian-gcc, r-devel-linux-x86_64-fedora-clang, r-devel-linux-x86_64-fedora-gcc, r-devel-osx-x86_64-clang, r-devel-windows-ix86+x86_64, r-patched-linux-x86_64, r-patched-solaris-sparc, r-patched-solaris-x86, r-release-linux-x86_64, r-release-osx-x86_64-mavericks, r-release-osx-x86_64-snowleopard, r-release-windows-ix86+x86_64

Version: 1.3.0
Check: top-level files
Result: NOTE
    File
     LICENSE
    is not mentioned in the DESCRIPTION file.
    Non-standard file/directory found at top level:
     ‘operator.Rproj’
Flavors: r-devel-linux-x86_64-debian-clang, r-devel-linux-x86_64-debian-gcc, r-devel-linux-x86_64-fedora-clang, r-devel-linux-x86_64-fedora-gcc, r-patched-linux-x86_64, r-release-linux-x86_64

Version: 1.3.0
Check: S3 generic/method consistency
Result: NOTE
    Found the following apparent S3 methods exported but not registered:
     as.operator.character as.operator.function as.operator.name
     can.operator.character can.operator.default can.operator.function
     can.operator.name inverse.function inverse.name is.operator.default
     is.operator.function is.operator.name operator.type.function
     operator.type.name rel.type.call rel.type.expression
     rel.type.function rel.type.name
    See section ‘Registering S3 methods’ in the ‘Writing R Extensions’
    manual.
Flavors: r-devel-linux-x86_64-debian-clang, r-devel-linux-x86_64-debian-gcc, r-devel-linux-x86_64-fedora-clang, r-devel-linux-x86_64-fedora-gcc, r-devel-osx-x86_64-clang, r-patched-linux-x86_64, r-patched-solaris-sparc, r-patched-solaris-x86, r-release-linux-x86_64

Version: 1.3.0
Check: top-level files
Result: NOTE
    File
     LICENSE
    is not mentioned in the DESCRIPTION file.
Flavors: r-devel-osx-x86_64-clang, r-devel-windows-ix86+x86_64, r-patched-solaris-sparc, r-patched-solaris-x86, r-release-osx-x86_64-mavericks, r-release-osx-x86_64-snowleopard, r-release-windows-ix86+x86_64, r-oldrel-windows-ix86+x86_64