CRAN Package Check Results for Package operator.tools

Last updated on 2014-04-24 19:54:03.

Flavor Version Tinstall Tcheck Ttotal Status Flags
r-devel-linux-x86_64-debian-clang 1.3.0 0.64 11.50 12.14 NOTE
r-devel-linux-x86_64-debian-gcc 1.3.0 0.68 11.33 12.01 NOTE
r-devel-linux-x86_64-fedora-clang 1.3.0 23.74 NOTE
r-devel-linux-x86_64-fedora-gcc 1.3.0 22.40 NOTE
r-devel-osx-x86_64-clang 1.3.0 24.31 NOTE
r-devel-osx-x86_64-gcc 1.3.0 NOTE
r-devel-windows-ix86+x86_64 1.3.0 2.00 19.00 21.00 NOTE
r-patched-linux-x86_64 1.3.0 0.64 11.11 11.76 NOTE
r-patched-solaris-sparc 1.3.0 134.00 NOTE
r-patched-solaris-x86 1.3.0 35.50 NOTE
r-release-linux-ix86 1.3.0 2.00 25.00 27.00 NOTE
r-release-linux-x86_64 1.3.0 0.64 11.42 12.06 NOTE
r-release-osx-x86_64-mavericks 1.3.0 WARN
r-release-windows-ix86+x86_64 1.3.0 5.00 25.00 30.00 NOTE
r-oldrel-windows-ix86+x86_64 1.3.0 2.00 20.00 22.00 NOTE

Check Details

Version: 1.3.0
Check: top-level files
Result: NOTE
    File
     LICENSE
    is not mentioned in the DESCRIPTION file.
Flavors: r-devel-linux-x86_64-debian-clang, r-devel-linux-x86_64-debian-gcc, r-devel-osx-x86_64-clang, r-devel-osx-x86_64-gcc, r-devel-windows-ix86+x86_64, r-patched-linux-x86_64, r-patched-solaris-sparc, r-patched-solaris-x86, r-release-linux-ix86, r-release-linux-x86_64, r-release-osx-x86_64-mavericks, r-release-windows-ix86+x86_64, r-oldrel-windows-ix86+x86_64

Version: 1.3.0
Check: top-level files
Result: NOTE
    File
     LICENSE
    is not mentioned in the DESCRIPTION file.
    Non-standard file/directory found at top level:
     ‘operator.Rproj’
Flavors: r-devel-linux-x86_64-fedora-clang, r-devel-linux-x86_64-fedora-gcc

Version: 1.3.0
Check: PDF version of manual
Result: WARNING
    LaTeX errors when creating PDF version.
    This typically indicates Rd problems.
    LaTeX errors found:
    ! LaTeX Error: File `upquote.sty' not found.
    
    Type X to quit or <RETURN> to proceed,
    or enter new name. (Default extension: sty)
    
    2d95a5a7/Rd2.tex:8: ==> Fatal error occurred, no output PDF file produced!
Flavor: r-release-osx-x86_64-mavericks