CRAN Package Check Results for Package operator.tools

Last updated on 2017-01-22 12:48:01.

Flavor Version Tinstall Tcheck Ttotal Status Flags
r-devel-linux-x86_64-debian-clang 1.4.4 0.72 12.68 13.40 NOTE
r-devel-linux-x86_64-debian-gcc 1.4.4 0.69 12.52 13.21 NOTE
r-devel-linux-x86_64-fedora-clang 1.4.4 22.14 NOTE --no-stop-on-test-error
r-devel-linux-x86_64-fedora-gcc 1.4.4 22.23 NOTE --no-stop-on-test-error
r-devel-macos-x86_64-clang 1.4.4 20.08 NOTE --no-stop-on-test-error
r-devel-windows-ix86+x86_64 1.4.4 4.00 38.00 42.00 NOTE
r-patched-linux-x86_64 1.4.4 0.56 10.31 10.87 NOTE
r-patched-solaris-sparc 1.4.4 120.40 NOTE
r-patched-solaris-x86 1.4.4 26.60 NOTE
r-release-linux-x86_64 1.4.4 0.70 10.71 11.41 NOTE
r-release-osx-x86_64-mavericks 1.4.4 NOTE
r-release-windows-ix86+x86_64 1.4.4 7.00 30.00 37.00 NOTE
r-oldrel-windows-ix86+x86_64 1.4.4 7.00 33.00 40.00 OK

Check Details

Version: 1.4.4
Check: R code for possible problems
Result: NOTE
    fun2name: no visible global function definition for ‘apropos’
    operators: no visible global function definition for ‘apropos’
    setOperators: no visible global function definition for ‘apropos’
    Undefined global functions or variables:
     apropos
    Consider adding
     importFrom("utils", "apropos")
    to your NAMESPACE file.
Flavors: r-devel-linux-x86_64-debian-clang, r-devel-linux-x86_64-debian-gcc, r-devel-windows-ix86+x86_64, r-patched-linux-x86_64, r-patched-solaris-sparc, r-patched-solaris-x86, r-release-linux-x86_64, r-release-osx-x86_64-mavericks, r-release-windows-ix86+x86_64

Version: 1.4.4
Flags: --no-stop-on-test-error
Check: R code for possible problems
Result: NOTE
    fun2name: no visible global function definition for ‘apropos’
    operators: no visible global function definition for ‘apropos’
    setOperators: no visible global function definition for ‘apropos’
    Undefined global functions or variables:
     apropos
    Consider adding
     importFrom("utils", "apropos")
    to your NAMESPACE file.
Flavors: r-devel-linux-x86_64-fedora-clang, r-devel-linux-x86_64-fedora-gcc, r-devel-macos-x86_64-clang