CRAN Package Check Results for Package operator.tools

Last updated on 2016-09-27 23:49:13.

Flavor Version Tinstall Tcheck Ttotal Status Flags
r-devel-linux-x86_64-debian-clang 1.4.4 0.56 10.45 11.01 NOTE
r-devel-linux-x86_64-debian-gcc 1.4.4 0.64 10.43 11.07 NOTE
r-devel-linux-x86_64-fedora-clang 1.4.4 18.23 NOTE
r-devel-linux-x86_64-fedora-gcc 1.4.4 17.09 NOTE
r-devel-macos-x86_64-clang 1.4.4 16.69 NOTE
r-devel-windows-ix86+x86_64 1.4.4 5.00 35.00 40.00 NOTE
r-patched-linux-x86_64 1.4.4 0.63 10.59 11.23 NOTE
r-patched-solaris-sparc 1.4.4 118.00 NOTE
r-patched-solaris-x86 1.4.4 26.50 NOTE
r-release-linux-x86_64 1.4.4 0.64 10.47 11.12 NOTE
r-release-osx-x86_64-mavericks 1.4.4 NOTE
r-release-windows-ix86+x86_64 1.4.4 4.00 26.00 30.00 NOTE
r-oldrel-windows-ix86+x86_64 1.4.4 5.00 32.00 37.00 OK

Check Details

Version: 1.4.4
Check: R code for possible problems
Result: NOTE
    fun2name: no visible global function definition for ‘apropos’
    operators: no visible global function definition for ‘apropos’
    setOperators: no visible global function definition for ‘apropos’
    Undefined global functions or variables:
     apropos
    Consider adding
     importFrom("utils", "apropos")
    to your NAMESPACE file.
Flavors: r-devel-linux-x86_64-debian-clang, r-devel-linux-x86_64-debian-gcc, r-devel-linux-x86_64-fedora-clang, r-devel-linux-x86_64-fedora-gcc, r-devel-macos-x86_64-clang, r-devel-windows-ix86+x86_64, r-patched-linux-x86_64, r-patched-solaris-sparc, r-patched-solaris-x86, r-release-linux-x86_64, r-release-osx-x86_64-mavericks, r-release-windows-ix86+x86_64