CRAN Package Check Results for Package operator.tools

Last updated on 2016-08-27 21:46:51.

Flavor Version Tinstall Tcheck Ttotal Status Flags
r-devel-linux-x86_64-debian-clang 1.4.4 0.64 10.27 10.91 NOTE
r-devel-linux-x86_64-debian-gcc 1.4.4 0.60 10.53 11.13 NOTE
r-devel-linux-x86_64-fedora-clang 1.4.4 18.11 NOTE
r-devel-linux-x86_64-fedora-gcc 1.4.4 17.43 NOTE
r-devel-osx-x86_64-clang 1.4.4 16.76 NOTE
r-devel-windows-ix86+x86_64 1.4.4 4.00 28.00 32.00 NOTE
r-patched-linux-x86_64 1.4.4 0.62 10.33 10.95 NOTE
r-patched-solaris-sparc 1.4.4 118.00 NOTE
r-patched-solaris-x86 1.4.4 26.90 NOTE
r-release-linux-x86_64 1.4.4 0.61 10.46 11.07 NOTE
r-release-osx-x86_64-mavericks 1.4.4 NOTE
r-release-windows-ix86+x86_64 1.4.4 4.00 28.00 32.00 NOTE
r-oldrel-windows-ix86+x86_64 1.4.4 3.00 38.00 41.00 OK

Check Details

Version: 1.4.4
Check: R code for possible problems
Result: NOTE
    fun2name: no visible global function definition for ‘apropos’
    operators: no visible global function definition for ‘apropos’
    setOperators: no visible global function definition for ‘apropos’
    Undefined global functions or variables:
     apropos
    Consider adding
     importFrom("utils", "apropos")
    to your NAMESPACE file.
Flavors: r-devel-linux-x86_64-debian-clang, r-devel-linux-x86_64-debian-gcc, r-devel-linux-x86_64-fedora-clang, r-devel-linux-x86_64-fedora-gcc, r-devel-osx-x86_64-clang, r-devel-windows-ix86+x86_64, r-patched-linux-x86_64, r-patched-solaris-sparc, r-patched-solaris-x86, r-release-linux-x86_64, r-release-osx-x86_64-mavericks, r-release-windows-ix86+x86_64