CRAN Package Check Results for Package operator.tools

Last updated on 2014-10-31 17:49:17.

Flavor Version Tinstall Tcheck Ttotal Status Flags
r-devel-linux-x86_64-debian-clang 1.3.0 0.64 11.36 12.00 NOTE
r-devel-linux-x86_64-debian-gcc 1.3.0 0.61 11.49 12.10 NOTE
r-devel-linux-x86_64-fedora-clang 1.3.0 23.82 NOTE
r-devel-linux-x86_64-fedora-gcc 1.3.0 23.24 NOTE
r-devel-osx-x86_64-clang 1.3.0 28.47 NOTE
r-devel-windows-ix86+x86_64 1.3.0 2.00 18.00 20.00 NOTE
r-patched-linux-x86_64 1.3.0 0.62 11.30 11.92 NOTE
r-patched-solaris-sparc 1.3.0 129.90 NOTE
r-patched-solaris-x86 1.3.0 37.20 NOTE
r-release-linux-ix86 1.3.0 0.91 17.58 18.50 NOTE
r-release-linux-x86_64 1.3.0 0.63 11.13 11.76 NOTE
r-release-osx-x86_64-mavericks 1.3.0 NOTE
r-release-windows-ix86+x86_64 1.3.0 2.00 20.00 22.00 NOTE
r-oldrel-windows-ix86+x86_64 1.3.0 2.00 20.00 22.00 NOTE

Check Details

Version: 1.3.0
Check: top-level files
Result: NOTE
    File
     LICENSE
    is not mentioned in the DESCRIPTION file.
    Non-standard file/directory found at top level:
     ‘operator.Rproj’
Flavors: r-devel-linux-x86_64-debian-clang, r-devel-linux-x86_64-debian-gcc, r-devel-linux-x86_64-fedora-clang, r-devel-linux-x86_64-fedora-gcc, r-patched-linux-x86_64, r-release-linux-x86_64

Version: 1.3.0
Check: top-level files
Result: NOTE
    File
     LICENSE
    is not mentioned in the DESCRIPTION file.
Flavors: r-devel-osx-x86_64-clang, r-devel-windows-ix86+x86_64, r-patched-solaris-sparc, r-patched-solaris-x86, r-release-linux-ix86, r-release-osx-x86_64-mavericks, r-release-windows-ix86+x86_64, r-oldrel-windows-ix86+x86_64