CRAN Package Check Results for Package operator.tools

Last updated on 2014-12-22 13:48:01.

Flavor Version Tinstall Tcheck Ttotal Status Flags
r-devel-linux-x86_64-debian-clang 1.3.0 0.62 11.85 12.47 NOTE
r-devel-linux-x86_64-debian-gcc 1.3.0 0.65 11.23 11.88 NOTE
r-devel-linux-x86_64-fedora-clang 1.3.0 26.50 NOTE
r-devel-linux-x86_64-fedora-gcc 1.3.0 24.34 NOTE
r-devel-osx-x86_64-clang 1.3.0 28.29 NOTE
r-devel-windows-ix86+x86_64 1.3.0 3.00 20.00 23.00 NOTE
r-patched-linux-x86_64 1.3.0 0.63 11.56 12.19 NOTE
r-patched-solaris-sparc 1.3.0 147.40 NOTE
r-patched-solaris-x86 1.3.0 36.90 NOTE
r-release-linux-ix86 1.3.0 0.91 17.74 18.66 NOTE
r-release-linux-x86_64 1.3.0 0.67 11.42 12.10 NOTE
r-release-osx-x86_64-mavericks 1.3.0 NOTE
r-release-windows-ix86+x86_64 1.3.0 3.00 20.00 23.00 NOTE
r-oldrel-windows-ix86+x86_64 1.3.0 3.00 20.00 23.00 NOTE

Check Details

Version: 1.3.0
Check: top-level files
Result: NOTE
    File
     LICENSE
    is not mentioned in the DESCRIPTION file.
    Non-standard file/directory found at top level:
     ‘operator.Rproj’
Flavors: r-devel-linux-x86_64-debian-clang, r-devel-linux-x86_64-debian-gcc, r-devel-linux-x86_64-fedora-clang, r-devel-linux-x86_64-fedora-gcc, r-patched-linux-x86_64, r-release-linux-x86_64

Version: 1.3.0
Check: top-level files
Result: NOTE
    File
     LICENSE
    is not mentioned in the DESCRIPTION file.
Flavors: r-devel-osx-x86_64-clang, r-devel-windows-ix86+x86_64, r-patched-solaris-sparc, r-patched-solaris-x86, r-release-linux-ix86, r-release-osx-x86_64-mavericks, r-release-windows-ix86+x86_64, r-oldrel-windows-ix86+x86_64