CRAN Package Check Results for Package operator.tools

Last updated on 2016-12-09 23:49:46.

Flavor Version Tinstall Tcheck Ttotal Status Flags
r-devel-linux-x86_64-debian-clang 1.4.4 0.77 12.71 13.48 NOTE
r-devel-linux-x86_64-debian-gcc 1.4.4 0.70 12.25 12.95 NOTE
r-devel-linux-x86_64-fedora-clang 1.4.4 23.41 NOTE --no-stop-on-test-error
r-devel-linux-x86_64-fedora-gcc 1.4.4 21.99 NOTE --no-stop-on-test-error
r-devel-macos-x86_64-clang 1.4.4 20.57 NOTE --no-stop-on-test-error
r-devel-windows-ix86+x86_64 1.4.4 3.00 29.00 32.00 NOTE
r-patched-linux-x86_64 1.4.4 0.61 10.71 11.32 NOTE
r-patched-solaris-sparc 1.4.4 118.00 NOTE
r-patched-solaris-x86 1.4.4 27.00 NOTE
r-release-linux-x86_64 1.4.4 0.58 10.62 11.20 NOTE
r-release-osx-x86_64-mavericks 1.4.4 NOTE
r-release-windows-ix86+x86_64 1.4.4 2.00 40.00 42.00 NOTE
r-oldrel-windows-ix86+x86_64 1.4.4 5.00 23.00 28.00 OK

Check Details

Version: 1.4.4
Check: R code for possible problems
Result: NOTE
    fun2name: no visible global function definition for ‘apropos’
    operators: no visible global function definition for ‘apropos’
    setOperators: no visible global function definition for ‘apropos’
    Undefined global functions or variables:
     apropos
    Consider adding
     importFrom("utils", "apropos")
    to your NAMESPACE file.
Flavors: r-devel-linux-x86_64-debian-clang, r-devel-linux-x86_64-debian-gcc, r-devel-windows-ix86+x86_64, r-patched-linux-x86_64, r-patched-solaris-sparc, r-patched-solaris-x86, r-release-linux-x86_64, r-release-osx-x86_64-mavericks, r-release-windows-ix86+x86_64

Version: 1.4.4
Flags: --no-stop-on-test-error
Check: R code for possible problems
Result: NOTE
    fun2name: no visible global function definition for ‘apropos’
    operators: no visible global function definition for ‘apropos’
    setOperators: no visible global function definition for ‘apropos’
    Undefined global functions or variables:
     apropos
    Consider adding
     importFrom("utils", "apropos")
    to your NAMESPACE file.
Flavors: r-devel-linux-x86_64-fedora-clang, r-devel-linux-x86_64-fedora-gcc, r-devel-macos-x86_64-clang