CRAN Package Check Results for Package operator.tools

Last updated on 2015-04-26 12:46:35.

Flavor Version Tinstall Tcheck Ttotal Status Flags
r-devel-linux-x86_64-debian-clang 1.3.0 0.58 10.92 11.50 NOTE
r-devel-linux-x86_64-debian-gcc 1.3.0 0.57 11.19 11.76 NOTE
r-devel-linux-x86_64-fedora-clang 1.3.0 22.42 NOTE
r-devel-linux-x86_64-fedora-gcc 1.3.0 21.18 NOTE
r-devel-osx-x86_64-clang 1.3.0 27.18 NOTE
r-devel-windows-ix86+x86_64 1.3.0 4.00 19.00 23.00 NOTE
r-patched-linux-x86_64 1.3.0 0.58 10.74 11.33 NOTE
r-patched-solaris-sparc 1.3.0 151.00 NOTE
r-patched-solaris-x86 1.3.0 32.50 NOTE
r-release-linux-x86_64 1.3.0 0.62 11.71 12.32 NOTE
r-release-osx-x86_64-mavericks 1.3.0 NOTE
r-release-osx-x86_64-snowleopard 1.3.0 NOTE
r-release-windows-ix86+x86_64 1.3.0 2.00 20.00 22.00 NOTE
r-oldrel-windows-ix86+x86_64 1.3.0 2.00 18.00 20.00 NOTE

Check Details

Version: 1.3.0
Check: DESCRIPTION meta-information
Result: NOTE
    Malformed Description field: should contain one or more complete sentences.
Flavors: r-devel-linux-x86_64-fedora-clang, r-devel-linux-x86_64-fedora-gcc, r-devel-osx-x86_64-clang, r-devel-windows-ix86+x86_64, r-patched-solaris-sparc, r-patched-solaris-x86, r-release-osx-x86_64-mavericks, r-release-windows-ix86+x86_64

Version: 1.3.0
Check: top-level files
Result: NOTE
    File
     LICENSE
    is not mentioned in the DESCRIPTION file.
    Non-standard file/directory found at top level:
     ‘operator.Rproj’
Flavors: r-devel-linux-x86_64-fedora-clang, r-devel-linux-x86_64-fedora-gcc

Version: 1.3.0
Check: S3 generic/method consistency
Result: NOTE
    Found the following apparent S3 methods exported but not registered:
     as.operator.character as.operator.function as.operator.name
     can.operator.character can.operator.default can.operator.function
     can.operator.name inverse.function inverse.name is.operator.default
     is.operator.function is.operator.name operator.type.function
     operator.type.name rel.type.call rel.type.expression
     rel.type.function rel.type.name
    See section ‘Registering S3 methods’ in the ‘Writing R Extensions’
    manual.
Flavors: r-devel-linux-x86_64-fedora-clang, r-devel-linux-x86_64-fedora-gcc, r-devel-osx-x86_64-clang, r-patched-solaris-x86

Version: 1.3.0
Check: top-level files
Result: NOTE
    File
     LICENSE
    is not mentioned in the DESCRIPTION file.
Flavors: r-devel-osx-x86_64-clang, r-devel-windows-ix86+x86_64, r-patched-solaris-sparc, r-patched-solaris-x86, r-release-osx-x86_64-mavericks, r-release-windows-ix86+x86_64, r-oldrel-windows-ix86+x86_64