CRAN Package Check Results for Package operator.tools

Last updated on 2014-11-24 08:49:05.

Flavor Version Tinstall Tcheck Ttotal Status Flags
r-devel-linux-x86_64-debian-clang 1.3.0 0.62 11.07 11.68 NOTE
r-devel-linux-x86_64-debian-gcc 1.3.0 0.61 11.92 12.52 NOTE
r-devel-linux-x86_64-fedora-clang 1.3.0 27.07 NOTE
r-devel-linux-x86_64-fedora-gcc 1.3.0 23.67 NOTE
r-devel-osx-x86_64-clang 1.3.0 29.16 NOTE
r-devel-windows-ix86+x86_64 1.3.0 2.00 21.00 23.00 NOTE
r-patched-linux-x86_64 1.3.0 0.62 11.39 12.01 NOTE
r-patched-solaris-sparc 1.3.0 129.90 NOTE
r-patched-solaris-x86 1.3.0 37.40 NOTE
r-release-linux-ix86 1.3.0 1.04 17.60 18.64 NOTE
r-release-linux-x86_64 1.3.0 0.63 11.26 11.89 NOTE
r-release-osx-x86_64-mavericks 1.3.0 NOTE
r-release-windows-ix86+x86_64 1.3.0 3.00 22.00 25.00 NOTE
r-oldrel-windows-ix86+x86_64 1.3.0 2.00 19.00 21.00 NOTE

Check Details

Version: 1.3.0
Check: top-level files
Result: NOTE
    File
     LICENSE
    is not mentioned in the DESCRIPTION file.
    Non-standard file/directory found at top level:
     ‘operator.Rproj’
Flavors: r-devel-linux-x86_64-debian-clang, r-devel-linux-x86_64-debian-gcc, r-devel-linux-x86_64-fedora-clang, r-devel-linux-x86_64-fedora-gcc, r-patched-linux-x86_64, r-release-linux-x86_64

Version: 1.3.0
Check: top-level files
Result: NOTE
    File
     LICENSE
    is not mentioned in the DESCRIPTION file.
Flavors: r-devel-osx-x86_64-clang, r-devel-windows-ix86+x86_64, r-patched-solaris-sparc, r-patched-solaris-x86, r-release-linux-ix86, r-release-osx-x86_64-mavericks, r-release-windows-ix86+x86_64, r-oldrel-windows-ix86+x86_64