CRAN Package Check Results for Package operator.tools

Last updated on 2017-03-28 06:48:03.

Flavor Version Tinstall Tcheck Ttotal Status Flags
r-devel-linux-x86_64-debian-clang 1.6.3 0.70 13.35 14.05 OK
r-devel-linux-x86_64-debian-gcc 1.6.3 0.71 13.32 14.03 OK
r-devel-linux-x86_64-fedora-clang 1.6.3 23.44 OK --no-stop-on-test-error
r-devel-linux-x86_64-fedora-gcc 1.6.3 22.71 OK --no-stop-on-test-error
r-devel-macos-x86_64-clang 1.6.3 21.41 OK --no-stop-on-test-error
r-devel-windows-ix86+x86_64 1.6.3 4.00 39.00 43.00 OK
r-patched-linux-x86_64 1.6.3 0.75 13.31 14.06 OK
r-patched-solaris-sparc 1.6.3 142.90 OK
r-patched-solaris-x86 1.6.3 35.90 OK
r-release-linux-x86_64 1.6.3 0.56 10.49 11.05 OK
r-release-osx-x86_64-mavericks 1.6.3 OK
r-release-windows-ix86+x86_64 1.6.3 3.00 30.00 33.00 OK
r-oldrel-windows-ix86+x86_64 1.6.3 1.00 1.00 2.00 ERROR

Check Details

Version: 1.6.3
Check: package dependencies
Result: ERROR
    Package required and available but unsuitable version: 'utils'
    
    See section 'The DESCRIPTION file' in the 'Writing R Extensions'
    manual.
Flavor: r-oldrel-windows-ix86+x86_64