CRAN Package Check Results for Package operator.tools

Last updated on 2016-07-24 21:50:44.

Flavor Version Tinstall Tcheck Ttotal Status Flags
r-devel-linux-x86_64-debian-clang 1.4.4 0.88 12.53 13.40 NOTE
r-devel-linux-x86_64-debian-gcc 1.4.4 0.66 12.35 13.02 NOTE
r-devel-linux-x86_64-fedora-gcc 1.4.4 16.59 NOTE
r-devel-osx-x86_64-clang 1.4.4 16.79 NOTE
r-devel-windows-ix86+x86_64 1.4.4 3.00 27.00 30.00 NOTE
r-patched-linux-x86_64 1.4.4 0.67 12.58 13.25 NOTE
r-patched-solaris-sparc 1.4.4 118.00 NOTE
r-patched-solaris-x86 1.4.4 27.20 NOTE
r-release-linux-x86_64 1.4.4 0.66 12.15 12.81 NOTE
r-release-osx-x86_64-mavericks 1.4.4 NOTE
r-release-windows-ix86+x86_64 1.4.4 3.00 28.00 31.00 NOTE
r-oldrel-windows-ix86+x86_64 1.4.4 4.00 26.00 30.00 OK

Check Details

Version: 1.4.4
Check: R code for possible problems
Result: NOTE
    fun2name: no visible global function definition for ‘apropos’
    operators: no visible global function definition for ‘apropos’
    setOperators: no visible global function definition for ‘apropos’
    Undefined global functions or variables:
     apropos
    Consider adding
     importFrom("utils", "apropos")
    to your NAMESPACE file.
Flavors: r-devel-linux-x86_64-debian-clang, r-devel-linux-x86_64-debian-gcc, r-devel-linux-x86_64-fedora-clang, r-devel-linux-x86_64-fedora-gcc, r-devel-osx-x86_64-clang, r-devel-windows-ix86+x86_64, r-patched-linux-x86_64, r-patched-solaris-sparc, r-patched-solaris-x86, r-release-linux-x86_64, r-release-osx-x86_64-mavericks, r-release-windows-ix86+x86_64