CRAN Package Check Results for Package operator.tools

Last updated on 2015-07-07 23:47:55.

Flavor Version Tinstall Tcheck Ttotal Status Flags
r-devel-linux-x86_64-debian-clang 1.4.4 0.56 9.80 10.36 NOTE
r-devel-linux-x86_64-debian-gcc 1.4.4 0.56 9.70 10.27 NOTE
r-devel-linux-x86_64-fedora-clang 1.4.4 20.94 NOTE
r-devel-linux-x86_64-fedora-gcc 1.4.4 18.52 NOTE
r-devel-osx-x86_64-clang 1.4.4 20.45 OK
r-devel-windows-ix86+x86_64 1.4.4 5.00 19.00 24.00 NOTE
r-patched-linux-x86_64 1.4.4 0.58 10.06 10.64 OK
r-patched-solaris-sparc 1.4.4 111.30 OK
r-patched-solaris-x86 1.4.4 32.20 OK
r-release-linux-x86_64 1.4.4 0.58 10.08 10.66 OK
r-release-osx-x86_64-mavericks 1.4.4 OK
r-release-windows-ix86+x86_64 1.4.4 5.00 18.00 23.00 OK
r-oldrel-windows-ix86+x86_64 1.4.4 3.00 33.00 36.00 OK

Check Details

Version: 1.4.4
Check: R code for possible problems
Result: NOTE
    fun2name: no visible global function definition for ‘apropos’
    operators: no visible global function definition for ‘apropos’
    setOperators: no visible global function definition for ‘apropos’
    Undefined global functions or variables:
     apropos
Flavors: r-devel-linux-x86_64-debian-clang, r-devel-linux-x86_64-debian-gcc, r-devel-linux-x86_64-fedora-clang, r-devel-linux-x86_64-fedora-gcc, r-devel-windows-ix86+x86_64