CRAN Package Check Results for Package operator.tools

Last updated on 2015-08-03 23:47:59.

Flavor Version Tinstall Tcheck Ttotal Status Flags
r-devel-linux-x86_64-debian-clang 1.4.4 0.58 9.99 10.57 NOTE
r-devel-linux-x86_64-debian-gcc 1.4.4 0.56 9.97 10.54 NOTE
r-devel-linux-x86_64-fedora-clang 1.4.4 20.09 NOTE
r-devel-linux-x86_64-fedora-gcc 1.4.4 18.99 NOTE
r-devel-osx-x86_64-clang 1.4.4 20.56 OK
r-devel-windows-ix86+x86_64 1.4.4 3.00 32.00 35.00 NOTE
r-patched-linux-x86_64 1.4.4 0.58 10.20 10.78 OK
r-patched-solaris-sparc 1.4.4 136.70 OK
r-patched-solaris-x86 1.4.4 32.00 OK
r-release-linux-x86_64 1.4.4 0.61 10.22 10.83 OK
r-release-osx-x86_64-mavericks 1.4.4 OK
r-release-windows-ix86+x86_64 1.4.4 4.00 32.00 36.00 OK
r-oldrel-windows-ix86+x86_64 1.4.4 4.00 34.00 38.00 OK

Check Details

Version: 1.4.4
Check: R code for possible problems
Result: NOTE
    fun2name: no visible global function definition for ‘apropos’
    operators: no visible global function definition for ‘apropos’
    setOperators: no visible global function definition for ‘apropos’
    Undefined global functions or variables:
     apropos
    Consider adding
     importFrom("utils", "apropos")
    to your NAMESPACE.
Flavors: r-devel-linux-x86_64-debian-clang, r-devel-linux-x86_64-debian-gcc, r-devel-linux-x86_64-fedora-clang, r-devel-linux-x86_64-fedora-gcc, r-devel-windows-ix86+x86_64