CRAN Package Check Results for Package operator.tools

Last updated on 2015-03-30 00:48:26.

Flavor Version Tinstall Tcheck Ttotal Status Flags
r-devel-linux-x86_64-debian-clang 1.3.0 0.60 10.81 11.41 NOTE
r-devel-linux-x86_64-debian-gcc 1.3.0 0.58 10.65 11.23 NOTE
r-devel-linux-x86_64-fedora-clang 1.3.0 22.22 NOTE
r-devel-linux-x86_64-fedora-gcc 1.3.0 23.33 NOTE
r-devel-osx-x86_64-clang 1.3.0 30.47 NOTE
r-prerel-windows-ix86+x86_64 1.3.0 3.00 18.00 21.00 NOTE
r-prerel-linux-x86_64 1.3.0 0.71 10.92 11.63 NOTE
r-prerel-solaris-sparc 1.3.0 151.00 NOTE
r-prerel-solaris-x86 1.3.0 32.20 NOTE
r-release-linux-x86_64 1.3.0 0.68 12.45 13.13 NOTE
r-release-osx-x86_64-mavericks 1.3.0 NOTE
r-release-windows-ix86+x86_64 1.3.0 3.00 19.00 22.00 NOTE
r-oldrel-windows-ix86+x86_64 1.3.0 3.00 31.00 34.00 NOTE

Check Details

Version: 1.3.0
Check: DESCRIPTION meta-information
Result: NOTE
    Malformed Description field: should contain one or more complete sentences.
Flavors: r-devel-linux-x86_64-debian-clang, r-devel-linux-x86_64-debian-gcc, r-devel-linux-x86_64-fedora-clang, r-devel-linux-x86_64-fedora-gcc, r-devel-osx-x86_64-clang, r-prerel-windows-ix86+x86_64, r-prerel-linux-x86_64, r-prerel-solaris-sparc, r-prerel-solaris-x86

Version: 1.3.0
Check: top-level files
Result: NOTE
    File
     LICENSE
    is not mentioned in the DESCRIPTION file.
    Non-standard file/directory found at top level:
     ‘operator.Rproj’
Flavors: r-devel-linux-x86_64-debian-clang, r-devel-linux-x86_64-debian-gcc, r-devel-linux-x86_64-fedora-clang, r-devel-linux-x86_64-fedora-gcc, r-prerel-linux-x86_64, r-release-linux-x86_64

Version: 1.3.0
Check: S3 generic/method consistency
Result: NOTE
    Found the following apparent S3 methods exported but not registered:
     as.operator.character as.operator.function as.operator.name
     can.operator.character can.operator.default can.operator.function
     can.operator.name inverse.function inverse.name is.operator.default
     is.operator.function is.operator.name operator.type.function
     operator.type.name rel.type.call rel.type.expression
     rel.type.function rel.type.name
    See section ‘Registering S3 methods’ in the ‘Writing R Extensions’
    manual.
Flavors: r-devel-linux-x86_64-debian-clang, r-devel-linux-x86_64-debian-gcc, r-devel-linux-x86_64-fedora-clang, r-devel-linux-x86_64-fedora-gcc, r-devel-osx-x86_64-clang, r-prerel-linux-x86_64

Version: 1.3.0
Check: top-level files
Result: NOTE
    File
     LICENSE
    is not mentioned in the DESCRIPTION file.
Flavors: r-devel-osx-x86_64-clang, r-prerel-windows-ix86+x86_64, r-prerel-solaris-sparc, r-prerel-solaris-x86, r-release-osx-x86_64-mavericks, r-release-windows-ix86+x86_64, r-oldrel-windows-ix86+x86_64