CRAN Package Check Results for Package operator.tools

Last updated on 2016-02-09 16:47:04.

Flavor Version Tinstall Tcheck Ttotal Status Flags
r-devel-linux-x86_64-debian-gcc 1.4.4 0.61 9.41 10.02 NOTE
r-devel-linux-x86_64-fedora-clang 1.4.4 18.09 NOTE
r-devel-linux-x86_64-fedora-gcc 1.4.4 16.81 NOTE
r-devel-osx-x86_64-clang 1.4.4 21.27 NOTE
r-devel-windows-ix86+x86_64 1.4.4 4.00 28.00 32.00 NOTE
r-patched-linux-x86_64 1.4.4 0.67 9.92 10.59 OK
r-patched-solaris-sparc 1.4.4 116.00 OK
r-patched-solaris-x86 1.4.4 27.80 OK
r-release-linux-x86_64 1.4.4 0.63 10.16 10.79 OK
r-release-osx-x86_64-mavericks 1.4.4 OK
r-release-windows-ix86+x86_64 1.4.4 4.00 18.00 22.00 OK
r-oldrel-windows-ix86+x86_64 1.4.4 4.00 24.00 28.00 OK

Check Details

Version: 1.4.4
Check: R code for possible problems
Result: NOTE
    fun2name: no visible global function definition for ‘apropos’
    operators: no visible global function definition for ‘apropos’
    setOperators: no visible global function definition for ‘apropos’
    Undefined global functions or variables:
     apropos
    Consider adding
     importFrom("utils", "apropos")
    to your NAMESPACE file.
Flavors: r-devel-linux-x86_64-debian-gcc, r-devel-linux-x86_64-fedora-clang, r-devel-linux-x86_64-fedora-gcc, r-devel-osx-x86_64-clang, r-devel-windows-ix86+x86_64