CRAN Package Check Results for Package operators

Last updated on 2015-03-05 16:47:03.

Flavor Version Tinstall Tcheck Ttotal Status Flags
r-devel-linux-x86_64-debian-clang 0.1-7 0.72 9.84 10.55 OK
r-devel-linux-x86_64-debian-gcc 0.1-7 0.61 9.86 10.47 OK
r-devel-linux-x86_64-fedora-clang 0.1-7 19.92 OK
r-devel-linux-x86_64-fedora-gcc 0.1-7 19.14 OK
r-devel-osx-x86_64-clang 0.1-7 24.05 OK
r-devel-windows-ix86+x86_64 0.1-7 2.00 17.00 19.00 OK
r-patched-linux-x86_64 0.1-7 0.69 10.88 11.57 OK
r-patched-solaris-sparc 0.1-7 154.60 OK
r-patched-solaris-x86 0.1-7 32.40 OK
r-release-linux-ix86 0.1-7 0.91 16.98 17.89 OK
r-release-linux-x86_64 0.1-7 0.68 10.69 11.37 OK
r-release-osx-x86_64-mavericks 0.1-7 OK
r-release-osx-x86_64-snowleopard 0.1-7 OK
r-release-windows-ix86+x86_64 0.1-7 3.00 19.00 22.00 OK
r-oldrel-windows-ix86+x86_64 0.1-6 3.00 19.00 22.00 NOTE

Check Details

Version: 0.1-6
Check: dependencies in R code
Result: NOTE
    ':::' calls which should be '::':
     'base:::options' 'base:::regexpr' 'base:::strsplit'
     See the note in ?`:::` about the use of this operator.
    See the information on DESCRIPTION files in the chapter 'Creating R
    packages' of the 'Writing R Extensions' manual.
Flavor: r-oldrel-windows-ix86+x86_64

Version: 0.1-6
Check: R code for possible problems
Result: NOTE
    %+=%.default: warning in eval(parse(text = command), env =
     parent.frame(1)): partial argument match of 'env' to 'envir'
Flavor: r-oldrel-windows-ix86+x86_64