CRAN Package Check Results for Package operators

Last updated on 2014-04-24 11:48:51.

Flavor Version Tinstall Tcheck Ttotal Status Flags
r-devel-linux-x86_64-debian-clang 0.1-6 0.68 10.36 11.04 NOTE
r-devel-linux-x86_64-debian-gcc 0.1-6 0.66 10.66 11.33 NOTE
r-devel-linux-x86_64-fedora-clang 0.1-6 21.99 NOTE
r-devel-linux-x86_64-fedora-gcc 0.1-6 21.19 NOTE
r-devel-osx-x86_64-clang 0.1-6 23.10 NOTE
r-devel-osx-x86_64-gcc 0.1-6 NOTE
r-devel-windows-ix86+x86_64 0.1-6 2.00 18.00 20.00 NOTE
r-patched-linux-x86_64 0.1-6 0.68 10.46 11.14 NOTE
r-patched-solaris-sparc 0.1-6 144.10 NOTE
r-patched-solaris-x86 0.1-6 32.70 NOTE
r-release-linux-ix86 0.1-6 1.00 24.00 25.00 NOTE
r-release-linux-x86_64 0.1-6 0.67 10.41 11.08 NOTE
r-release-osx-x86_64-mavericks 0.1-6 WARN
r-release-windows-ix86+x86_64 0.1-6 4.00 25.00 29.00 NOTE
r-oldrel-windows-ix86+x86_64 0.1-6 3.00 19.00 22.00 NOTE

Check Details

Version: 0.1-6
Check: dependencies in R code
Result: NOTE
    ':::' calls which should be '::':
     ‘base:::options’ ‘base:::regexpr’ ‘base:::strsplit’
     See the note in ?`:::` about the use of this operator.
    See the information on DESCRIPTION files in the chapter ‘Creating R
    packages’ of the ‘Writing R Extensions’ manual.
Flavors: r-devel-linux-x86_64-debian-clang, r-devel-linux-x86_64-debian-gcc, r-devel-linux-x86_64-fedora-clang, r-devel-linux-x86_64-fedora-gcc, r-devel-osx-x86_64-clang, r-devel-osx-x86_64-gcc, r-devel-windows-ix86+x86_64, r-patched-linux-x86_64, r-patched-solaris-sparc, r-patched-solaris-x86, r-release-linux-ix86, r-release-linux-x86_64, r-release-osx-x86_64-mavericks, r-release-windows-ix86+x86_64, r-oldrel-windows-ix86+x86_64

Version: 0.1-6
Check: R code for possible problems
Result: NOTE
    %+=%.default: warning in eval(parse(text = command), env =
     parent.frame(1)): partial argument match of 'env' to 'envir'
Flavors: r-devel-linux-x86_64-debian-clang, r-devel-linux-x86_64-debian-gcc, r-devel-linux-x86_64-fedora-clang, r-devel-linux-x86_64-fedora-gcc, r-devel-osx-x86_64-clang, r-devel-osx-x86_64-gcc, r-devel-windows-ix86+x86_64, r-patched-linux-x86_64, r-patched-solaris-sparc, r-patched-solaris-x86, r-release-linux-ix86, r-release-linux-x86_64, r-release-osx-x86_64-mavericks, r-release-windows-ix86+x86_64, r-oldrel-windows-ix86+x86_64

Version: 0.1-6
Check: PDF version of manual
Result: WARNING
    LaTeX errors when creating PDF version.
    This typically indicates Rd problems.
    LaTeX errors found:
    ! LaTeX Error: File `upquote.sty' not found.
    
    Type X to quit or <RETURN> to proceed,
    or enter new name. (Default extension: sty)
    
    214044/Rd2.tex:8: ==> Fatal error occurred, no output PDF file produced!
Flavor: r-release-osx-x86_64-mavericks