CRAN Package Check Results for Package operators

Last updated on 2014-08-29 19:48:15.

Flavor Version Tinstall Tcheck Ttotal Status Flags
r-devel-linux-x86_64-debian-clang 0.1-6 0.63 9.80 10.43 NOTE
r-devel-linux-x86_64-debian-gcc 0.1-6 0.62 9.73 10.36 NOTE
r-devel-linux-x86_64-fedora-clang 0.1-6 21.53 NOTE
r-devel-linux-x86_64-fedora-gcc 0.1-6 19.54 NOTE
r-devel-osx-x86_64-clang 0.1-6 23.31 NOTE
r-devel-windows-ix86+x86_64 0.1-6 3.00 19.00 22.00 NOTE
r-patched-linux-x86_64 0.1-6 0.64 10.87 11.51 NOTE
r-patched-solaris-sparc 0.1-6 122.40 NOTE
r-patched-solaris-x86 0.1-6 32.30 NOTE
r-release-linux-ix86 0.1-6 0.94 16.37 17.32 NOTE
r-release-linux-x86_64 0.1-6 0.65 10.49 11.14 NOTE
r-release-osx-x86_64-mavericks 0.1-6 NOTE
r-release-windows-ix86+x86_64 0.1-6 3.00 18.00 21.00 NOTE
r-oldrel-windows-ix86+x86_64 0.1-6 3.00 19.00 22.00 NOTE

Check Details

Version: 0.1-6
Check: dependencies in R code
Result: NOTE
    ':::' calls which should be '::':
     ‘base:::options’ ‘base:::regexpr’ ‘base:::strsplit’
     See the note in ?`:::` about the use of this operator.
    See the information on DESCRIPTION files in the chapter ‘Creating R
    packages’ of the ‘Writing R Extensions’ manual.
Flavors: r-devel-linux-x86_64-debian-clang, r-devel-linux-x86_64-debian-gcc, r-devel-linux-x86_64-fedora-clang, r-devel-linux-x86_64-fedora-gcc, r-devel-osx-x86_64-clang, r-devel-windows-ix86+x86_64, r-patched-linux-x86_64, r-patched-solaris-sparc, r-patched-solaris-x86, r-release-linux-ix86, r-release-linux-x86_64, r-release-osx-x86_64-mavericks, r-release-windows-ix86+x86_64, r-oldrel-windows-ix86+x86_64

Version: 0.1-6
Check: R code for possible problems
Result: NOTE
    %+=%.default: warning in eval(parse(text = command), env =
     parent.frame(1)): partial argument match of 'env' to 'envir'
Flavors: r-devel-linux-x86_64-debian-clang, r-devel-linux-x86_64-debian-gcc, r-devel-linux-x86_64-fedora-clang, r-devel-linux-x86_64-fedora-gcc, r-devel-osx-x86_64-clang, r-devel-windows-ix86+x86_64, r-patched-linux-x86_64, r-patched-solaris-sparc, r-patched-solaris-x86, r-release-linux-ix86, r-release-linux-x86_64, r-release-osx-x86_64-mavericks, r-release-windows-ix86+x86_64, r-oldrel-windows-ix86+x86_64