CRAN Package Check Results for Package operators

Last updated on 2015-07-03 09:47:07.

Flavor Version Tinstall Tcheck Ttotal Status Flags
r-devel-linux-x86_64-debian-clang 0.1-7 0.58 9.60 10.18 ERROR
r-devel-linux-x86_64-debian-gcc 0.1-7 0.58 9.44 10.03 ERROR
r-devel-linux-x86_64-fedora-clang 0.1-7 19.89 ERROR
r-devel-linux-x86_64-fedora-gcc 0.1-7 17.95 ERROR
r-devel-osx-x86_64-clang 0.1-7 21.09 ERROR
r-devel-windows-ix86+x86_64 0.1-7 2.00 19.00 21.00 ERROR
r-patched-linux-x86_64 0.1-7 0.60 9.54 10.15 ERROR
r-patched-solaris-sparc 0.1-7 148.10 ERROR
r-patched-solaris-x86 0.1-7 31.10 ERROR
r-release-linux-x86_64 0.1-7 0.77 9.66 10.42 ERROR
r-release-osx-x86_64-mavericks 0.1-7 OK
r-release-windows-ix86+x86_64 0.1-7 3.00 19.00 22.00 ERROR
r-oldrel-windows-ix86+x86_64 0.1-7 3.00 24.00 27.00 ERROR

Check Details

Version: 0.1-7
Check: R code for possible problems
Result: NOTE
    ..redirect: no visible global function definition for ‘capture.output’
    Undefined global functions or variables:
     capture.output
Flavors: r-devel-linux-x86_64-debian-clang, r-devel-linux-x86_64-debian-gcc, r-devel-linux-x86_64-fedora-clang, r-devel-linux-x86_64-fedora-gcc, r-devel-windows-ix86+x86_64

Version: 0.1-7
Check: tests
Result: ERROR
    Running the tests in ‘tests/testthat.R’ failed.
    Last 13 lines of output:
    
     1. Failure (at test-but.R#24): but operators work ------------------------------
     class(test) not equal to "try-error"
     1 string mismatches:
     x[1]: "try-error"
     y[1]: "function"
    
     testthat results ================================================================
     OK: 51 SKIPPED: 0 FAILED: 1
     1. Failure (at test-but.R#24): but operators work
    
     Error: testthat unit tests failed
     Execution halted
Flavors: r-devel-linux-x86_64-debian-clang, r-devel-linux-x86_64-debian-gcc, r-devel-linux-x86_64-fedora-clang, r-devel-linux-x86_64-fedora-gcc, r-devel-osx-x86_64-clang, r-devel-windows-ix86+x86_64, r-patched-linux-x86_64, r-patched-solaris-sparc, r-patched-solaris-x86, r-release-linux-x86_64, r-release-windows-ix86+x86_64, r-oldrel-windows-ix86+x86_64