CRAN Package Check Results for Package operators

Last updated on 2014-09-30 19:47:38.

Flavor Version Tinstall Tcheck Ttotal Status Flags
r-devel-linux-x86_64-debian-clang 0.1-7 0.73 10.80 11.52 OK
r-devel-linux-x86_64-debian-gcc 0.1-7 0.64 10.29 10.94 OK
r-devel-linux-x86_64-fedora-clang 0.1-7 21.65 OK
r-devel-linux-x86_64-fedora-gcc 0.1-7 19.78 OK
r-devel-osx-x86_64-clang 0.1-7 24.25 OK
r-devel-windows-ix86+x86_64 0.1-7 3.00 19.00 22.00 OK
r-patched-linux-x86_64 0.1-7 0.73 10.60 11.33 OK
r-patched-solaris-sparc 0.1-7 118.70 OK
r-patched-solaris-x86 0.1-7 34.00 OK
r-release-linux-ix86 0.1-7 0.93 16.56 17.49 OK
r-release-linux-x86_64 0.1-7 0.66 10.24 10.90 OK
r-release-osx-x86_64-mavericks 0.1-7 OK
r-release-osx-x86_64-snowleopard 0.1-7 OK
r-release-windows-ix86+x86_64 0.1-7 2.00 19.00 21.00 OK
r-oldrel-windows-ix86+x86_64 0.1-6 3.00 19.00 22.00 NOTE

Check Details

Version: 0.1-6
Check: dependencies in R code
Result: NOTE
    ':::' calls which should be '::':
     'base:::options' 'base:::regexpr' 'base:::strsplit'
     See the note in ?`:::` about the use of this operator.
    See the information on DESCRIPTION files in the chapter 'Creating R
    packages' of the 'Writing R Extensions' manual.
Flavor: r-oldrel-windows-ix86+x86_64

Version: 0.1-6
Check: R code for possible problems
Result: NOTE
    %+=%.default: warning in eval(parse(text = command), env =
     parent.frame(1)): partial argument match of 'env' to 'envir'
Flavor: r-oldrel-windows-ix86+x86_64