CRAN Package Check Results for Package opm

Last updated on 2014-09-16 05:48:27.

Flavor Version Tinstall Tcheck Ttotal Status Flags
r-devel-linux-x86_64-debian-clang 1.1.0 8.98 152.18 161.16 NOTE
r-devel-linux-x86_64-debian-gcc 1.1.0 8.73 151.56 160.29 NOTE
r-devel-linux-x86_64-fedora-clang 1.1.0 355.08 NOTE
r-devel-linux-x86_64-fedora-gcc 1.1.0 328.26 NOTE
r-devel-osx-x86_64-clang 1.1.0 298.38 NOTE
r-devel-windows-ix86+x86_64 1.1.0 22.00 173.00 195.00 NOTE
r-patched-linux-x86_64 1.1.0 9.14 152.28 161.42 NOTE
r-patched-solaris-sparc 1.1.0 1498.00 NOTE --no-vignettes
r-patched-solaris-x86 1.1.0 337.40 NOTE --no-vignettes
r-release-linux-ix86 1.1.0 11.96 261.31 273.26 NOTE
r-release-linux-x86_64 1.1.0 9.26 164.73 173.99 NOTE
r-release-osx-x86_64-mavericks 1.1.0 NOTE
r-release-osx-x86_64-snowleopard 1.1.0 NOTE
r-release-windows-ix86+x86_64 1.1.0 22.00 209.00 231.00 NOTE
r-oldrel-windows-ix86+x86_64 1.1.0 21.00 201.00 222.00 NOTE

Check Details

Version: 1.1.0
Check: package dependencies
Result: NOTE
    Package suggested but not available for checking: ‘mboostDevel’
Flavors: r-devel-linux-x86_64-debian-clang, r-devel-linux-x86_64-debian-gcc, r-devel-linux-x86_64-fedora-gcc, r-devel-osx-x86_64-clang, r-devel-windows-ix86+x86_64, r-patched-linux-x86_64, r-release-linux-ix86, r-release-linux-x86_64, r-release-windows-ix86+x86_64, r-oldrel-windows-ix86+x86_64

Version: 1.1.0
Check: package dependencies
Result: NOTE
    Packages suggested but not available for checking: ‘pathview’ ‘mboostDevel’
Flavor: r-devel-linux-x86_64-fedora-clang

Version: 1.1.0
Flags: --no-vignettes
Check: package dependencies
Result: NOTE
    Packages suggested but not available for checking: ‘pathview’ ‘mboostDevel’
Flavors: r-patched-solaris-sparc, r-patched-solaris-x86

Version: 1.1.0
Check: package dependencies
Result: NOTE
    Packages suggested but not available for checking:
     ‘KEGGREST’ ‘pathview’ ‘mboostDevel’
Flavors: r-release-osx-x86_64-mavericks, r-release-osx-x86_64-snowleopard