CRAN Package Check Results for Package opm

Last updated on 2014-10-26 07:50:06.

Flavor Version Tinstall Tcheck Ttotal Status Flags
r-devel-linux-x86_64-debian-clang 1.1.0 9.59 156.16 165.75 NOTE
r-devel-linux-x86_64-debian-gcc 1.1.0 10.68 156.27 166.94 NOTE
r-devel-linux-x86_64-fedora-clang 1.1.0 355.04 NOTE
r-devel-linux-x86_64-fedora-gcc 1.1.0 324.40 NOTE
r-devel-osx-x86_64-clang 1.1.0 318.82 NOTE
r-devel-windows-ix86+x86_64 1.1.0 19.00 176.00 195.00 NOTE
r-patched-linux-x86_64 1.1.0 9.12 159.67 168.80 NOTE
r-patched-solaris-sparc 1.1.0 1498.00 NOTE --no-vignettes
r-patched-solaris-x86 1.1.0 333.10 NOTE --no-vignettes
r-release-linux-ix86 1.1.0 12.10 263.53 275.63 NOTE
r-release-linux-x86_64 1.1.0 9.30 166.54 175.84 NOTE
r-release-osx-x86_64-mavericks 1.1.0 NOTE
r-release-osx-x86_64-snowleopard 1.1.0 NOTE
r-release-windows-ix86+x86_64 1.1.0 20.00 204.00 224.00 NOTE
r-oldrel-windows-ix86+x86_64 1.1.0 21.00 191.00 212.00 NOTE

Check Details

Version: 1.1.0
Check: package dependencies
Result: NOTE
    Package suggested but not available for checking: ‘mboostDevel’
Flavors: r-devel-linux-x86_64-debian-clang, r-devel-linux-x86_64-debian-gcc, r-devel-linux-x86_64-fedora-gcc, r-devel-osx-x86_64-clang, r-devel-windows-ix86+x86_64, r-patched-linux-x86_64, r-release-linux-ix86, r-release-linux-x86_64, r-release-windows-ix86+x86_64, r-oldrel-windows-ix86+x86_64

Version: 1.1.0
Check: package dependencies
Result: NOTE
    Packages suggested but not available for checking: ‘pathview’ ‘mboostDevel’
Flavor: r-devel-linux-x86_64-fedora-clang

Version: 1.1.0
Flags: --no-vignettes
Check: package dependencies
Result: NOTE
    Packages suggested but not available for checking: ‘pathview’ ‘mboostDevel’
Flavor: r-patched-solaris-sparc

Version: 1.1.0
Flags: --no-vignettes
Check: package dependencies
Result: NOTE
    Package suggested but not available for checking: ‘mboostDevel’
Flavor: r-patched-solaris-x86

Version: 1.1.0
Check: package dependencies
Result: NOTE
    Packages suggested but not available for checking:
     ‘KEGGREST’ ‘pathview’ ‘mboostDevel’
Flavors: r-release-osx-x86_64-mavericks, r-release-osx-x86_64-snowleopard

Version: 1.1.0
Check: R code for possible problems
Result: NOTE
    Error : .onLoad failed in loadNamespace() for 'org.Hs.eg.db', details:
     call: match.arg(synchronous, c("off", "normal", "full"))
     error: 'arg' must be NULL or a character vector
Flavor: r-oldrel-windows-ix86+x86_64