CRAN Package Check Results for Package opm

Last updated on 2014-07-25 19:50:17.

Flavor Version Tinstall Tcheck Ttotal Status Flags
r-devel-linux-x86_64-debian-clang 1.1.0 9.16 153.00 162.15 NOTE
r-devel-linux-x86_64-debian-gcc 1.1.0 8.89 151.62 160.50 NOTE
r-devel-linux-x86_64-fedora-clang 1.1.0 392.84 NOTE
r-devel-linux-x86_64-fedora-gcc 1.1.0 353.69 NOTE
r-devel-osx-x86_64-clang 1.1.0 321.02 NOTE
r-devel-windows-ix86+x86_64 1.1.0 22.00 205.00 227.00 NOTE
r-patched-linux-x86_64 1.1.0 9.13 149.14 158.26 NOTE
r-patched-solaris-sparc 1.1.0 1320.30 NOTE --no-vignettes
r-patched-solaris-x86 1.1.0 351.10 NOTE --no-vignettes
r-release-linux-ix86 1.1.0 11.10 436.73 447.82 NOTE
r-release-linux-x86_64 1.1.0 9.52 153.45 162.98 NOTE
r-release-osx-x86_64-mavericks 1.1.0 NOTE
r-release-osx-x86_64-snowleopard 1.1.0 NOTE
r-release-windows-ix86+x86_64 1.1.0 22.00 201.00 223.00 NOTE
r-oldrel-windows-ix86+x86_64 1.1.0 22.00 198.00 220.00 NOTE

Check Details

Version: 1.1.0
Check: package dependencies
Result: NOTE
    Package suggested but not available for checking: ‘mboostDevel’
Flavors: r-devel-linux-x86_64-debian-clang, r-devel-linux-x86_64-debian-gcc, r-devel-linux-x86_64-fedora-gcc, r-devel-osx-x86_64-clang, r-devel-windows-ix86+x86_64, r-patched-linux-x86_64, r-release-linux-ix86, r-release-linux-x86_64, r-release-windows-ix86+x86_64, r-oldrel-windows-ix86+x86_64

Version: 1.1.0
Check: package dependencies
Result: NOTE
    Packages suggested but not available for checking: ‘pathview’ ‘mboostDevel’
Flavor: r-devel-linux-x86_64-fedora-clang

Version: 1.1.0
Flags: --no-vignettes
Check: package dependencies
Result: NOTE
    Packages suggested but not available for checking:
     ‘KEGGREST’ ‘pathview’ ‘mboostDevel’
Flavor: r-patched-solaris-sparc

Version: 1.1.0
Flags: --no-vignettes
Check: package dependencies
Result: NOTE
    Packages suggested but not available for checking: ‘pathview’ ‘mboostDevel’
Flavor: r-patched-solaris-x86

Version: 1.1.0
Check: package dependencies
Result: NOTE
    Packages suggested but not available for checking:
     ‘KEGGREST’ ‘pathview’ ‘mboostDevel’
Flavors: r-release-osx-x86_64-mavericks, r-release-osx-x86_64-snowleopard