CRAN Package Check Results for Package opm

Last updated on 2014-08-29 13:48:11.

Flavor Version Tinstall Tcheck Ttotal Status Flags
r-devel-linux-x86_64-debian-clang 1.1.0 8.96 141.36 150.32 NOTE
r-devel-linux-x86_64-debian-gcc 1.1.0 8.52 137.61 146.12 NOTE
r-devel-linux-x86_64-fedora-clang 1.1.0 363.05 NOTE
r-devel-linux-x86_64-fedora-gcc 1.1.0 329.18 NOTE
r-devel-osx-x86_64-clang 1.1.0 300.22 NOTE
r-devel-windows-ix86+x86_64 1.1.0 19.00 186.00 205.00 NOTE
r-patched-linux-x86_64 1.1.0 9.04 151.04 160.08 NOTE
r-patched-solaris-sparc 1.1.0 1498.00 NOTE --no-vignettes
r-patched-solaris-x86 1.1.0 349.30 NOTE --no-vignettes
r-release-linux-ix86 1.1.0 11.14 279.59 290.73 NOTE
r-release-linux-x86_64 1.1.0 9.42 151.35 160.77 NOTE
r-release-osx-x86_64-mavericks 1.1.0 NOTE
r-release-osx-x86_64-snowleopard 1.1.0 NOTE
r-release-windows-ix86+x86_64 1.1.0 21.00 212.00 233.00 NOTE
r-oldrel-windows-ix86+x86_64 1.1.0 22.00 202.00 224.00 NOTE

Check Details

Version: 1.1.0
Check: package dependencies
Result: NOTE
    Package suggested but not available for checking: ‘mboostDevel’
Flavors: r-devel-linux-x86_64-debian-clang, r-devel-linux-x86_64-debian-gcc, r-devel-linux-x86_64-fedora-gcc, r-devel-osx-x86_64-clang, r-devel-windows-ix86+x86_64, r-patched-linux-x86_64, r-release-linux-ix86, r-release-linux-x86_64, r-release-windows-ix86+x86_64, r-oldrel-windows-ix86+x86_64

Version: 1.1.0
Check: package dependencies
Result: NOTE
    Packages suggested but not available for checking: ‘pathview’ ‘mboostDevel’
Flavor: r-devel-linux-x86_64-fedora-clang

Version: 1.1.0
Flags: --no-vignettes
Check: package dependencies
Result: NOTE
    Packages suggested but not available for checking: ‘pathview’ ‘mboostDevel’
Flavors: r-patched-solaris-sparc, r-patched-solaris-x86

Version: 1.1.0
Check: package dependencies
Result: NOTE
    Packages suggested but not available for checking:
     ‘KEGGREST’ ‘pathview’ ‘mboostDevel’
Flavors: r-release-osx-x86_64-mavericks, r-release-osx-x86_64-snowleopard