CRAN Package Check Results for Package opm

Last updated on 2015-01-31 08:49:48.

Flavor Version Tinstall Tcheck Ttotal Status Flags
r-devel-linux-x86_64-debian-clang 1.1.0 10.25 132.49 142.74 NOTE
r-devel-linux-x86_64-debian-gcc 1.1.0 7.47 132.34 139.81 NOTE
r-devel-linux-x86_64-fedora-clang 1.1.0 341.19 NOTE
r-devel-linux-x86_64-fedora-gcc 1.1.0 316.40 NOTE
r-devel-osx-x86_64-clang 1.1.0 325.48 NOTE
r-devel-windows-ix86+x86_64 1.1.0 27.00 161.00 188.00 NOTE
r-patched-linux-x86_64 1.1.0 9.68 157.64 167.32 NOTE
r-patched-solaris-sparc 1.1.0 1496.30 NOTE --no-vignettes
r-patched-solaris-x86 1.1.0 338.20 NOTE --no-vignettes
r-release-linux-ix86 1.1.0 10.99 246.09 257.08 NOTE
r-release-linux-x86_64 1.1.0 9.43 158.41 167.84 NOTE
r-release-osx-x86_64-mavericks 1.1.0 NOTE
r-release-osx-x86_64-snowleopard 1.1.0 NOTE
r-release-windows-ix86+x86_64 1.1.0 23.00 202.00 225.00 NOTE
r-oldrel-windows-ix86+x86_64 1.1.0 23.00 205.00 228.00 NOTE

Check Details

Version: 1.1.0
Check: package dependencies
Result: NOTE
    Packages suggested but not available for checking:
     ‘KEGGREST’ ‘pathview’ ‘mboostDevel’
Flavors: r-devel-linux-x86_64-debian-clang, r-devel-linux-x86_64-debian-gcc, r-release-osx-x86_64-mavericks, r-release-osx-x86_64-snowleopard

Version: 1.1.0
Check: package dependencies
Result: NOTE
    Packages suggested but not available for checking: ‘pathview’ ‘mboostDevel’
Flavor: r-devel-linux-x86_64-fedora-clang

Version: 1.1.0
Check: package dependencies
Result: NOTE
    Package suggested but not available for checking: ‘mboostDevel’
Flavors: r-devel-linux-x86_64-fedora-gcc, r-devel-osx-x86_64-clang, r-devel-windows-ix86+x86_64, r-patched-linux-x86_64, r-release-linux-ix86, r-release-linux-x86_64, r-release-windows-ix86+x86_64, r-oldrel-windows-ix86+x86_64

Version: 1.1.0
Flags: --no-vignettes
Check: package dependencies
Result: NOTE
    Packages suggested but not available for checking: ‘pathview’ ‘mboostDevel’
Flavor: r-patched-solaris-sparc

Version: 1.1.0
Flags: --no-vignettes
Check: package dependencies
Result: NOTE
    Package suggested but not available for checking: ‘mboostDevel’
Flavor: r-patched-solaris-x86

Version: 1.1.0
Check: R code for possible problems
Result: NOTE
    Error : .onLoad failed in loadNamespace() for 'org.Hs.eg.db', details:
     call: match.arg(synchronous, c("off", "normal", "full"))
     error: 'arg' must be NULL or a character vector
Flavor: r-oldrel-windows-ix86+x86_64