CRAN Package Check Results for Package opm

Last updated on 2014-04-23 20:47:17.

Flavor Version Tinstall Tcheck Ttotal Status Flags
r-devel-linux-x86_64-debian-clang 1.1.0 9.66 157.92 167.58 NOTE
r-devel-linux-x86_64-debian-gcc 1.1.0 9.48 153.79 163.28 NOTE
r-devel-linux-x86_64-fedora-clang 1.1.0 360.93 NOTE
r-devel-linux-x86_64-fedora-gcc 1.1.0 366.39 NOTE
r-devel-osx-x86_64-clang 1.1.0 207.07 NOTE
r-devel-osx-x86_64-gcc 1.0.24 NOTE
r-devel-windows-ix86+x86_64 1.1.0 19.00 174.00 193.00 NOTE
r-patched-linux-x86_64 1.0.24 8.48 142.60 151.08 OK
r-patched-solaris-sparc 1.1.0 1320.30 NOTE --no-vignettes
r-patched-solaris-x86 1.1.0 267.40 NOTE --no-vignettes
r-release-linux-ix86 1.0.24 13.00 423.00 436.00 OK
r-release-linux-x86_64 1.1.0 9.77 155.44 165.21 NOTE
r-release-osx-x86_64-mavericks 1.1.0 NOTE
r-release-osx-x86_64-snowleopard 1.0.24 ERROR
r-release-windows-ix86+x86_64 1.1.0 19.00 180.00 199.00 NOTE
r-oldrel-windows-ix86+x86_64 1.1.0 19.00 179.00 198.00 NOTE

Check Details

Version: 1.1.0
Check: package dependencies
Result: NOTE
    Package suggested but not available for checking: ‘mboostDevel’
Flavors: r-devel-linux-x86_64-debian-clang, r-devel-linux-x86_64-debian-gcc, r-devel-linux-x86_64-fedora-gcc, r-devel-osx-x86_64-clang, r-devel-windows-ix86+x86_64, r-release-linux-x86_64, r-release-windows-ix86+x86_64, r-oldrel-windows-ix86+x86_64

Version: 1.1.0
Check: package dependencies
Result: NOTE
    Packages suggested but not available for checking:
     ‘KEGGREST’ ‘pathview’ ‘mboostDevel’
Flavors: r-devel-linux-x86_64-fedora-clang, r-release-osx-x86_64-mavericks

Version: 1.0.24
Check: package dependencies
Result: NOTE
    Packages suggested but not available for checking:
     ‘gplots’ ‘opmdata’ ‘multcomp’ ‘KEGGREST’ ‘pathview’
Flavor: r-devel-osx-x86_64-gcc

Version: 1.1.0
Flags: --no-vignettes
Check: package dependencies
Result: NOTE
    Packages suggested but not available for checking:
     ‘KEGGREST’ ‘pathview’ ‘mboostDevel’
Flavors: r-patched-solaris-sparc, r-patched-solaris-x86

Version: 1.0.24
Check: package dependencies
Result: NOTE
    Packages suggested but not available for checking:
     ‘multcomp’ ‘KEGGREST’ ‘pathview’
Flavor: r-release-osx-x86_64-snowleopard

Version: 1.0.24
Check: whether package can be installed
Result: ERROR
    Installation failed.
    See ‘/Volumes/XT3/Builds/R-dev-web/QA/Simon/packages/snowleopard-x86_64/results/3.1/opm.Rcheck/00install.out’ for details.
Flavor: r-release-osx-x86_64-snowleopard