CRAN Package Check Results for Package opm

Last updated on 2014-12-19 23:47:02.

Flavor Version Tinstall Tcheck Ttotal Status Flags
r-devel-linux-x86_64-debian-clang 1.1.0 8.71 154.15 162.86 NOTE
r-devel-linux-x86_64-debian-gcc 1.1.0 8.63 146.32 154.95 NOTE
r-devel-linux-x86_64-fedora-clang 1.1.0 354.33 NOTE
r-devel-linux-x86_64-fedora-gcc 1.1.0 307.28 NOTE
r-devel-osx-x86_64-clang 1.1.0 327.54 NOTE
r-devel-windows-ix86+x86_64 1.1.0 26.00 176.00 202.00 NOTE
r-patched-linux-x86_64 1.1.0 10.65 159.29 169.94 NOTE
r-patched-solaris-sparc 1.1.0 1498.00 NOTE --no-vignettes
r-patched-solaris-x86 1.1.0 330.10 NOTE --no-vignettes
r-release-linux-ix86 1.1.0 11.00 250.39 261.40 NOTE
r-release-linux-x86_64 1.1.0 9.16 160.37 169.54 NOTE
r-release-osx-x86_64-mavericks 1.1.0 NOTE
r-release-osx-x86_64-snowleopard 1.1.0 NOTE
r-release-windows-ix86+x86_64 1.1.0 22.00 196.00 218.00 NOTE
r-oldrel-windows-ix86+x86_64 1.1.0 26.00 193.00 219.00 NOTE

Check Details

Version: 1.1.0
Check: package dependencies
Result: NOTE
    Package suggested but not available for checking: ‘mboostDevel’
Flavors: r-devel-linux-x86_64-debian-clang, r-devel-linux-x86_64-debian-gcc, r-devel-linux-x86_64-fedora-gcc, r-devel-osx-x86_64-clang, r-devel-windows-ix86+x86_64, r-patched-linux-x86_64, r-release-linux-ix86, r-release-linux-x86_64, r-release-windows-ix86+x86_64, r-oldrel-windows-ix86+x86_64

Version: 1.1.0
Check: package dependencies
Result: NOTE
    Packages suggested but not available for checking: ‘pathview’ ‘mboostDevel’
Flavor: r-devel-linux-x86_64-fedora-clang

Version: 1.1.0
Flags: --no-vignettes
Check: package dependencies
Result: NOTE
    Packages suggested but not available for checking: ‘pathview’ ‘mboostDevel’
Flavor: r-patched-solaris-sparc

Version: 1.1.0
Flags: --no-vignettes
Check: package dependencies
Result: NOTE
    Package suggested but not available for checking: ‘mboostDevel’
Flavor: r-patched-solaris-x86

Version: 1.1.0
Check: package dependencies
Result: NOTE
    Packages suggested but not available for checking:
     ‘KEGGREST’ ‘pathview’ ‘mboostDevel’
Flavors: r-release-osx-x86_64-mavericks, r-release-osx-x86_64-snowleopard

Version: 1.1.0
Check: R code for possible problems
Result: NOTE
    Error : .onLoad failed in loadNamespace() for 'org.Hs.eg.db', details:
     call: match.arg(synchronous, c("off", "normal", "full"))
     error: 'arg' must be NULL or a character vector
Flavor: r-oldrel-windows-ix86+x86_64