CRAN Package Check Results for Package oposSOM

Last updated on 2014-04-23 12:48:23.

Flavor Version Tinstall Tcheck Ttotal Status Flags
r-devel-linux-x86_64-debian-clang 0.2-3 6.32 100.94 107.27 OK
r-devel-linux-x86_64-debian-gcc 0.2-3 6.19 87.90 94.08 OK
r-devel-linux-x86_64-fedora-clang 0.2-3 205.54 OK
r-devel-linux-x86_64-fedora-gcc 0.2-3 196.89 OK
r-devel-osx-x86_64-clang 0.2-3 172.79 OK
r-devel-osx-x86_64-gcc 0.2-3 ERROR
r-devel-windows-ix86+x86_64 0.2-3 17.00 129.00 146.00 OK
r-patched-linux-x86_64 0.2-3 5.89 86.13 92.02 OK
r-patched-solaris-sparc 0.2-3 1309.50 OK
r-patched-solaris-x86 0.2-3 309.60 OK
r-release-linux-ix86 0.2-3 9.00 131.00 140.00 OK
r-release-linux-x86_64 0.2-3 5.86 88.00 93.86 OK
r-release-osx-x86_64-mavericks 0.2-3 ERROR
r-release-osx-x86_64-snowleopard 0.2-3 ERROR
r-release-windows-ix86+x86_64 0.2-3 17.00 126.00 143.00 OK
r-oldrel-windows-ix86+x86_64 0.2-3 7.00 79.00 86.00 OK

Check Details

Version: 0.2-3
Check: package dependencies
Result: ERROR
    Packages required but not available: ‘igraph’ ‘biomaRt’
    
    See the information on DESCRIPTION files in the chapter ‘Creating R
    packages’ of the ‘Writing R Extensions’ manual.
Flavor: r-devel-osx-x86_64-gcc

Version: 0.2-3
Check: package dependencies
Result: ERROR
    Package required but not available: ‘biomaRt’
    
    See the information on DESCRIPTION files in the chapter ‘Creating R
    packages’ of the ‘Writing R Extensions’ manual.
Flavors: r-release-osx-x86_64-mavericks, r-release-osx-x86_64-snowleopard